--
-- Host: localhost    Database: master_g2ai
-- ------------------------------------------------------


--
-- Table structure for table `application`
--

CREATE TABLE `application` (
  `id` int(11) NOT NULL AUTO_INCREMENT,
  `user_id` int(11) NOT NULL,
  `course_id` int(11) NOT NULL,
  `status` int(11) DEFAULT NULL,
  `created_at` datetime DEFAULT NULL,
  `updated_at` datetime DEFAULT NULL,
  `mail_confirmation` tinyint(1) DEFAULT NULL,
  `payment_receipt_uploaded` tinyint(1) DEFAULT NULL,
  `documents_uploaded` tinyint(1) DEFAULT NULL,
  `mail_relance` tinyint(1) DEFAULT NULL,
  `school_id` int(11) NOT NULL,
  `trainingType_id` int(11) NOT NULL,
  `diplomaType_id` int(11) NOT NULL,
  PRIMARY KEY (`id`),
  KEY `IDX_A45BDDC1A76ED395` (`user_id`),
  KEY `IDX_A45BDDC1591CC992` (`course_id`),
  KEY `IDX_A45BDDC1C32A47EE` (`school_id`),
  KEY `IDX_A45BDDC1C02E95E3` (`trainingType_id`),
  KEY `IDX_A45BDDC1B534DF12` (`diplomaType_id`),
  CONSTRAINT `FK_A45BDDC1591CC992` FOREIGN KEY (`course_id`) REFERENCES `course` (`id`),
  CONSTRAINT `FK_A45BDDC1A76ED395` FOREIGN KEY (`user_id`) REFERENCES `users` (`id`),
  CONSTRAINT `FK_A45BDDC1B534DF12` FOREIGN KEY (`diplomaType_id`) REFERENCES `diploma_type` (`id`),
  CONSTRAINT `FK_A45BDDC1C02E95E3` FOREIGN KEY (`trainingType_id`) REFERENCES `training_type` (`id`),
  CONSTRAINT `FK_A45BDDC1C32A47EE` FOREIGN KEY (`school_id`) REFERENCES `school` (`id`)
) ENGINE=InnoDB AUTO_INCREMENT=398 DEFAULT CHARSET=utf8 COLLATE=utf8_unicode_ci;

--
-- Dumping data for table `application`
--

INSERT INTO `application` VALUES (1,7499,26,NULL,'2020-09-18 20:08:45',NULL,NULL,NULL,NULL,NULL,1,6,9),(2,7500,26,NULL,'2020-09-18 21:05:10',NULL,NULL,NULL,NULL,NULL,1,6,9),(3,7535,26,NULL,'2020-09-19 21:51:26',NULL,1,1,1,NULL,1,6,9),(4,7536,26,NULL,'2020-09-19 22:52:53',NULL,1,1,1,NULL,1,6,9),(5,7532,26,NULL,'2020-09-19 23:53:02',NULL,1,NULL,1,NULL,1,6,9),(6,7543,26,NULL,'2020-09-20 01:34:56',NULL,NULL,NULL,NULL,NULL,1,6,9),(7,7544,26,NULL,'2020-09-20 01:37:11',NULL,1,NULL,1,NULL,1,6,9),(8,7547,26,NULL,'2020-09-20 13:49:47',NULL,NULL,NULL,NULL,NULL,1,6,9),(9,7553,26,NULL,'2020-09-20 14:09:18',NULL,NULL,NULL,NULL,NULL,1,6,9),(10,7552,26,NULL,'2020-09-20 14:14:59',NULL,NULL,NULL,NULL,NULL,1,6,9),(11,7554,26,NULL,'2020-09-20 14:55:29',NULL,1,1,1,NULL,1,6,9),(12,7549,26,NULL,'2020-09-20 15:46:04',NULL,1,1,1,NULL,1,6,9),(13,7559,26,NULL,'2020-09-20 16:55:24',NULL,NULL,NULL,NULL,NULL,1,6,9),(14,7566,26,NULL,'2020-09-20 17:08:36',NULL,NULL,NULL,0,NULL,1,6,9),(15,7578,26,NULL,'2020-09-20 17:11:20',NULL,NULL,NULL,NULL,NULL,1,6,9),(16,7569,26,NULL,'2020-09-20 17:15:09',NULL,NULL,NULL,NULL,NULL,1,6,9),(17,7568,26,NULL,'2020-09-20 17:16:58',NULL,NULL,NULL,NULL,NULL,1,6,9),(18,7574,26,NULL,'2020-09-20 17:21:28',NULL,NULL,NULL,NULL,NULL,1,6,9),(19,7575,26,NULL,'2020-09-20 17:26:52',NULL,NULL,NULL,NULL,NULL,1,6,9),(20,7586,26,NULL,'2020-09-20 17:32:41',NULL,NULL,NULL,NULL,NULL,1,6,9),(21,7597,26,NULL,'2020-09-20 17:34:10',NULL,NULL,NULL,NULL,NULL,1,6,9),(22,7561,26,NULL,'2020-09-20 17:36:26',NULL,NULL,NULL,NULL,NULL,1,6,9),(23,7603,26,NULL,'2020-09-20 17:45:42',NULL,NULL,NULL,NULL,NULL,1,6,9),(24,7607,26,NULL,'2020-09-20 17:55:28',NULL,NULL,NULL,NULL,NULL,1,6,9),(25,7608,26,NULL,'2020-09-20 17:55:43',NULL,NULL,NULL,NULL,NULL,1,6,9),(26,7611,26,NULL,'2020-09-20 17:59:31',NULL,NULL,NULL,NULL,NULL,1,6,9),(27,7612,26,NULL,'2020-09-20 18:02:16',NULL,NULL,NULL,NULL,NULL,1,6,9),(28,7582,26,NULL,'2020-09-20 18:05:52',NULL,NULL,NULL,NULL,NULL,1,6,9),(29,7614,26,NULL,'2020-09-20 18:12:06',NULL,NULL,NULL,NULL,NULL,1,6,9),(30,7610,26,NULL,'2020-09-20 18:26:02',NULL,1,1,1,NULL,1,6,9),(31,7622,26,NULL,'2020-09-20 18:27:03',NULL,NULL,NULL,NULL,NULL,1,6,9),(32,7619,26,NULL,'2020-09-20 18:33:54',NULL,NULL,NULL,NULL,NULL,1,6,9),(33,7626,26,NULL,'2020-09-20 18:43:43',NULL,NULL,NULL,NULL,NULL,1,6,9),(34,7629,26,NULL,'2020-09-20 18:53:54',NULL,NULL,NULL,NULL,NULL,1,6,9),(35,7635,26,NULL,'2020-09-20 19:03:25',NULL,NULL,NULL,NULL,NULL,1,6,9),(36,7637,26,NULL,'2020-09-20 19:04:35',NULL,NULL,NULL,NULL,NULL,1,6,9),(37,7634,26,NULL,'2020-09-20 19:04:57',NULL,NULL,NULL,NULL,NULL,1,6,9),(38,7631,26,NULL,'2020-09-20 19:07:56',NULL,NULL,NULL,NULL,NULL,1,6,9),(39,7638,26,NULL,'2020-09-20 19:12:08',NULL,NULL,NULL,NULL,NULL,1,6,9),(40,7633,26,NULL,'2020-09-20 19:15:29',NULL,NULL,NULL,NULL,NULL,1,6,9),(41,7642,26,NULL,'2020-09-20 19:17:47',NULL,1,1,1,NULL,1,6,9),(42,7647,26,NULL,'2020-09-20 19:29:27',NULL,NULL,NULL,NULL,NULL,1,6,9),(43,7654,26,NULL,'2020-09-20 19:51:20',NULL,NULL,NULL,NULL,NULL,1,6,9),(44,7653,26,NULL,'2020-09-20 19:57:51',NULL,NULL,NULL,NULL,NULL,1,6,9),(45,7658,26,NULL,'2020-09-20 20:11:50',NULL,NULL,NULL,NULL,NULL,1,6,9),(46,7659,26,NULL,'2020-09-20 20:22:38',NULL,NULL,NULL,0,NULL,1,6,9),(47,7664,26,NULL,'2020-09-20 20:33:32',NULL,NULL,NULL,0,NULL,1,6,9),(48,7660,26,NULL,'2020-09-20 20:35:08',NULL,NULL,NULL,NULL,NULL,1,6,9),(49,7662,26,NULL,'2020-09-20 20:36:25',NULL,NULL,NULL,NULL,NULL,1,6,9),(50,7661,26,NULL,'2020-09-20 20:38:50',NULL,NULL,NULL,NULL,NULL,1,6,9),(51,7663,26,NULL,'2020-09-20 20:43:36',NULL,NULL,NULL,NULL,NULL,1,6,9),(52,7668,26,NULL,'2020-09-20 20:56:29',NULL,NULL,NULL,0,NULL,1,6,9),(53,7670,26,NULL,'2020-09-20 21:09:07',NULL,NULL,NULL,NULL,NULL,1,6,9),(54,7673,26,NULL,'2020-09-20 21:27:22',NULL,NULL,NULL,NULL,NULL,1,6,9),(55,7678,26,NULL,'2020-09-20 21:40:45',NULL,NULL,NULL,NULL,NULL,1,6,9),(56,7683,26,NULL,'2020-09-20 22:12:48',NULL,1,1,1,NULL,1,6,9),(57,7686,26,NULL,'2020-09-20 22:17:48',NULL,NULL,NULL,NULL,NULL,1,6,9),(58,7691,26,NULL,'2020-09-20 22:25:35',NULL,NULL,NULL,NULL,NULL,1,6,9),(59,7689,26,NULL,'2020-09-20 22:38:06',NULL,NULL,NULL,NULL,NULL,1,6,9),(60,7571,26,NULL,'2020-09-20 22:56:21',NULL,NULL,NULL,0,NULL,1,6,9),(61,7697,26,NULL,'2020-09-20 23:11:46',NULL,NULL,NULL,NULL,NULL,1,6,9),(62,7700,26,NULL,'2020-09-20 23:18:11',NULL,1,1,1,NULL,1,6,9),(63,7690,26,NULL,'2020-09-20 23:27:53',NULL,NULL,NULL,NULL,NULL,1,6,9),(64,7704,26,NULL,'2020-09-20 23:33:20',NULL,NULL,NULL,0,NULL,1,6,9),(65,7702,26,NULL,'2020-09-20 23:36:48',NULL,NULL,NULL,0,NULL,1,6,9),(66,7703,26,NULL,'2020-09-20 23:44:32',NULL,NULL,NULL,NULL,NULL,1,6,9),(67,7706,26,NULL,'2020-09-20 23:50:47',NULL,NULL,NULL,NULL,NULL,1,6,9),(68,7708,26,NULL,'2020-09-20 23:51:15',NULL,NULL,NULL,NULL,NULL,1,6,9),(69,7707,26,NULL,'2020-09-20 23:53:28',NULL,NULL,NULL,0,NULL,1,6,9),(70,7703,26,NULL,'2020-09-21 00:00:23',NULL,NULL,NULL,NULL,NULL,1,6,9),(71,7515,26,NULL,'2020-09-21 00:16:53',NULL,1,1,1,NULL,1,6,9),(72,7713,26,NULL,'2020-09-21 00:17:39',NULL,NULL,NULL,NULL,NULL,1,6,9),(73,7710,26,NULL,'2020-09-21 00:20:40',NULL,NULL,NULL,NULL,NULL,1,6,9),(74,7714,26,NULL,'2020-09-21 00:21:37',NULL,NULL,NULL,NULL,NULL,1,6,9),(75,7672,26,NULL,'2020-09-21 00:39:08',NULL,NULL,NULL,NULL,NULL,1,6,9),(76,7721,26,NULL,'2020-09-21 00:42:40',NULL,NULL,NULL,NULL,NULL,1,6,9),(77,7719,26,NULL,'2020-09-21 00:52:52',NULL,NULL,NULL,NULL,NULL,1,6,9),(78,7688,26,NULL,'2020-09-21 00:53:04',NULL,NULL,NULL,NULL,NULL,1,6,9),(79,7723,26,NULL,'2020-09-21 00:57:39',NULL,NULL,NULL,NULL,NULL,1,6,9),(80,7726,26,NULL,'2020-09-21 01:09:58',NULL,NULL,NULL,NULL,NULL,1,6,9),(81,7730,26,NULL,'2020-09-21 01:37:55',NULL,NULL,NULL,NULL,NULL,1,6,9),(82,7598,26,NULL,'2020-09-21 01:38:33',NULL,NULL,NULL,NULL,NULL,1,6,9),(83,7734,26,NULL,'2020-09-21 01:56:24',NULL,NULL,NULL,NULL,NULL,1,6,9),(84,7733,26,NULL,'2020-09-21 02:03:40',NULL,NULL,NULL,NULL,NULL,1,6,9),(85,7735,26,NULL,'2020-09-21 02:05:55',NULL,NULL,NULL,NULL,NULL,1,6,9),(86,7737,26,NULL,'2020-09-21 02:10:51',NULL,NULL,NULL,NULL,NULL,1,6,9),(87,7741,26,NULL,'2020-09-21 03:05:06',NULL,NULL,NULL,NULL,NULL,1,6,9),(88,7743,26,NULL,'2020-09-21 03:38:04',NULL,NULL,NULL,NULL,NULL,1,6,9),(89,7749,26,NULL,'2020-09-21 07:12:05',NULL,NULL,NULL,0,NULL,1,6,9),(90,7757,26,NULL,'2020-09-21 11:08:28',NULL,NULL,NULL,NULL,NULL,1,6,9),(91,7758,26,NULL,'2020-09-21 11:14:47',NULL,NULL,NULL,NULL,NULL,1,6,9),(92,7513,26,NULL,'2020-09-21 11:19:06',NULL,1,1,1,NULL,1,6,9),(93,7751,26,NULL,'2020-09-21 11:20:06',NULL,NULL,NULL,NULL,NULL,1,6,9),(94,7760,26,NULL,'2020-09-21 11:59:10',NULL,NULL,NULL,NULL,NULL,1,6,9),(95,7517,26,NULL,'2020-09-21 12:18:01',NULL,1,1,1,NULL,1,6,9),(96,7763,26,NULL,'2020-09-21 12:38:23',NULL,NULL,NULL,NULL,NULL,1,6,9),(97,7766,26,NULL,'2020-09-21 12:41:56',NULL,NULL,NULL,0,NULL,1,6,9),(98,7776,26,NULL,'2020-09-21 13:11:52',NULL,NULL,NULL,NULL,NULL,1,6,9),(99,7778,26,NULL,'2020-09-21 13:28:37',NULL,NULL,NULL,NULL,NULL,1,6,9),(100,7781,26,NULL,'2020-09-21 13:38:51',NULL,NULL,NULL,NULL,NULL,1,6,9),(101,7782,26,NULL,'2020-09-21 13:47:08',NULL,NULL,NULL,NULL,NULL,1,6,9),(102,7783,26,NULL,'2020-09-21 13:47:37',NULL,NULL,NULL,NULL,NULL,1,6,9),(103,7786,26,NULL,'2020-09-21 13:55:10',NULL,NULL,NULL,NULL,NULL,1,6,9),(104,7788,26,NULL,'2020-09-21 14:16:57',NULL,NULL,NULL,NULL,NULL,1,6,9),(105,7789,26,NULL,'2020-09-21 14:20:17',NULL,NULL,NULL,NULL,NULL,1,6,9),(106,7548,26,NULL,'2020-09-21 14:23:20',NULL,1,1,1,NULL,1,6,9),(107,7792,26,NULL,'2020-09-21 14:31:34',NULL,NULL,NULL,NULL,NULL,1,6,9),(108,7793,26,NULL,'2020-09-21 14:46:34',NULL,NULL,NULL,0,NULL,1,6,9),(109,7797,26,NULL,'2020-09-21 15:04:53',NULL,NULL,NULL,NULL,NULL,1,6,9),(110,7795,26,NULL,'2020-09-21 15:12:31',NULL,NULL,NULL,0,NULL,1,6,9),(111,7798,26,NULL,'2020-09-21 15:28:28',NULL,NULL,NULL,NULL,NULL,1,6,9),(112,7722,26,NULL,'2020-09-21 15:35:25',NULL,NULL,NULL,NULL,NULL,1,6,9),(113,7805,26,NULL,'2020-09-21 16:26:12',NULL,NULL,NULL,NULL,NULL,1,6,9),(114,7627,26,NULL,'2020-09-21 16:29:23',NULL,NULL,NULL,0,NULL,1,6,9),(115,7806,26,NULL,'2020-09-21 16:38:21',NULL,NULL,NULL,0,NULL,1,6,9),(116,7809,26,NULL,'2020-09-21 16:43:37',NULL,NULL,NULL,NULL,NULL,1,6,9),(117,7812,26,NULL,'2020-09-21 16:45:35',NULL,NULL,NULL,NULL,NULL,1,6,9),(118,7813,26,NULL,'2020-09-21 16:59:24',NULL,NULL,NULL,NULL,NULL,1,6,9),(119,7811,26,NULL,'2020-09-21 17:00:53',NULL,NULL,NULL,NULL,NULL,1,6,9),(120,7711,26,NULL,'2020-09-21 17:35:16',NULL,1,1,1,NULL,1,6,9),(121,7817,26,NULL,'2020-09-21 17:43:16',NULL,NULL,NULL,NULL,NULL,1,6,9),(122,7818,26,NULL,'2020-09-21 17:52:52',NULL,NULL,NULL,NULL,NULL,1,6,9),(123,7639,26,NULL,'2020-09-21 18:02:09',NULL,1,1,1,NULL,1,6,9),(124,7824,26,NULL,'2020-09-21 18:58:30',NULL,NULL,NULL,NULL,NULL,1,6,9),(125,7824,26,NULL,'2020-09-21 18:59:25',NULL,NULL,NULL,0,NULL,1,6,9),(126,7756,26,NULL,'2020-09-21 19:20:06',NULL,NULL,NULL,NULL,NULL,1,6,9),(127,7826,26,NULL,'2020-09-21 19:25:48',NULL,NULL,NULL,NULL,NULL,1,6,9),(128,7830,26,NULL,'2020-09-21 19:54:30',NULL,NULL,NULL,NULL,NULL,1,6,9),(129,7833,26,NULL,'2020-09-21 20:05:07',NULL,NULL,NULL,NULL,NULL,1,6,9),(130,7834,26,NULL,'2020-09-21 20:09:50',NULL,NULL,NULL,NULL,NULL,1,6,9),(131,7841,26,NULL,'2020-09-21 20:59:09',NULL,1,NULL,1,NULL,1,6,9),(132,7845,26,NULL,'2020-09-21 21:22:30',NULL,NULL,NULL,NULL,NULL,1,6,9),(133,7842,26,NULL,'2020-09-21 21:27:17',NULL,NULL,NULL,NULL,NULL,1,6,9),(134,7564,26,NULL,'2020-09-21 21:38:27',NULL,NULL,NULL,NULL,NULL,1,6,9),(135,7848,26,NULL,'2020-09-21 21:45:28',NULL,NULL,NULL,NULL,NULL,1,6,9),(136,7846,26,NULL,'2020-09-21 21:46:06',NULL,NULL,NULL,NULL,NULL,1,6,9),(137,7851,26,NULL,'2020-09-21 21:48:05',NULL,NULL,NULL,NULL,NULL,1,6,9),(138,7855,26,NULL,'2020-09-21 22:07:17',NULL,NULL,NULL,NULL,NULL,1,6,9),(139,7856,26,NULL,'2020-09-21 22:08:57',NULL,NULL,NULL,NULL,NULL,1,6,9),(140,7854,26,NULL,'2020-09-21 22:10:25',NULL,NULL,NULL,NULL,NULL,1,6,9),(141,7550,26,NULL,'2020-09-21 22:19:09',NULL,1,1,1,NULL,1,6,9),(142,7857,26,NULL,'2020-09-21 22:19:38',NULL,NULL,NULL,NULL,NULL,1,6,9),(143,7861,26,NULL,'2020-09-21 22:37:34',NULL,NULL,NULL,NULL,NULL,1,6,9),(144,7801,26,NULL,'2020-09-21 22:41:28',NULL,NULL,NULL,NULL,NULL,1,6,9),(145,7860,26,NULL,'2020-09-21 22:46:20',NULL,NULL,NULL,NULL,NULL,1,6,9),(146,7835,26,NULL,'2020-09-21 22:49:13',NULL,1,1,1,NULL,1,6,9),(147,7862,26,NULL,'2020-09-21 23:11:25',NULL,NULL,NULL,NULL,NULL,1,6,9),(148,7864,26,NULL,'2020-09-21 23:16:10',NULL,NULL,NULL,NULL,NULL,1,6,9),(149,7866,26,NULL,'2020-09-21 23:34:16',NULL,NULL,NULL,0,NULL,1,6,9),(150,7868,26,NULL,'2020-09-21 23:47:26',NULL,NULL,NULL,0,NULL,1,6,9),(151,7871,26,NULL,'2020-09-22 00:03:03',NULL,NULL,NULL,NULL,NULL,1,6,9),(152,7872,26,NULL,'2020-09-22 00:18:10',NULL,NULL,NULL,0,NULL,1,6,9),(153,7873,26,NULL,'2020-09-22 00:31:34',NULL,NULL,NULL,NULL,NULL,1,6,9),(154,7877,26,NULL,'2020-09-22 01:02:29',NULL,1,1,1,NULL,1,6,9),(155,7748,26,NULL,'2020-09-22 02:38:40',NULL,NULL,NULL,NULL,NULL,1,6,9),(156,7886,26,NULL,'2020-09-22 02:43:45',NULL,NULL,NULL,NULL,NULL,1,6,9),(157,7546,26,NULL,'2020-09-22 09:48:55',NULL,1,1,1,NULL,1,6,9),(158,7696,26,NULL,'2020-09-22 11:08:59',NULL,NULL,NULL,NULL,NULL,1,6,9),(159,7892,26,NULL,'2020-09-22 12:04:59',NULL,NULL,NULL,NULL,NULL,1,6,9),(160,7785,26,NULL,'2020-09-22 12:29:54',NULL,1,1,1,NULL,1,6,9),(161,7898,26,NULL,'2020-09-22 12:58:57',NULL,NULL,NULL,NULL,NULL,1,6,9),(162,7879,26,NULL,'2020-09-22 13:18:02',NULL,NULL,NULL,NULL,NULL,1,6,9),(163,7899,26,NULL,'2020-09-22 13:25:31',NULL,NULL,NULL,NULL,NULL,1,6,9),(164,7902,26,NULL,'2020-09-22 13:45:22',NULL,1,NULL,1,NULL,1,6,9),(165,7906,26,NULL,'2020-09-22 13:56:24',NULL,NULL,NULL,NULL,NULL,1,6,9),(166,7915,26,NULL,'2020-09-22 14:59:23',NULL,NULL,NULL,NULL,NULL,1,6,9),(167,7551,26,NULL,'2020-09-22 15:12:39',NULL,1,1,1,NULL,1,6,9),(168,7917,26,NULL,'2020-09-22 15:20:30',NULL,NULL,NULL,NULL,NULL,1,6,9),(169,7920,26,NULL,'2020-09-22 15:27:48',NULL,NULL,NULL,NULL,NULL,1,6,9),(170,7919,26,NULL,'2020-09-22 15:30:34',NULL,NULL,NULL,NULL,NULL,1,6,9),(171,7922,26,NULL,'2020-09-22 15:41:58',NULL,NULL,NULL,NULL,NULL,1,6,9),(172,7926,26,NULL,'2020-09-22 15:47:19',NULL,NULL,NULL,NULL,NULL,1,6,9),(173,7928,26,NULL,'2020-09-22 16:11:31',NULL,NULL,NULL,NULL,NULL,1,6,9),(174,7925,26,NULL,'2020-09-22 16:16:34',NULL,NULL,NULL,NULL,NULL,1,6,9),(175,7932,26,NULL,'2020-09-22 16:21:33',NULL,NULL,NULL,NULL,NULL,1,6,9),(176,7937,26,NULL,'2020-09-22 17:19:44',NULL,NULL,NULL,NULL,NULL,1,6,9),(177,7924,26,NULL,'2020-09-22 17:20:39',NULL,NULL,NULL,NULL,NULL,1,6,9),(178,7938,26,NULL,'2020-09-22 17:38:16',NULL,NULL,NULL,NULL,NULL,1,6,9),(179,7940,26,NULL,'2020-09-22 17:40:31',NULL,NULL,NULL,NULL,NULL,1,6,9),(180,7944,26,NULL,'2020-09-22 18:15:47',NULL,NULL,NULL,NULL,NULL,1,6,9),(181,7945,26,NULL,'2020-09-22 18:39:29',NULL,1,1,1,NULL,1,6,9),(182,7946,26,NULL,'2020-09-22 19:06:07',NULL,NULL,NULL,0,NULL,1,6,9),(183,7941,26,NULL,'2020-09-22 19:06:47',NULL,NULL,NULL,NULL,NULL,1,6,9),(184,7948,26,NULL,'2020-09-22 19:31:58',NULL,NULL,NULL,NULL,NULL,1,6,9),(185,7923,26,NULL,'2020-09-22 19:37:44',NULL,NULL,NULL,NULL,NULL,1,6,9),(186,7949,26,NULL,'2020-09-22 19:46:08',NULL,NULL,NULL,NULL,NULL,1,6,9),(187,7509,26,NULL,'2020-09-22 20:26:06',NULL,1,1,1,NULL,1,6,9),(188,7770,26,NULL,'2020-09-22 20:58:02',NULL,1,1,1,NULL,1,6,9),(189,7933,26,NULL,'2020-09-22 21:10:03',NULL,1,1,1,NULL,1,6,9),(190,7951,26,NULL,'2020-09-22 21:12:45',NULL,NULL,NULL,NULL,NULL,1,6,9),(191,7916,26,NULL,'2020-09-22 21:20:10',NULL,NULL,NULL,NULL,NULL,1,6,9),(192,7732,26,NULL,'2020-09-22 21:29:31',NULL,NULL,NULL,NULL,NULL,1,6,9),(193,7954,26,NULL,'2020-09-22 21:45:50',NULL,NULL,NULL,NULL,NULL,1,6,9),(194,7960,26,NULL,'2020-09-22 22:30:49',NULL,NULL,NULL,NULL,NULL,1,6,9),(195,7962,26,NULL,'2020-09-22 22:34:32',NULL,NULL,NULL,NULL,NULL,1,6,9),(196,7957,26,NULL,'2020-09-22 22:42:58',NULL,1,1,1,NULL,1,6,9),(197,7963,26,NULL,'2020-09-22 22:48:30',NULL,NULL,NULL,NULL,NULL,1,6,9),(198,7964,26,NULL,'2020-09-22 22:55:17',NULL,1,1,1,NULL,1,6,9),(199,7967,26,NULL,'2020-09-22 23:21:13',NULL,NULL,NULL,NULL,NULL,1,6,9),(200,7950,26,NULL,'2020-09-22 23:50:39',NULL,NULL,NULL,NULL,NULL,1,6,9),(201,7958,26,NULL,'2020-09-22 23:54:00',NULL,NULL,NULL,NULL,NULL,1,6,9),(202,7975,26,NULL,'2020-09-23 00:18:20',NULL,NULL,NULL,NULL,NULL,1,6,9),(203,7981,26,NULL,'2020-09-23 00:47:09',NULL,NULL,NULL,NULL,NULL,1,6,9),(204,7980,26,NULL,'2020-09-23 00:47:23',NULL,NULL,NULL,0,NULL,1,6,9),(205,7581,26,NULL,'2020-09-23 01:02:39',NULL,NULL,NULL,NULL,NULL,1,6,9),(206,7988,26,NULL,'2020-09-23 02:03:45',NULL,NULL,NULL,NULL,NULL,1,6,9),(207,7992,26,NULL,'2020-09-23 10:16:53',NULL,NULL,NULL,NULL,NULL,1,6,9),(208,7995,26,NULL,'2020-09-23 11:50:53',NULL,NULL,NULL,NULL,NULL,1,6,9),(209,7997,26,NULL,'2020-09-23 12:08:43',NULL,NULL,NULL,NULL,NULL,1,6,9),(210,7991,26,NULL,'2020-09-23 12:40:17',NULL,NULL,NULL,NULL,NULL,1,6,9),(211,7505,26,NULL,'2020-09-23 13:09:52',NULL,1,1,1,NULL,1,6,9),(212,8010,26,NULL,'2020-09-23 14:52:45',NULL,NULL,NULL,NULL,NULL,1,6,9),(213,7526,26,NULL,'2020-09-23 15:26:30',NULL,1,1,1,NULL,1,6,9),(214,8015,26,NULL,'2020-09-23 16:58:43',NULL,1,1,1,NULL,1,6,9),(215,7593,26,NULL,'2020-09-23 17:19:42',NULL,NULL,NULL,NULL,NULL,1,6,9),(216,7985,26,NULL,'2020-09-23 17:39:52',NULL,NULL,NULL,NULL,NULL,1,6,9),(217,7911,26,NULL,'2020-09-23 18:31:35',NULL,NULL,NULL,NULL,NULL,1,6,9),(218,8018,26,NULL,'2020-09-23 18:48:00',NULL,NULL,NULL,NULL,NULL,1,6,9),(219,8019,26,NULL,'2020-09-23 18:56:41',NULL,NULL,NULL,NULL,NULL,1,6,9),(220,8023,26,NULL,'2020-09-23 19:42:15',NULL,NULL,NULL,NULL,NULL,1,6,9),(221,8026,26,NULL,'2020-09-23 20:20:06',NULL,1,1,1,NULL,1,6,9),(222,8025,26,NULL,'2020-09-23 20:20:16',NULL,1,1,1,NULL,1,6,9),(223,8024,26,NULL,'2020-09-23 20:28:38',NULL,NULL,NULL,NULL,NULL,1,6,9),(224,8016,26,NULL,'2020-09-23 20:29:29',NULL,NULL,NULL,NULL,NULL,1,6,9),(225,7541,26,NULL,'2020-09-23 20:44:41',NULL,NULL,NULL,NULL,NULL,1,6,9),(226,8031,26,NULL,'2020-09-23 21:57:27',NULL,NULL,NULL,NULL,NULL,1,6,9),(227,8039,26,NULL,'2020-09-23 23:37:25',NULL,NULL,NULL,NULL,NULL,1,6,9),(228,8007,26,NULL,'2020-09-24 00:35:54',NULL,1,1,1,NULL,1,6,9),(229,7976,26,NULL,'2020-09-24 01:32:41',NULL,NULL,NULL,NULL,NULL,1,6,9),(230,8044,26,NULL,'2020-09-24 01:40:54',NULL,NULL,NULL,NULL,NULL,1,6,9),(231,8047,26,NULL,'2020-09-24 07:54:51',NULL,NULL,NULL,NULL,NULL,1,6,9),(232,8049,26,NULL,'2020-09-24 10:34:45',NULL,1,1,1,NULL,1,6,9),(233,8055,26,NULL,'2020-09-24 13:09:20',NULL,NULL,NULL,NULL,NULL,1,6,9),(234,8053,26,NULL,'2020-09-24 13:18:53',NULL,NULL,NULL,0,NULL,1,6,9),(235,8059,26,NULL,'2020-09-24 14:06:54',NULL,1,1,1,NULL,1,6,9),(236,8061,26,NULL,'2020-09-24 14:10:17',NULL,NULL,NULL,NULL,NULL,1,6,9),(237,8063,26,NULL,'2020-09-24 15:34:14',NULL,NULL,NULL,NULL,NULL,1,6,9),(238,7537,26,NULL,'2020-09-24 15:54:11',NULL,1,1,1,NULL,1,6,9),(239,8068,26,NULL,'2020-09-24 18:18:18',NULL,NULL,NULL,NULL,NULL,1,6,9),(240,8066,26,NULL,'2020-09-24 18:35:31',NULL,NULL,NULL,NULL,NULL,1,6,9),(241,8070,26,NULL,'2020-09-24 19:40:52',NULL,NULL,NULL,NULL,NULL,1,6,9),(242,8072,26,NULL,'2020-09-24 19:57:02',NULL,NULL,NULL,0,NULL,1,6,9),(243,7878,26,NULL,'2020-09-24 23:30:16',NULL,1,1,1,NULL,1,6,9),(244,8040,26,NULL,'2020-09-24 23:51:08',NULL,1,1,1,NULL,1,6,9),(245,7987,26,NULL,'2020-09-25 01:08:37',NULL,1,1,1,NULL,1,6,9),(246,8085,26,NULL,'2020-09-25 01:41:29',NULL,NULL,NULL,NULL,NULL,1,6,9),(247,8084,26,NULL,'2020-09-25 01:41:49',NULL,NULL,NULL,NULL,NULL,1,6,9),(248,8086,26,NULL,'2020-09-25 02:11:56',NULL,NULL,NULL,NULL,NULL,1,6,9),(249,8088,26,NULL,'2020-09-25 05:17:03',NULL,NULL,NULL,NULL,NULL,1,6,9),(250,8058,26,NULL,'2020-09-25 05:45:51',NULL,NULL,NULL,NULL,NULL,1,6,9),(251,8092,26,NULL,'2020-09-25 12:59:48',NULL,NULL,NULL,NULL,NULL,1,6,9),(252,8095,26,NULL,'2020-09-25 14:21:55',NULL,1,NULL,1,NULL,1,6,9),(253,8096,26,NULL,'2020-09-25 14:36:15',NULL,NULL,NULL,NULL,NULL,1,6,9),(254,8087,26,NULL,'2020-09-25 15:55:03',NULL,NULL,NULL,NULL,NULL,1,6,9),(255,7882,26,NULL,'2020-09-25 15:59:28',NULL,NULL,NULL,NULL,NULL,1,6,9),(256,7712,26,NULL,'2020-09-25 16:19:20',NULL,NULL,NULL,NULL,NULL,1,6,9),(257,8101,26,NULL,'2020-09-25 17:46:57',NULL,NULL,NULL,NULL,NULL,1,6,9),(258,8110,26,NULL,'2020-09-25 20:30:19',NULL,NULL,NULL,NULL,NULL,1,6,9),(259,8089,26,NULL,'2020-09-25 21:07:38',NULL,1,NULL,1,NULL,1,6,9),(260,8093,26,NULL,'2020-09-25 21:14:19',NULL,1,1,1,NULL,1,6,9),(261,8111,26,NULL,'2020-09-25 21:30:57',NULL,NULL,NULL,NULL,NULL,1,6,9),(262,8112,26,NULL,'2020-09-25 21:55:56',NULL,NULL,NULL,NULL,NULL,1,6,9),(263,8113,26,NULL,'2020-09-25 22:05:38',NULL,NULL,NULL,0,NULL,1,6,9),(264,8119,26,NULL,'2020-09-25 23:55:29',NULL,1,1,1,NULL,1,6,9),(265,8043,26,NULL,'2020-09-26 00:27:54',NULL,1,1,1,NULL,1,6,9),(266,8121,26,NULL,'2020-09-26 00:47:21',NULL,NULL,NULL,NULL,NULL,1,6,9),(267,7969,26,NULL,'2020-09-26 03:22:10',NULL,NULL,NULL,NULL,NULL,1,6,9),(268,8131,26,NULL,'2020-09-26 10:23:15',NULL,NULL,NULL,NULL,NULL,1,6,9),(269,8135,26,NULL,'2020-09-26 12:30:12',NULL,NULL,NULL,NULL,NULL,1,6,9),(270,8139,26,NULL,'2020-09-26 13:41:24',NULL,1,1,0,NULL,1,6,9),(271,8141,26,NULL,'2020-09-26 14:44:03',NULL,NULL,NULL,NULL,NULL,1,6,9),(272,8144,26,NULL,'2020-09-26 15:39:51',NULL,NULL,NULL,0,NULL,1,6,9),(273,8145,26,NULL,'2020-09-26 15:57:00',NULL,NULL,NULL,NULL,NULL,1,6,9),(274,7588,26,NULL,'2020-09-26 17:24:09',NULL,NULL,NULL,NULL,NULL,1,6,9),(275,8149,26,NULL,'2020-09-26 17:37:09',NULL,NULL,NULL,NULL,NULL,1,6,9),(276,8150,26,NULL,'2020-09-26 17:52:20',NULL,NULL,NULL,NULL,NULL,1,6,9),(277,8152,26,NULL,'2020-09-26 18:14:57',NULL,NULL,NULL,NULL,NULL,1,6,9),(278,8153,26,NULL,'2020-09-26 18:27:01',NULL,1,1,1,NULL,1,6,9),(279,8155,26,NULL,'2020-09-26 21:22:38',NULL,NULL,NULL,NULL,NULL,1,6,9),(280,8156,26,NULL,'2020-09-26 21:45:54',NULL,1,1,1,NULL,1,6,9),(281,8157,26,NULL,'2020-09-26 22:18:07',NULL,1,1,1,NULL,1,6,9),(282,8158,26,NULL,'2020-09-26 22:38:56',NULL,NULL,NULL,NULL,NULL,1,6,9),(283,8160,26,NULL,'2020-09-27 01:03:17',NULL,NULL,NULL,NULL,NULL,1,6,9),(284,8162,26,NULL,'2020-09-27 01:29:02',NULL,NULL,NULL,NULL,NULL,1,6,9),(285,8166,26,NULL,'2020-09-27 12:12:23',NULL,NULL,NULL,NULL,NULL,1,6,9),(286,8167,26,NULL,'2020-09-27 13:08:29',NULL,1,1,1,NULL,1,6,9),(287,8164,26,NULL,'2020-09-27 13:23:15',NULL,NULL,NULL,NULL,NULL,1,6,9),(288,8147,26,NULL,'2020-09-27 14:07:45',NULL,NULL,NULL,NULL,NULL,1,6,9),(289,8173,26,NULL,'2020-09-27 15:14:54',NULL,NULL,NULL,NULL,NULL,1,6,9),(290,8176,26,NULL,'2020-09-27 17:14:55',NULL,NULL,NULL,NULL,NULL,1,6,9),(291,8178,26,NULL,'2020-09-27 18:53:01',NULL,NULL,NULL,NULL,NULL,1,6,9),(292,8178,26,NULL,'2020-09-27 18:59:37',NULL,1,1,1,NULL,1,6,9),(293,8181,26,NULL,'2020-09-27 23:40:20',NULL,NULL,NULL,0,NULL,1,6,9),(294,7533,26,NULL,'2020-09-28 00:07:49',NULL,NULL,NULL,NULL,NULL,1,6,9),(295,8182,26,NULL,'2020-09-28 01:54:39',NULL,NULL,NULL,NULL,NULL,1,6,9),(296,8188,26,NULL,'2020-09-28 05:34:32',NULL,NULL,NULL,NULL,NULL,1,6,9),(297,7594,26,NULL,'2020-09-28 12:00:42',NULL,NULL,NULL,NULL,NULL,1,6,9),(298,8195,26,NULL,'2020-09-28 12:58:56',NULL,1,1,1,NULL,1,6,9),(299,8194,26,NULL,'2020-09-28 13:47:39',NULL,1,1,1,NULL,1,6,9),(300,7650,26,NULL,'2020-09-28 14:22:34',NULL,NULL,NULL,NULL,NULL,1,6,9),(301,8197,26,NULL,'2020-09-28 14:25:04',NULL,NULL,NULL,NULL,NULL,1,6,9),(302,7560,26,NULL,'2020-09-28 16:12:30',NULL,1,1,1,NULL,1,6,9),(303,8118,26,NULL,'2020-09-28 17:19:52',NULL,1,1,1,NULL,1,6,9),(304,8028,26,NULL,'2020-09-28 17:58:58',NULL,NULL,NULL,NULL,NULL,1,6,9),(305,8159,26,NULL,'2020-09-28 18:07:18',NULL,1,NULL,1,NULL,1,6,9),(306,8205,26,NULL,'2020-09-28 19:15:18',NULL,NULL,NULL,0,NULL,1,6,9),(307,8204,26,NULL,'2020-09-28 19:19:14',NULL,NULL,NULL,NULL,NULL,1,6,9),(308,8207,26,NULL,'2020-09-28 19:38:55',NULL,1,1,1,NULL,1,6,9),(309,8209,26,NULL,'2020-09-28 19:54:21',NULL,1,1,1,NULL,1,6,9),(310,7715,26,NULL,'2020-09-28 19:59:08',NULL,NULL,NULL,NULL,NULL,1,6,9),(311,8192,26,NULL,'2020-09-28 19:59:23',NULL,1,1,1,NULL,1,6,9),(312,8210,26,NULL,'2020-09-28 20:09:11',NULL,NULL,NULL,NULL,NULL,1,6,9),(313,7754,26,NULL,'2020-09-28 21:00:01',NULL,NULL,NULL,NULL,NULL,1,6,9),(314,7754,26,NULL,'2020-09-28 21:01:34',NULL,NULL,NULL,NULL,NULL,1,6,9),(315,8214,26,NULL,'2020-09-28 22:07:06',NULL,NULL,NULL,NULL,NULL,1,6,9),(316,8214,26,NULL,'2020-09-28 22:07:23',NULL,NULL,NULL,NULL,NULL,1,6,9),(317,8215,26,NULL,'2020-09-28 22:20:24',NULL,1,1,1,NULL,1,6,9),(318,8216,26,NULL,'2020-09-28 23:10:39',NULL,NULL,NULL,NULL,NULL,1,6,9),(319,8127,26,NULL,'2020-09-28 23:37:44',NULL,NULL,NULL,NULL,NULL,1,6,9),(320,8225,26,NULL,'2020-09-29 01:50:45',NULL,1,1,1,NULL,1,6,9),(321,8199,26,NULL,'2020-09-29 02:22:21',NULL,NULL,NULL,NULL,NULL,1,6,9),(322,8227,26,NULL,'2020-09-29 03:07:10',NULL,NULL,NULL,NULL,NULL,1,6,9),(323,8200,26,NULL,'2020-09-29 03:09:25',NULL,NULL,NULL,NULL,NULL,1,6,9),(324,8228,26,NULL,'2020-09-29 03:23:56',NULL,NULL,NULL,0,NULL,1,6,9),(325,8229,26,NULL,'2020-09-29 05:32:47',NULL,NULL,NULL,NULL,NULL,1,6,9),(326,8230,26,NULL,'2020-09-29 09:58:49',NULL,1,1,1,NULL,1,6,9),(327,8232,26,NULL,'2020-09-29 12:10:02',NULL,1,NULL,1,NULL,1,6,9),(328,8233,26,NULL,'2020-09-29 12:34:37',NULL,NULL,NULL,NULL,NULL,1,6,9),(329,8075,26,NULL,'2020-09-29 13:05:05',NULL,1,1,1,NULL,1,6,9),(330,8239,26,NULL,'2020-09-29 14:05:13',NULL,1,1,1,NULL,1,6,9),(331,8242,26,NULL,'2020-09-29 14:21:25',NULL,1,1,1,NULL,1,6,9),(332,8244,26,NULL,'2020-09-29 14:45:38',NULL,NULL,NULL,NULL,NULL,1,6,9),(333,8246,26,NULL,'2020-09-29 15:05:03',NULL,1,1,1,NULL,1,6,9),(334,8245,26,NULL,'2020-09-29 16:19:11',NULL,1,1,1,NULL,1,6,9),(335,8256,26,NULL,'2020-09-29 18:43:19',NULL,NULL,NULL,NULL,NULL,1,6,9),(336,8258,26,NULL,'2020-09-29 18:57:48',NULL,NULL,NULL,NULL,NULL,1,6,9),(337,8255,26,NULL,'2020-09-29 19:01:14',NULL,1,1,1,NULL,1,6,9),(338,8259,26,NULL,'2020-09-29 19:24:36',NULL,NULL,NULL,NULL,NULL,1,6,9),(339,7853,26,NULL,'2020-09-29 20:03:47',NULL,NULL,NULL,NULL,NULL,1,6,9),(340,8260,26,NULL,'2020-09-29 20:08:05',NULL,1,1,1,NULL,1,6,9),(341,8013,26,NULL,'2020-09-29 21:10:49',NULL,NULL,NULL,0,NULL,1,6,9),(342,8231,26,NULL,'2020-09-29 21:49:13',NULL,1,1,1,NULL,1,6,9),(343,8219,26,NULL,'2020-09-29 21:59:14',NULL,1,1,1,NULL,1,6,9),(344,8264,26,NULL,'2020-09-29 22:23:35',NULL,NULL,NULL,NULL,NULL,1,6,9),(345,7620,26,NULL,'2020-09-29 22:37:57',NULL,1,1,1,NULL,1,6,9),(346,8161,26,NULL,'2020-09-29 23:03:18',NULL,1,1,1,NULL,1,6,9),(347,8143,26,NULL,'2020-09-29 23:27:26',NULL,NULL,NULL,NULL,NULL,1,6,9),(348,8269,26,NULL,'2020-09-29 23:28:17',NULL,NULL,NULL,NULL,NULL,1,6,9),(349,8274,26,NULL,'2020-09-30 00:09:49',NULL,NULL,NULL,NULL,NULL,1,6,9),(350,8234,26,NULL,'2020-09-30 00:14:56',NULL,1,1,1,NULL,1,6,9),(351,8275,26,NULL,'2020-09-30 00:26:51',NULL,NULL,NULL,NULL,NULL,1,6,9),(352,8277,26,NULL,'2020-09-30 00:41:51',NULL,NULL,NULL,NULL,NULL,1,6,9),(353,8276,26,NULL,'2020-09-30 00:43:48',NULL,NULL,NULL,NULL,NULL,1,6,9),(354,8276,26,NULL,'2020-09-30 00:43:49',NULL,1,1,1,NULL,1,6,9),(355,8278,26,NULL,'2020-09-30 01:02:41',NULL,NULL,NULL,NULL,NULL,1,6,9),(356,8280,26,NULL,'2020-09-30 01:28:40',NULL,1,1,1,NULL,1,6,9),(357,8238,26,NULL,'2020-09-30 02:05:51',NULL,NULL,NULL,NULL,NULL,1,6,9),(358,8281,26,NULL,'2020-09-30 02:39:48',NULL,NULL,NULL,0,NULL,1,6,9),(359,8282,26,NULL,'2020-09-30 02:53:19',NULL,1,1,1,NULL,1,6,9),(360,8235,26,NULL,'2020-09-30 10:43:13',NULL,1,1,1,NULL,1,6,9),(361,8287,26,NULL,'2020-09-30 12:37:49',NULL,NULL,NULL,0,NULL,1,6,9),(362,8290,26,NULL,'2020-09-30 13:26:56',NULL,NULL,NULL,NULL,NULL,1,6,9),(363,8293,26,NULL,'2020-09-30 13:55:31',NULL,NULL,NULL,NULL,NULL,1,6,9),(364,8291,26,NULL,'2020-09-30 14:07:06',NULL,1,1,1,NULL,1,6,9),(365,8294,26,NULL,'2020-09-30 14:08:13',NULL,NULL,NULL,NULL,NULL,1,6,9),(366,8285,26,NULL,'2020-09-30 14:35:53',NULL,NULL,NULL,0,NULL,1,6,9),(367,8298,26,NULL,'2020-09-30 14:41:57',NULL,1,1,1,NULL,1,6,9),(368,8297,26,NULL,'2020-09-30 14:48:31',NULL,1,1,1,NULL,1,6,9),(369,8270,26,NULL,'2020-09-30 15:01:13',NULL,NULL,NULL,0,NULL,1,6,9),(370,7934,26,NULL,'2020-09-30 15:23:39',NULL,NULL,NULL,0,NULL,1,6,9),(371,8300,26,NULL,'2020-09-30 15:55:13',NULL,1,1,1,NULL,1,6,9),(372,8302,26,NULL,'2020-09-30 16:48:56',NULL,1,1,1,NULL,1,6,9),(373,8308,26,NULL,'2020-09-30 17:57:07',NULL,NULL,NULL,NULL,NULL,1,6,9),(374,8307,26,NULL,'2020-09-30 18:03:31',NULL,1,1,1,NULL,1,6,9),(375,8309,26,NULL,'2020-09-30 19:02:56',NULL,NULL,NULL,NULL,NULL,1,6,9),(376,8183,26,NULL,'2020-09-30 20:42:29',NULL,1,1,1,NULL,1,6,9),(377,7849,26,NULL,'2020-09-30 22:11:24',NULL,NULL,NULL,NULL,NULL,1,6,9),(378,8318,26,NULL,'2020-10-01 04:58:05',NULL,NULL,NULL,NULL,NULL,1,6,9),(379,8322,26,NULL,'2020-10-01 14:28:55',NULL,NULL,NULL,0,NULL,1,6,9),(380,8324,26,NULL,'2020-10-01 18:26:07',NULL,NULL,NULL,NULL,NULL,1,6,9),(381,7693,26,NULL,'2020-10-01 20:11:50',NULL,NULL,NULL,NULL,NULL,1,6,9),(382,8325,26,NULL,'2020-10-01 21:46:16',NULL,NULL,NULL,NULL,NULL,1,6,9),(383,8326,26,NULL,'2020-10-01 23:07:08',NULL,NULL,NULL,NULL,NULL,1,6,9),(384,8327,26,NULL,'2020-10-02 00:52:23',NULL,NULL,NULL,NULL,NULL,1,6,9),(385,8329,26,NULL,'2020-10-02 13:02:50',NULL,NULL,NULL,0,NULL,1,6,9),(386,8332,26,NULL,'2020-10-03 00:08:13',NULL,NULL,NULL,NULL,NULL,1,6,9),(387,8335,26,NULL,'2020-10-03 19:55:11',NULL,NULL,NULL,NULL,NULL,1,6,9),(388,8336,26,NULL,'2020-10-03 20:41:15',NULL,NULL,NULL,NULL,NULL,1,6,9),(389,7510,26,NULL,'2020-10-03 21:32:21',NULL,NULL,NULL,NULL,NULL,1,6,9),(390,8339,26,NULL,'2020-10-04 14:30:49',NULL,1,1,0,NULL,1,6,9),(391,8343,26,NULL,'2020-10-04 21:56:36',NULL,NULL,NULL,NULL,NULL,1,6,9),(392,8346,26,NULL,'2020-10-05 13:31:44',NULL,NULL,NULL,0,NULL,1,6,9),(393,7501,26,NULL,'2020-10-05 16:55:31',NULL,1,NULL,1,NULL,1,6,9),(394,8349,26,NULL,'2020-10-06 01:39:59',NULL,NULL,NULL,NULL,NULL,1,6,9),(395,8320,26,NULL,'2020-10-06 11:50:24',NULL,NULL,NULL,NULL,NULL,1,6,9),(396,8366,26,NULL,'2020-11-19 12:11:08',NULL,NULL,NULL,NULL,NULL,1,6,9),(397,8368,26,NULL,'2020-11-26 23:08:10',NULL,NULL,NULL,NULL,NULL,1,6,9);

--
-- Table structure for table `application_diploma`
--

CREATE TABLE `application_diploma` (
  `id` int(11) NOT NULL AUTO_INCREMENT,
  `application_id` int(11) NOT NULL,
  `diploma_id` int(11) NOT NULL,
  `ord` int(11) DEFAULT NULL,
  PRIMARY KEY (`id`),
  KEY `IDX_79F8C643E030ACD` (`application_id`),
  KEY `IDX_79F8C64A99ACEB5` (`diploma_id`),
  CONSTRAINT `FK_79F8C643E030ACD` FOREIGN KEY (`application_id`) REFERENCES `application` (`id`),
  CONSTRAINT `FK_79F8C64A99ACEB5` FOREIGN KEY (`diploma_id`) REFERENCES `diploma` (`id`)
) ENGINE=InnoDB AUTO_INCREMENT=398 DEFAULT CHARSET=utf8 COLLATE=utf8_unicode_ci;

--
-- Dumping data for table `application_diploma`
--

INSERT INTO `application_diploma` VALUES (1,1,39,1),(2,2,39,1),(3,3,39,1),(4,4,39,1),(5,5,39,1),(6,6,39,1),(7,7,39,1),(8,8,39,1),(9,9,39,1),(10,10,39,1),(11,11,39,1),(12,12,39,1),(13,13,39,1),(14,14,39,1),(15,15,39,1),(16,16,39,1),(17,17,39,1),(18,18,39,1),(19,19,39,1),(20,20,39,1),(21,21,39,1),(22,22,39,1),(23,23,39,1),(24,24,39,1),(25,25,39,1),(26,26,39,1),(27,27,39,1),(28,28,39,1),(29,29,39,1),(30,30,39,1),(31,31,39,1),(32,32,39,1),(33,33,39,1),(34,34,39,1),(35,35,39,1),(36,36,39,1),(37,37,39,1),(38,38,39,1),(39,39,39,1),(40,40,39,1),(41,41,39,1),(42,42,39,1),(43,43,39,1),(44,44,39,1),(45,45,39,1),(46,46,39,1),(47,47,39,1),(48,48,39,1),(49,49,39,1),(50,50,39,1),(51,51,39,1),(52,52,39,1),(53,53,39,1),(54,54,39,1),(55,55,39,1),(56,56,39,1),(57,57,39,1),(58,58,39,1),(59,59,39,1),(60,60,39,1),(61,61,39,1),(62,62,39,1),(63,63,39,1),(64,64,39,1),(65,65,39,1),(66,66,39,1),(67,67,39,1),(68,68,39,1),(69,69,39,1),(70,70,39,1),(71,71,39,1),(72,72,39,1),(73,73,39,1),(74,74,39,1),(75,75,39,1),(76,76,39,1),(77,77,39,1),(78,78,39,1),(79,79,39,1),(80,80,39,1),(81,81,39,1),(82,82,39,1),(83,83,39,1),(84,84,39,1),(85,85,39,1),(86,86,39,1),(87,87,39,1),(88,88,39,1),(89,89,39,1),(90,90,39,1),(91,91,39,1),(92,92,39,1),(93,93,39,1),(94,94,39,1),(95,95,39,1),(96,96,39,1),(97,97,39,1),(98,98,39,1),(99,99,39,1),(100,100,39,1),(101,101,39,1),(102,102,39,1),(103,103,39,1),(104,104,39,1),(105,105,39,1),(106,106,39,1),(107,107,39,1),(108,108,39,1),(109,109,39,1),(110,110,39,1),(111,111,39,1),(112,112,39,1),(113,113,39,1),(114,114,39,1),(115,115,39,1),(116,116,39,1),(117,117,39,1),(118,118,39,1),(119,119,39,1),(120,120,39,1),(121,121,39,1),(122,122,39,1),(123,123,39,1),(124,124,39,1),(125,125,39,1),(126,126,39,1),(127,127,39,1),(128,128,39,1),(129,129,39,1),(130,130,39,1),(131,131,39,1),(132,132,39,1),(133,133,39,1),(134,134,39,1),(135,135,39,1),(136,136,39,1),(137,137,39,1),(138,138,39,1),(139,139,39,1),(140,140,39,1),(141,141,39,1),(142,142,39,1),(143,143,39,1),(144,144,39,1),(145,145,39,1),(146,146,39,1),(147,147,39,1),(148,148,39,1),(149,149,39,1),(150,150,39,1),(151,151,39,1),(152,152,39,1),(153,153,39,1),(154,154,39,1),(155,155,39,1),(156,156,39,1),(157,157,39,1),(158,158,39,1),(159,159,39,1),(160,160,39,1),(161,161,39,1),(162,162,39,1),(163,163,39,1),(164,164,39,1),(165,165,39,1),(166,166,39,1),(167,167,39,1),(168,168,39,1),(169,169,39,1),(170,170,39,1),(171,171,39,1),(172,172,39,1),(173,173,39,1),(174,174,39,1),(175,175,39,1),(176,176,39,1),(177,177,39,1),(178,178,39,1),(179,179,39,1),(180,180,39,1),(181,181,39,1),(182,182,39,1),(183,183,39,1),(184,184,39,1),(185,185,39,1),(186,186,39,1),(187,187,39,1),(188,188,39,1),(189,189,39,1),(190,190,39,1),(191,191,39,1),(192,192,39,1),(193,193,39,1),(194,194,39,1),(195,195,39,1),(196,196,39,1),(197,197,39,1),(198,198,39,1),(199,199,39,1),(200,200,39,1),(201,201,39,1),(202,202,39,1),(203,203,39,1),(204,204,39,1),(205,205,39,1),(206,206,39,1),(207,207,39,1),(208,208,39,1),(209,209,39,1),(210,210,39,1),(211,211,39,1),(212,212,39,1),(213,213,39,1),(214,214,39,1),(215,215,39,1),(216,216,39,1),(217,217,39,1),(218,218,39,1),(219,219,39,1),(220,220,39,1),(221,221,39,1),(222,222,39,1),(223,223,39,1),(224,224,39,1),(225,225,39,1),(226,226,39,1),(227,227,39,1),(228,228,39,1),(229,229,39,1),(230,230,39,1),(231,231,39,1),(232,232,39,1),(233,233,39,1),(234,234,39,1),(235,235,39,1),(236,236,39,1),(237,237,39,1),(238,238,39,1),(239,239,39,1),(240,240,39,1),(241,241,39,1),(242,242,39,1),(243,243,39,1),(244,244,39,1),(245,245,39,1),(246,246,39,1),(247,247,39,1),(248,248,39,1),(249,249,39,1),(250,250,39,1),(251,251,39,1),(252,252,39,1),(253,253,39,1),(254,254,39,1),(255,255,39,1),(256,256,39,1),(257,257,39,1),(258,258,39,1),(259,259,39,1),(260,260,39,1),(261,261,39,1),(262,262,39,1),(263,263,39,1),(264,264,39,1),(265,265,39,1),(266,266,39,1),(267,267,39,1),(268,268,39,1),(269,269,39,1),(270,270,39,1),(271,271,39,1),(272,272,39,1),(273,273,39,1),(274,274,39,1),(275,275,39,1),(276,276,39,1),(277,277,39,1),(278,278,39,1),(279,279,39,1),(280,280,39,1),(281,281,39,1),(282,282,39,1),(283,283,39,1),(284,284,39,1),(285,285,39,1),(286,286,39,1),(287,287,39,1),(288,288,39,1),(289,289,39,1),(290,290,39,1),(291,291,39,1),(292,292,39,1),(293,293,39,1),(294,294,39,1),(295,295,39,1),(296,296,39,1),(297,297,39,1),(298,298,39,1),(299,299,39,1),(300,300,39,1),(301,301,39,1),(302,302,39,1),(303,303,39,1),(304,304,39,1),(305,305,39,1),(306,306,39,1),(307,307,39,1),(308,308,39,1),(309,309,39,1),(310,310,39,1),(311,311,39,1),(312,312,39,1),(313,313,39,1),(314,314,39,1),(315,315,39,1),(316,316,39,1),(317,317,39,1),(318,318,39,1),(319,319,39,1),(320,320,39,1),(321,321,39,1),(322,322,39,1),(323,323,39,1),(324,324,39,1),(325,325,39,1),(326,326,39,1),(327,327,39,1),(328,328,39,1),(329,329,39,1),(330,330,39,1),(331,331,39,1),(332,332,39,1),(333,333,39,1),(334,334,39,1),(335,335,39,1),(336,336,39,1),(337,337,39,1),(338,338,39,1),(339,339,39,1),(340,340,39,1),(341,341,39,1),(342,342,39,1),(343,343,39,1),(344,344,39,1),(345,345,39,1),(346,346,39,1),(347,347,39,1),(348,348,39,1),(349,349,39,1),(350,350,39,1),(351,351,39,1),(352,352,39,1),(353,353,39,1),(354,354,39,1),(355,355,39,1),(356,356,39,1),(357,357,39,1),(358,358,39,1),(359,359,39,1),(360,360,39,1),(361,361,39,1),(362,362,39,1),(363,363,39,1),(364,364,39,1),(365,365,39,1),(366,366,39,1),(367,367,39,1),(368,368,39,1),(369,369,39,1),(370,370,39,1),(371,371,39,1),(372,372,39,1),(373,373,39,1),(374,374,39,1),(375,375,39,1),(376,376,39,1),(377,377,39,1),(378,378,39,1),(379,379,39,1),(380,380,39,1),(381,381,39,1),(382,382,39,1),(383,383,39,1),(384,384,39,1),(385,385,39,1),(386,386,39,1),(387,387,39,1),(388,388,39,1),(389,389,39,1),(390,390,39,1),(391,391,39,1),(392,392,39,1),(393,393,39,1),(394,394,39,1),(395,395,39,1),(396,396,39,1),(397,397,39,1);

--
-- Table structure for table `autorisations`
--

CREATE TABLE `autorisations` (
  `role_id` int(11) NOT NULL,
  `fonctionnalite_id` int(11) NOT NULL,
  PRIMARY KEY (`role_id`,`fonctionnalite_id`),
  KEY `IDX_3AB39F8FD60322AC` (`role_id`),
  KEY `IDX_3AB39F8F4477C5D8` (`fonctionnalite_id`),
  CONSTRAINT `FK_3AB39F8F4477C5D8` FOREIGN KEY (`fonctionnalite_id`) REFERENCES `fonctionnalites` (`id`),
  CONSTRAINT `FK_3AB39F8FD60322AC` FOREIGN KEY (`role_id`) REFERENCES `roles` (`id`)
) ENGINE=InnoDB DEFAULT CHARSET=utf8 COLLATE=utf8_unicode_ci;

--
-- Dumping data for table `autorisations`
--

INSERT INTO `autorisations` VALUES (3,2),(3,3);

--
-- Table structure for table `course`
--

CREATE TABLE `course` (
  `id` int(11) NOT NULL AUTO_INCREMENT,
  `name` varchar(255) COLLATE utf8_unicode_ci NOT NULL,
  `conditions` longtext COLLATE utf8_unicode_ci NOT NULL,
  `school_year` int(11) NOT NULL,
  `application_deadline` datetime DEFAULT NULL,
  `files_deadline` datetime DEFAULT NULL,
  `payment_receipt_deadline` datetime DEFAULT NULL,
  PRIMARY KEY (`id`)
) ENGINE=InnoDB AUTO_INCREMENT=27 DEFAULT CHARSET=utf8 COLLATE=utf8_unicode_ci;

--
-- Dumping data for table `course`
--

INSERT INTO `course` VALUES (26,'Lancement du Master Professionnel en Géomatique Appliquée à l’Agriculture Intelligente (G2AI)','<span>Conditions d\'accès:<br><ul><li>Diplôme d’Ingénieur.</li><li>Docteur en Médecine Vétérinaire.</li><li>Cadre œuvrant dans le domaine de l’Agriculture, avec un diplôme minimum BAC+5.</li></ul></span>',2021,'2020-12-08 00:00:00',NULL,'2020-12-08 00:00:00');

--
-- Table structure for table `course_diploma`
--

CREATE TABLE `course_diploma` (
  `course_id` int(11) NOT NULL,
  `diploma_id` int(11) NOT NULL,
  PRIMARY KEY (`course_id`,`diploma_id`),
  KEY `IDX_E4E28CBB591CC992` (`course_id`),
  KEY `IDX_E4E28CBBA99ACEB5` (`diploma_id`),
  CONSTRAINT `FK_E4E28CBB591CC992` FOREIGN KEY (`course_id`) REFERENCES `course` (`id`),
  CONSTRAINT `FK_E4E28CBBA99ACEB5` FOREIGN KEY (`diploma_id`) REFERENCES `diploma` (`id`)
) ENGINE=InnoDB DEFAULT CHARSET=utf8 COLLATE=utf8_unicode_ci;

--
-- Dumping data for table `course_diploma`
--

INSERT INTO `course_diploma` VALUES (26,39);

--
-- Table structure for table `course_document_type`
--

CREATE TABLE `course_document_type` (
  `course_id` int(11) NOT NULL,
  `document_type_id` int(11) NOT NULL,
  PRIMARY KEY (`course_id`,`document_type_id`),
  KEY `IDX_E8E79F63591CC992` (`course_id`),
  KEY `IDX_E8E79F6361232A4F` (`document_type_id`),
  CONSTRAINT `FK_E8E79F63591CC992` FOREIGN KEY (`course_id`) REFERENCES `course` (`id`),
  CONSTRAINT `FK_E8E79F6361232A4F` FOREIGN KEY (`document_type_id`) REFERENCES `document_type` (`id`)
) ENGINE=InnoDB DEFAULT CHARSET=utf8 COLLATE=utf8_unicode_ci;

--
-- Dumping data for table `course_document_type`
--

INSERT INTO `course_document_type` VALUES (26,1),(26,2),(26,8),(26,11),(26,20),(26,21);

--
-- Table structure for table `diploma`
--

CREATE TABLE `diploma` (
  `id` int(11) NOT NULL AUTO_INCREMENT,
  `school_id` int(11) NOT NULL,
  `school_field_id` int(11) NOT NULL,
  `diploma_type_id` int(11) NOT NULL,
  `training_type_id` int(11) NOT NULL,
  PRIMARY KEY (`id`),
  KEY `IDX_EC218957C32A47EE` (`school_id`),
  KEY `IDX_EC218957BA7133F4` (`school_field_id`),
  KEY `IDX_EC218957D2BDC45D` (`diploma_type_id`),
  KEY `IDX_EC21895718721C9D` (`training_type_id`),
  CONSTRAINT `FK_EC21895718721C9D` FOREIGN KEY (`training_type_id`) REFERENCES `training_type` (`id`),
  CONSTRAINT `FK_EC218957BA7133F4` FOREIGN KEY (`school_field_id`) REFERENCES `school_field` (`id`),
  CONSTRAINT `FK_EC218957C32A47EE` FOREIGN KEY (`school_id`) REFERENCES `school` (`id`),
  CONSTRAINT `FK_EC218957D2BDC45D` FOREIGN KEY (`diploma_type_id`) REFERENCES `diploma_type` (`id`)
) ENGINE=InnoDB AUTO_INCREMENT=40 DEFAULT CHARSET=utf8 COLLATE=utf8_unicode_ci;

--
-- Dumping data for table `diploma`
--

INSERT INTO `diploma` VALUES (39,1,42,9,6);

--
-- Table structure for table `diploma_type`
--

CREATE TABLE `diploma_type` (
  `id` int(11) NOT NULL AUTO_INCREMENT,
  `name` varchar(255) COLLATE utf8_unicode_ci NOT NULL,
  `description` longtext COLLATE utf8_unicode_ci NOT NULL,
  `order_row` int(11) DEFAULT NULL,
  PRIMARY KEY (`id`),
  UNIQUE KEY `UNIQ_DD5D6F5E237E06` (`name`)
) ENGINE=InnoDB AUTO_INCREMENT=10 DEFAULT CHARSET=utf8 COLLATE=utf8_unicode_ci;

--
-- Dumping data for table `diploma_type`
--

INSERT INTO `diploma_type` VALUES (9,'Master','master',1);

--
-- Table structure for table `document`
--

CREATE TABLE `document` (
  `id` int(11) NOT NULL AUTO_INCREMENT,
  `user_id` int(11) NOT NULL,
  `document_type_id` int(11) NOT NULL,
  `application_id` int(11) NOT NULL,
  `filename` varchar(255) COLLATE utf8_unicode_ci NOT NULL,
  `extension` varchar(255) COLLATE utf8_unicode_ci NOT NULL,
  `status` int(11) DEFAULT NULL,
  PRIMARY KEY (`id`),
  KEY `IDX_D8698A76A76ED395` (`user_id`),
  KEY `IDX_D8698A7661232A4F` (`document_type_id`),
  KEY `IDX_D8698A763E030ACD` (`application_id`),
  CONSTRAINT `FK_D8698A763E030ACD` FOREIGN KEY (`application_id`) REFERENCES `application` (`id`),
  CONSTRAINT `FK_D8698A7661232A4F` FOREIGN KEY (`document_type_id`) REFERENCES `document_type` (`id`),
  CONSTRAINT `FK_D8698A76A76ED395` FOREIGN KEY (`user_id`) REFERENCES `users` (`id`)
) ENGINE=InnoDB AUTO_INCREMENT=1150 DEFAULT CHARSET=utf8 COLLATE=utf8_unicode_ci;

--
-- Dumping data for table `document`
--

INSERT INTO `document` VALUES (1,7571,15,60,'Copie_certifiée_conforme_diplôme_obtenu_après_baccalauréat_20-09-2020_1600635505_5f67c271eb074_9189.pdf','pdf',NULL),(2,7704,1,64,'cin_20-09-2020_1600637989_5f67cc25b5e54_3100.pdf','pdf',NULL),(3,7704,21,64,'BAC_20-09-2020_1600637989_5f67cc25bc696_4888.pdf','pdf',NULL),(4,7704,14,64,'copie_certifiee_conforme_notes_obtenues_après_baccalauréat_20-09-2020_1600637989_5f67cc25c1f5c_8301.pdf','pdf',NULL),(5,7704,14,64,'copie_certifiee_conforme_notes_obtenues_après_baccalauréat_20-09-2020_1600637989_5f67cc25c7f49_171.pdf','pdf',NULL),(6,7704,14,64,'copie_certifiee_conforme_notes_obtenues_après_baccalauréat_20-09-2020_1600637989_5f67cc25cd384_8762.pdf','pdf',NULL),(7,7704,15,64,'Copie_certifiée_conforme_diplôme_obtenu_après_baccalauréat_20-09-2020_1600637989_5f67cc25d2d13_4275.pdf','pdf',NULL),(8,7704,15,64,'Copie_certifiée_conforme_diplôme_obtenu_après_baccalauréat_20-09-2020_1600638143_5f67ccbfc5f0d_3898.pdf','pdf',NULL),(9,7766,1,97,'cin_21-09-2020_1600685040_5f6883f045efc_1345.pdf','pdf',NULL),(10,7766,21,97,'BAC_21-09-2020_1600685040_5f6883f04c8c7_4448.pdf','pdf',NULL),(11,7766,14,97,'copie_certifiee_conforme_notes_obtenues_après_baccalauréat_21-09-2020_1600685040_5f6883f052617_5037.pdf','pdf',NULL),(12,7766,15,97,'Copie_certifiée_conforme_diplôme_obtenu_après_baccalauréat_21-09-2020_1600685040_5f6883f058009_8926.pdf','pdf',NULL),(14,7548,13,106,'demande_manuscrite_21-09-2020_1600695047_5f68ab074f139_2189.pdf','pdf',NULL),(15,7548,1,106,'cin_21-09-2020_1600695047_5f68ab0754dcc_1272.pdf','pdf',NULL),(16,7548,21,106,'BAC_21-09-2020_1600695047_5f68ab075bc4b_2547.pdf','pdf',NULL),(19,7548,8,106,'payment_receipt_21-09-2020_1600695300_5f68ac041c8cf_2891.pdf','pdf',NULL),(20,7548,14,106,'copie_certifiee_conforme_notes_obtenues_après_baccalauréat_21-09-2020_1600696123_5f68af3bbdf7a_1604.pdf','pdf',NULL),(21,7548,15,106,'Copie_certifiée_conforme_diplôme_obtenu_après_baccalauréat_21-09-2020_1600696123_5f68af3bc45a1_3621.pdf','pdf',NULL),(22,7806,13,115,'demande_manuscrite_21-09-2020_1600701614_5f68c4ae6c125_4745.pdf','pdf',NULL),(23,7806,1,115,'cin_21-09-2020_1600701614_5f68c4ae72bca_9793.pdf','pdf',NULL),(24,7806,21,115,'BAC_21-09-2020_1600701614_5f68c4ae78492_6699.pdf','pdf',NULL),(25,7806,14,115,'copie_certifiee_conforme_notes_obtenues_après_baccalauréat_21-09-2020_1600701614_5f68c4ae7e3ff_7043.pdf','pdf',NULL),(26,7806,15,115,'Copie_certifiée_conforme_diplôme_obtenu_après_baccalauréat_21-09-2020_1600701614_5f68c4ae838ce_4741.pdf','pdf',NULL),(29,7610,1,30,'cin_21-09-2020_1600702463_5f68c7ff891bd_2141.pdf','pdf',NULL),(30,7610,21,30,'BAC_21-09-2020_1600702463_5f68c7ff8f232_618.pdf','pdf',NULL),(31,7610,15,30,'Copie_certifiée_conforme_diplôme_obtenu_après_baccalauréat_21-09-2020_1600702463_5f68c7ff949bc_7302.pdf','pdf',NULL),(33,7610,13,30,'demande_manuscrite_21-09-2020_1600703504_5f68cc10ccc11_6054.pdf','pdf',NULL),(34,7610,1,30,'cin_21-09-2020_1600703504_5f68cc10d94c0_9330.pdf','pdf',NULL),(35,7610,21,30,'BAC_21-09-2020_1600703504_5f68cc10e0ae7_3103.pdf','pdf',NULL),(36,7610,14,30,'copie_certifiee_conforme_notes_obtenues_après_baccalauréat_21-09-2020_1600703504_5f68cc10e5f41_7674.pdf','pdf',NULL),(37,7610,15,30,'Copie_certifiée_conforme_diplôme_obtenu_après_baccalauréat_21-09-2020_1600703504_5f68cc10eb935_4022.pdf','pdf',NULL),(38,7610,8,30,'payment_receipt_21-09-2020_1600703780_5f68cd24079b7_2449.pdf','pdf',NULL),(39,7824,1,125,'cin_21-09-2020_1600707798_5f68dcd6bbe10_8844.jpeg','jpeg',NULL),(40,7824,1,125,'cin_21-09-2020_1600707798_5f68dcd6c189d_5249.jpeg','jpeg',NULL),(41,7824,21,125,'BAC_21-09-2020_1600707798_5f68dcd6c7535_3054.jpeg','jpeg',NULL),(42,7824,21,125,'BAC_21-09-2020_1600707798_5f68dcd6cccaa_8450.jpeg','jpeg',NULL),(43,7824,15,125,'Copie_certifiée_conforme_diplôme_obtenu_après_baccalauréat_21-09-2020_1600707798_5f68dcd6d27c4_40.jpeg','jpeg',NULL),(44,7795,13,110,'demande_manuscrite_21-09-2020_1600709600_5f68e3e0090a6_1537.pdf','pdf',NULL),(45,7795,1,110,'cin_21-09-2020_1600709600_5f68e3e01102c_1932.pdf','pdf',NULL),(46,7795,21,110,'BAC_21-09-2020_1600709600_5f68e3e0169c3_1933.pdf','pdf',NULL),(47,7795,14,110,'copie_certifiee_conforme_notes_obtenues_après_baccalauréat_21-09-2020_1600709600_5f68e3e01c50e_8134.pdf','pdf',NULL),(48,7795,15,110,'Copie_certifiée_conforme_diplôme_obtenu_après_baccalauréat_21-09-2020_1600709600_5f68e3e021fd1_5207.pdf','pdf',NULL),(51,7841,1,131,'cin_21-09-2020_1600715292_5f68fa1cd4c6f_8165.jpeg','jpeg',NULL),(52,7841,21,131,'BAC_21-09-2020_1600715292_5f68fa1cda6a2_3271.jpeg','jpeg',NULL),(53,7841,14,131,'copie_certifiee_conforme_notes_obtenues_après_baccalauréat_21-09-2020_1600715292_5f68fa1cdff1b_1329.jpeg','jpeg',NULL),(54,7841,15,131,'Copie_certifiée_conforme_diplôme_obtenu_après_baccalauréat_21-09-2020_1600715292_5f68fa1ce5a24_2553.jpeg','jpeg',NULL),(57,7841,1,131,'cin_21-09-2020_1600717096_5f6901282d126_9027.jpeg','jpeg',NULL),(58,7841,21,131,'BAC_21-09-2020_1600717096_5f69012832b62_421.jpeg','jpeg',NULL),(59,7841,14,131,'copie_certifiee_conforme_notes_obtenues_après_baccalauréat_21-09-2020_1600717096_5f69012838498_5157.jpeg','jpeg',NULL),(60,7841,15,131,'Copie_certifiée_conforme_diplôme_obtenu_après_baccalauréat_21-09-2020_1600717096_5f6901283dcad_6744.png','png',NULL),(61,7841,8,131,'payment_receipt_21-09-2020_1600717563_5f6902fb4924e_4220.jpeg','jpeg',NULL),(62,7841,13,131,'demande_manuscrite_21-09-2020_1600717563_5f6902fb5429b_7433.png','png',NULL),(63,7841,1,131,'cin_21-09-2020_1600717563_5f6902fb5f880_3715.jpeg','jpeg',NULL),(64,7841,21,131,'BAC_21-09-2020_1600717563_5f6902fb64fe5_2352.png','png',NULL),(65,7841,14,131,'copie_certifiee_conforme_notes_obtenues_après_baccalauréat_21-09-2020_1600717563_5f6902fb6ab86_8676.jpeg','jpeg',NULL),(66,7841,15,131,'Copie_certifiée_conforme_diplôme_obtenu_après_baccalauréat_21-09-2020_1600717563_5f6902fb70581_4352.jpeg','jpeg',NULL),(67,7872,13,152,'demande_manuscrite_22-09-2020_1600731530_5f69398ad3c8f_1672.pdf','pdf',NULL),(68,7872,1,152,'cin_22-09-2020_1600731530_5f69398adaeaf_3387.pdf','pdf',NULL),(69,7872,21,152,'BAC_22-09-2020_1600731530_5f69398ae231c_869.pdf','pdf',NULL),(70,7872,14,152,'copie_certifiee_conforme_notes_obtenues_après_baccalauréat_22-09-2020_1600731530_5f69398ae8dca_2016.pdf','pdf',NULL),(71,7872,14,152,'copie_certifiee_conforme_notes_obtenues_après_baccalauréat_22-09-2020_1600731530_5f69398aefe36_8589.pdf','pdf',NULL),(72,7872,15,152,'Copie_certifiée_conforme_diplôme_obtenu_après_baccalauréat_22-09-2020_1600731531_5f69398b02ba5_9821.pdf','pdf',NULL),(73,7872,15,152,'Copie_certifiée_conforme_diplôme_obtenu_après_baccalauréat_22-09-2020_1600731531_5f69398b099ac_2048.pdf','pdf',NULL),(74,7877,13,154,'demande_manuscrite_22-09-2020_1600732447_5f693d1f565fc_2260.jpeg','jpeg',NULL),(75,7877,1,154,'cin_22-09-2020_1600732447_5f693d1f5bcfd_9882.pdf','pdf',NULL),(76,7877,21,154,'BAC_22-09-2020_1600732447_5f693d1f629be_2440.pdf','pdf',NULL),(77,7877,14,154,'copie_certifiee_conforme_notes_obtenues_après_baccalauréat_22-09-2020_1600732447_5f693d1f682b1_1466.pdf','pdf',NULL),(78,7877,15,154,'Copie_certifiée_conforme_diplôme_obtenu_après_baccalauréat_22-09-2020_1600732447_5f693d1f6dc63_8819.pdf','pdf',NULL),(80,7877,8,154,'payment_receipt_22-09-2020_1600732745_5f693e494e9f5_1118.jpeg','jpeg',NULL),(82,7513,13,92,'demande_manuscrite_22-09-2020_1600770465_5f69d1a121296_9661.pdf','pdf',NULL),(83,7513,1,92,'cin_22-09-2020_1600770465_5f69d1a126d02_5978.pdf','pdf',NULL),(84,7513,21,92,'BAC_22-09-2020_1600770679_5f69d277e4091_5140.jpeg','jpeg',NULL),(85,7513,21,92,'BAC_22-09-2020_1600770679_5f69d277eba47_279.jpeg','jpeg',NULL),(86,7513,14,92,'copie_certifiee_conforme_notes_obtenues_après_baccalauréat_22-09-2020_1600770750_5f69d2beecb28_3584.pdf','pdf',NULL),(87,7513,14,92,'copie_certifiee_conforme_notes_obtenues_après_baccalauréat_22-09-2020_1600770750_5f69d2bef16ec_2172.pdf','pdf',NULL),(88,7513,14,92,'copie_certifiee_conforme_notes_obtenues_après_baccalauréat_22-09-2020_1600770751_5f69d2bf02dd7_7366.pdf','pdf',NULL),(89,7513,14,92,'copie_certifiee_conforme_notes_obtenues_après_baccalauréat_22-09-2020_1600770751_5f69d2bf06037_883.pdf','pdf',NULL),(90,7513,14,92,'copie_certifiee_conforme_notes_obtenues_après_baccalauréat_22-09-2020_1600770751_5f69d2bf0caed_7746.pdf','pdf',NULL),(91,7513,14,92,'copie_certifiee_conforme_notes_obtenues_après_baccalauréat_22-09-2020_1600770751_5f69d2bf12521_8179.pdf','pdf',NULL),(92,7513,14,92,'copie_certifiee_conforme_notes_obtenues_après_baccalauréat_22-09-2020_1600770751_5f69d2bf194c1_7310.pdf','pdf',NULL),(93,7513,14,92,'copie_certifiee_conforme_notes_obtenues_après_baccalauréat_22-09-2020_1600770751_5f69d2bf1eed7_3140.pdf','pdf',NULL),(94,7513,15,92,'Copie_certifiée_conforme_diplôme_obtenu_après_baccalauréat_22-09-2020_1600770880_5f69d340e432f_1459.pdf','pdf',NULL),(95,7513,15,92,'Copie_certifiée_conforme_diplôme_obtenu_après_baccalauréat_22-09-2020_1600770880_5f69d340ec11b_8461.pdf','pdf',NULL),(97,7683,1,56,'cin_22-09-2020_1600772103_5f69d8073d5bf_7517.jpeg','jpeg',NULL),(98,7683,21,56,'BAC_22-09-2020_1600772103_5f69d80742ee3_6788.jpeg','jpeg',NULL),(99,7683,14,56,'copie_certifiee_conforme_notes_obtenues_après_baccalauréat_22-09-2020_1600772103_5f69d8074896c_9504.pdf','pdf',NULL),(100,7683,15,56,'Copie_certifiée_conforme_diplôme_obtenu_après_baccalauréat_22-09-2020_1600772103_5f69d8074e3e1_9054.jpeg','jpeg',NULL),(101,7683,13,56,'demande_manuscrite_22-09-2020_1600772239_5f69d88f2908d_6595.pdf','pdf',NULL),(102,7683,8,56,'payment_receipt_22-09-2020_1600772264_5f69d8a88cda8_8784.jpeg','jpeg',NULL),(105,7551,13,167,'demande_manuscrite_22-09-2020_1600781129_5f69fb496958a_3465.pdf','pdf',NULL),(106,7551,1,167,'cin_22-09-2020_1600781129_5f69fb496f069_9398.pdf','pdf',NULL),(107,7551,21,167,'BAC_22-09-2020_1600781129_5f69fb4974b08_2006.pdf','pdf',NULL),(108,7551,14,167,'copie_certifiee_conforme_notes_obtenues_après_baccalauréat_22-09-2020_1600781129_5f69fb497bcbb_6377.pdf','pdf',NULL),(109,7551,15,167,'Copie_certifiée_conforme_diplôme_obtenu_après_baccalauréat_22-09-2020_1600781129_5f69fb498131f_5331.pdf','pdf',NULL),(110,7551,8,167,'payment_receipt_22-09-2020_1600781210_5f69fb9a7d4fc_2871.pdf','pdf',NULL),(111,7513,8,92,'payment_receipt_22-09-2020_1600782165_5f69ff553d099_7588.pdf','pdf',NULL),(114,7639,1,123,'cin_22-09-2020_1600800172_5f6a45acc33b5_3669.pdf','pdf',NULL),(115,7639,21,123,'BAC_22-09-2020_1600800172_5f6a45accaada_9082.pdf','pdf',NULL),(116,7639,14,123,'copie_certifiee_conforme_notes_obtenues_après_baccalauréat_22-09-2020_1600800172_5f6a45acd1533_5585.pdf','pdf',NULL),(118,7639,8,123,'payment_receipt_22-09-2020_1600800238_5f6a45eed5046_3674.pdf','pdf',NULL),(120,7770,13,188,'demande_manuscrite_22-09-2020_1600801679_5f6a4b8f3a761_5123.jpeg','jpeg',NULL),(121,7770,1,188,'cin_22-09-2020_1600801679_5f6a4b8f403a0_3411.jpeg','jpeg',NULL),(122,7770,21,188,'BAC_22-09-2020_1600801679_5f6a4b8f45a95_1460.jpeg','jpeg',NULL),(123,7770,21,188,'BAC_22-09-2020_1600801679_5f6a4b8f4b481_7626.jpeg','jpeg',NULL),(124,7770,14,188,'copie_certifiee_conforme_notes_obtenues_après_baccalauréat_22-09-2020_1600801679_5f6a4b8f50e7a_9331.jpeg','jpeg',NULL),(125,7770,14,188,'copie_certifiee_conforme_notes_obtenues_après_baccalauréat_22-09-2020_1600801679_5f6a4b8f5682c_6159.jpeg','jpeg',NULL),(126,7770,14,188,'copie_certifiee_conforme_notes_obtenues_après_baccalauréat_22-09-2020_1600801679_5f6a4b8f5d8f9_2443.jpeg','jpeg',NULL),(127,7770,14,188,'copie_certifiee_conforme_notes_obtenues_après_baccalauréat_22-09-2020_1600801679_5f6a4b8f632ef_7559.jpeg','jpeg',NULL),(128,7770,14,188,'copie_certifiee_conforme_notes_obtenues_après_baccalauréat_22-09-2020_1600801679_5f6a4b8f68c0e_8618.jpeg','jpeg',NULL),(129,7770,14,188,'copie_certifiee_conforme_notes_obtenues_après_baccalauréat_22-09-2020_1600801679_5f6a4b8f6e64f_8529.jpeg','jpeg',NULL),(130,7770,15,188,'Copie_certifiée_conforme_diplôme_obtenu_après_baccalauréat_22-09-2020_1600801679_5f6a4b8f7417e_7517.jpeg','jpeg',NULL),(131,7770,15,188,'Copie_certifiée_conforme_diplôme_obtenu_après_baccalauréat_22-09-2020_1600801679_5f6a4b8f7b0ef_6395.jpeg','jpeg',NULL),(132,7770,15,188,'Copie_certifiée_conforme_diplôme_obtenu_après_baccalauréat_22-09-2020_1600801679_5f6a4b8f80afd_3545.jpeg','jpeg',NULL),(133,7770,8,188,'payment_receipt_22-09-2020_1600801720_5f6a4bb8a35de_669.jpeg','jpeg',NULL),(134,7946,1,182,'cin_22-09-2020_1600805943_5f6a5c37a4d2a_1205.pdf','pdf',NULL),(135,7946,21,182,'BAC_22-09-2020_1600805943_5f6a5c37b2dd7_4635.pdf','pdf',NULL),(136,7946,15,182,'Copie_certifiée_conforme_diplôme_obtenu_après_baccalauréat_22-09-2020_1600805943_5f6a5c37b868f_8481.pdf','pdf',NULL),(137,7946,14,182,'copie_certifiee_conforme_notes_obtenues_après_baccalauréat_22-09-2020_1600805988_5f6a5c64c5fb4_8277.pdf','pdf',NULL),(138,7946,14,182,'copie_certifiee_conforme_notes_obtenues_après_baccalauréat_22-09-2020_1600806006_5f6a5c7643655_8663.pdf','pdf',NULL),(139,7946,14,182,'copie_certifiee_conforme_notes_obtenues_après_baccalauréat_22-09-2020_1600806025_5f6a5c8967a46_6484.pdf','pdf',NULL),(141,7964,1,198,'cin_22-09-2020_1600809896_5f6a6ba8ee501_9513.jpeg','jpeg',NULL),(142,7964,14,198,'copie_certifiee_conforme_notes_obtenues_après_baccalauréat_22-09-2020_1600809896_5f6a6ba90059a_4396.jpeg','jpeg',NULL),(143,7964,15,198,'Copie_certifiée_conforme_diplôme_obtenu_après_baccalauréat_22-09-2020_1600809897_5f6a6ba906b56_4098.jpeg','jpeg',NULL),(144,7639,15,123,'Copie_certifiée_conforme_diplôme_obtenu_après_baccalauréat_22-09-2020_1600809910_5f6a6bb634387_9064.pdf','pdf',NULL),(145,7964,13,198,'demande_manuscrite_22-09-2020_1600810052_5f6a6c44126d2_676.pdf','pdf',NULL),(146,7639,13,123,'demande_manuscrite_22-09-2020_1600810073_5f6a6c596516f_8144.pdf','pdf',NULL),(147,7964,21,198,'BAC_22-09-2020_1600810336_5f6a6d60c6298_1458.pdf','pdf',NULL),(148,7964,8,198,'payment_receipt_22-09-2020_1600810408_5f6a6da8bff58_7832.jpeg','jpeg',NULL),(149,7957,8,196,'payment_receipt_22-09-2020_1600811654_5f6a7286c7cd2_7213.jpeg','jpeg',NULL),(150,7957,13,196,'demande_manuscrite_22-09-2020_1600811939_5f6a73a32829a_6173.jpeg','jpeg',NULL),(151,7957,1,196,'cin_22-09-2020_1600811939_5f6a73a32e28e_8502.pdf','pdf',NULL),(152,7957,21,196,'BAC_22-09-2020_1600811939_5f6a73a333c2b_3186.pdf','pdf',NULL),(153,7957,14,196,'copie_certifiee_conforme_notes_obtenues_après_baccalauréat_22-09-2020_1600811939_5f6a73a339612_4449.pdf','pdf',NULL),(154,7957,15,196,'Copie_certifiée_conforme_diplôme_obtenu_après_baccalauréat_22-09-2020_1600811939_5f6a73a33efb0_6152.pdf','pdf',NULL),(155,7980,1,204,'cin_23-09-2020_1600815292_5f6a80bca9408_6681.pdf','pdf',NULL),(157,8025,13,222,'demande_manuscrite_23-09-2020_1600886444_5f6b96acec9f8_4401.pdf','pdf',NULL),(158,8025,1,222,'cin_23-09-2020_1600886444_5f6b96acf27b7_7064.pdf','pdf',NULL),(159,8025,21,222,'BAC_23-09-2020_1600886445_5f6b96ad03af1_9079.pdf','pdf',NULL),(160,8025,14,222,'copie_certifiee_conforme_notes_obtenues_après_baccalauréat_23-09-2020_1600886445_5f6b96ad094c9_5900.pdf','pdf',NULL),(161,8025,15,222,'Copie_certifiée_conforme_diplôme_obtenu_après_baccalauréat_23-09-2020_1600886445_5f6b96ad0efeb_4084.pdf','pdf',NULL),(162,8025,8,222,'payment_receipt_23-09-2020_1600886546_5f6b9712b0b2f_6724.pdf','pdf',NULL),(164,8026,13,221,'demande_manuscrite_23-09-2020_1600886795_5f6b980b7c92b_3862.pdf','pdf',NULL),(165,8026,1,221,'cin_23-09-2020_1600886795_5f6b980b82419_8616.pdf','pdf',NULL),(166,8026,21,221,'BAC_23-09-2020_1600886795_5f6b980b89464_8999.pdf','pdf',NULL),(167,8026,14,221,'copie_certifiee_conforme_notes_obtenues_après_baccalauréat_23-09-2020_1600886795_5f6b980b8eca5_2510.pdf','pdf',NULL),(168,8026,15,221,'Copie_certifiée_conforme_diplôme_obtenu_après_baccalauréat_23-09-2020_1600886795_5f6b980b945de_3070.pdf','pdf',NULL),(169,8026,8,221,'payment_receipt_23-09-2020_1600886857_5f6b9849ba076_48.pdf','pdf',NULL),(170,8025,21,222,'BAC_23-09-2020_1600886917_5f6b9885c8629_4837.pdf','pdf',NULL),(171,8025,14,222,'copie_certifiee_conforme_notes_obtenues_après_baccalauréat_23-09-2020_1600886917_5f6b9885d0cad_297.pdf','pdf',NULL),(172,8025,15,222,'Copie_certifiée_conforme_diplôme_obtenu_après_baccalauréat_23-09-2020_1600886917_5f6b9885d6a6d_4782.pdf','pdf',NULL),(173,8025,14,222,'copie_certifiee_conforme_notes_obtenues_après_baccalauréat_23-09-2020_1600887006_5f6b98dedff6c_6625.pdf','pdf',NULL),(174,8025,14,222,'copie_certifiee_conforme_notes_obtenues_après_baccalauréat_23-09-2020_1600887064_5f6b991894aa7_7520.pdf','pdf',NULL),(175,8026,1,221,'cin_23-09-2020_1600887095_5f6b99373a526_5560.pdf','pdf',NULL),(176,8026,21,221,'BAC_23-09-2020_1600887095_5f6b993741e69_3616.pdf','pdf',NULL),(177,8026,14,221,'copie_certifiee_conforme_notes_obtenues_après_baccalauréat_23-09-2020_1600887095_5f6b99374777d_9814.pdf','pdf',NULL),(179,8025,14,222,'copie_certifiee_conforme_notes_obtenues_après_baccalauréat_23-09-2020_1600887110_5f6b994629417_5696.pdf','pdf',NULL),(180,8025,14,222,'copie_certifiee_conforme_notes_obtenues_après_baccalauréat_23-09-2020_1600887178_5f6b998a4ce79_3575.pdf','pdf',NULL),(181,8026,14,221,'copie_certifiee_conforme_notes_obtenues_après_baccalauréat_23-09-2020_1600887188_5f6b999453d3f_3731.pdf','pdf',NULL),(182,8026,14,221,'copie_certifiee_conforme_notes_obtenues_après_baccalauréat_23-09-2020_1600887214_5f6b99ae3acf8_9834.pdf','pdf',NULL),(183,8026,14,221,'copie_certifiee_conforme_notes_obtenues_après_baccalauréat_23-09-2020_1600887241_5f6b99c906d28_3287.pdf','pdf',NULL),(184,8026,14,221,'copie_certifiee_conforme_notes_obtenues_après_baccalauréat_23-09-2020_1600887267_5f6b99e3503ee_5406.pdf','pdf',NULL),(185,8049,8,232,'payment_receipt_24-09-2020_1600940298_5f6c690a7ea6d_93.pdf','pdf',NULL),(186,8049,13,232,'demande_manuscrite_24-09-2020_1600940349_5f6c693d0efa6_4601.pdf','pdf',NULL),(187,8049,1,232,'cin_24-09-2020_1600940349_5f6c693d15f1b_1747.pdf','pdf',NULL),(188,8049,21,232,'BAC_24-09-2020_1600940349_5f6c693d1bd31_4363.pdf','pdf',NULL),(189,8049,15,232,'Copie_certifiée_conforme_diplôme_obtenu_après_baccalauréat_24-09-2020_1600940349_5f6c693d21616_4542.pdf','pdf',NULL),(190,8049,14,232,'copie_certifiee_conforme_notes_obtenues_après_baccalauréat_24-09-2020_1600940574_5f6c6a1e2110d_5731.pdf','pdf',NULL),(191,8026,15,221,'Copie_certifiée_conforme_diplôme_obtenu_après_baccalauréat_24-09-2020_1600953809_5f6c9dd144b9c_4480.pdf','pdf',NULL),(193,7537,13,238,'demande_manuscrite_24-09-2020_1600956223_5f6ca73f6e898_8479.pdf','pdf',NULL),(194,7537,1,238,'cin_24-09-2020_1600956223_5f6ca73f743c5_6607.jpeg','jpeg',NULL),(195,7537,1,238,'cin_24-09-2020_1600956223_5f6ca73f7b3a0_7752.jpeg','jpeg',NULL),(197,7700,13,62,'demande_manuscrite_24-09-2020_1600968224_5f6cd6200cf8d_3528.jpeg','jpeg',NULL),(198,7700,1,62,'cin_24-09-2020_1600968224_5f6cd6201438a_5912.png','png',NULL),(199,7700,21,62,'BAC_24-09-2020_1600968224_5f6cd6201c46f_4374.png','png',NULL),(200,7700,14,62,'copie_certifiee_conforme_notes_obtenues_après_baccalauréat_24-09-2020_1600968224_5f6cd6202351a_5808.jpeg','jpeg',NULL),(201,7700,15,62,'Copie_certifiée_conforme_diplôme_obtenu_après_baccalauréat_24-09-2020_1600968224_5f6cd6202a58d_5549.jpeg','jpeg',NULL),(202,7700,8,62,'payment_receipt_24-09-2020_1600968271_5f6cd64f97551_9205.jpeg','jpeg',NULL),(203,7902,8,164,'payment_receipt_24-09-2020_1600984625_5f6d16310cc9b_2839.pdf','pdf',NULL),(204,7902,1,164,'cin_24-09-2020_1600984625_5f6d163114117_3633.pdf','pdf',NULL),(205,7902,1,164,'cin_24-09-2020_1600984625_5f6d16311b0f9_5187.pdf','pdf',NULL),(206,7902,21,164,'BAC_24-09-2020_1600984625_5f6d163120ef3_7963.pdf','pdf',NULL),(207,7902,21,164,'BAC_24-09-2020_1600984625_5f6d1631266cf_3824.pdf','pdf',NULL),(208,7902,14,164,'copie_certifiee_conforme_notes_obtenues_après_baccalauréat_24-09-2020_1600984625_5f6d16312bfce_4553.pdf','pdf',NULL),(209,7902,14,164,'copie_certifiee_conforme_notes_obtenues_après_baccalauréat_24-09-2020_1600984625_5f6d163131a03_6144.pdf','pdf',NULL),(210,7902,14,164,'copie_certifiee_conforme_notes_obtenues_après_baccalauréat_24-09-2020_1600984625_5f6d163137364_7542.pdf','pdf',NULL),(211,7902,14,164,'copie_certifiee_conforme_notes_obtenues_après_baccalauréat_24-09-2020_1600984625_5f6d16313cdab_3814.pdf','pdf',NULL),(212,7902,14,164,'copie_certifiee_conforme_notes_obtenues_après_baccalauréat_24-09-2020_1600984625_5f6d1631427c4_6019.pdf','pdf',NULL),(213,7902,15,164,'Copie_certifiée_conforme_diplôme_obtenu_après_baccalauréat_24-09-2020_1600984625_5f6d163148176_9918.pdf','pdf',NULL),(214,7902,15,164,'Copie_certifiée_conforme_diplôme_obtenu_après_baccalauréat_24-09-2020_1600984625_5f6d16314dbb5_8070.pdf','pdf',NULL),(215,7902,15,164,'Copie_certifiée_conforme_diplôme_obtenu_après_baccalauréat_25-09-2020_1600985044_5f6d17d405490_9133.pdf','pdf',NULL),(216,7902,15,164,'Copie_certifiée_conforme_diplôme_obtenu_après_baccalauréat_25-09-2020_1600985044_5f6d17d40c9d8_6317.pdf','pdf',NULL),(217,7902,15,164,'Copie_certifiée_conforme_diplôme_obtenu_après_baccalauréat_25-09-2020_1600985044_5f6d17d414f55_2347.pdf','pdf',NULL),(218,7902,14,164,'copie_certifiee_conforme_notes_obtenues_après_baccalauréat_25-09-2020_1600985259_5f6d18ab75226_1926.pdf','pdf',NULL),(219,7902,14,164,'copie_certifiee_conforme_notes_obtenues_après_baccalauréat_25-09-2020_1600985520_5f6d19b080c58_5917.pdf','pdf',NULL),(220,7902,13,164,'demande_manuscrite_25-09-2020_1600987576_5f6d21b851a7f_5833.pdf','pdf',NULL),(223,7933,21,189,'BAC_25-09-2020_1600988096_5f6d23c0a5eb4_2775.jpeg','jpeg',NULL),(224,7933,14,189,'copie_certifiee_conforme_notes_obtenues_après_baccalauréat_25-09-2020_1600988096_5f6d23c0b33b1_4740.jpeg','jpeg',NULL),(225,7933,14,189,'copie_certifiee_conforme_notes_obtenues_après_baccalauréat_25-09-2020_1600988096_5f6d23c0b8c66_9452.jpeg','jpeg',NULL),(226,7933,14,189,'copie_certifiee_conforme_notes_obtenues_après_baccalauréat_25-09-2020_1600988096_5f6d23c0bebfa_5858.jpeg','jpeg',NULL),(227,7933,14,189,'copie_certifiee_conforme_notes_obtenues_après_baccalauréat_25-09-2020_1600988096_5f6d23c0c565a_675.jpeg','jpeg',NULL),(228,7933,14,189,'copie_certifiee_conforme_notes_obtenues_après_baccalauréat_25-09-2020_1600988096_5f6d23c0cb014_6716.jpeg','jpeg',NULL),(229,7933,14,189,'copie_certifiee_conforme_notes_obtenues_après_baccalauréat_25-09-2020_1600988096_5f6d23c0d20ac_1584.jpeg','jpeg',NULL),(230,7933,15,189,'Copie_certifiée_conforme_diplôme_obtenu_après_baccalauréat_25-09-2020_1600988096_5f6d23c0d7a97_6593.jpeg','jpeg',NULL),(231,7933,21,189,'BAC_25-09-2020_1600988251_5f6d245ba71be_4748.jpeg','jpeg',NULL),(232,8059,13,235,'demande_manuscrite_25-09-2020_1600988438_5f6d251656b05_7800.pdf','pdf',NULL),(233,8059,1,235,'cin_25-09-2020_1600988438_5f6d25165ee5a_2181.pdf','pdf',NULL),(234,8059,21,235,'BAC_25-09-2020_1600988438_5f6d25166486d_6938.pdf','pdf',NULL),(235,8059,14,235,'copie_certifiee_conforme_notes_obtenues_après_baccalauréat_25-09-2020_1600988465_5f6d2531d9616_6120.pdf','pdf',NULL),(236,8059,14,235,'copie_certifiee_conforme_notes_obtenues_après_baccalauréat_25-09-2020_1600988480_5f6d254054d45_8831.pdf','pdf',NULL),(237,8059,14,235,'copie_certifiee_conforme_notes_obtenues_après_baccalauréat_25-09-2020_1600988493_5f6d254d4fe8b_6319.pdf','pdf',NULL),(238,8059,14,235,'copie_certifiee_conforme_notes_obtenues_après_baccalauréat_25-09-2020_1600988505_5f6d2559070f0_4970.pdf','pdf',NULL),(239,8059,15,235,'Copie_certifiée_conforme_diplôme_obtenu_après_baccalauréat_25-09-2020_1600988533_5f6d2575365c6_7426.pdf','pdf',NULL),(240,8059,15,235,'Copie_certifiée_conforme_diplôme_obtenu_après_baccalauréat_25-09-2020_1600988557_5f6d258d5aa3c_263.pdf','pdf',NULL),(241,7933,1,189,'cin_25-09-2020_1600988938_5f6d270ae9bb4_5329.jpeg','jpeg',NULL),(242,7933,1,189,'cin_25-09-2020_1600988938_5f6d270af0bfa_2767.jpeg','jpeg',NULL),(244,7878,13,243,'demande_manuscrite_25-09-2020_1600993079_5f6d3737df169_443.jpeg','jpeg',NULL),(245,7878,1,243,'cin_25-09-2020_1600993079_5f6d3737e4c9f_7327.pdf','pdf',NULL),(246,7878,21,243,'BAC_25-09-2020_1600993079_5f6d3737ebd29_34.pdf','pdf',NULL),(247,7878,14,243,'copie_certifiee_conforme_notes_obtenues_après_baccalauréat_25-09-2020_1600993079_5f6d3737f2dbf_249.pdf','pdf',NULL),(248,7878,15,243,'Copie_certifiée_conforme_diplôme_obtenu_après_baccalauréat_25-09-2020_1600993080_5f6d373805aec_9395.pdf','pdf',NULL),(249,7878,8,243,'payment_receipt_25-09-2020_1600993137_5f6d377150e96_8853.jpeg','jpeg',NULL),(250,8059,8,235,'payment_receipt_25-09-2020_1601032669_5f6dd1dd18290_6161.jpeg','jpeg',NULL),(252,8095,13,252,'demande_manuscrite_25-09-2020_1601037158_5f6de3663af4e_2477.jpeg','jpeg',NULL),(253,8095,1,252,'cin_25-09-2020_1601037158_5f6de366423dc_81.jpeg','jpeg',NULL),(254,8095,1,252,'cin_25-09-2020_1601037158_5f6de36647948_7076.jpeg','jpeg',NULL),(255,8095,21,252,'BAC_25-09-2020_1601037158_5f6de3664d33f_3276.jpeg','jpeg',NULL),(256,8095,21,252,'BAC_25-09-2020_1601037158_5f6de36652cc9_9092.jpeg','jpeg',NULL),(257,8095,14,252,'copie_certifiee_conforme_notes_obtenues_après_baccalauréat_25-09-2020_1601037158_5f6de366587eb_758.jpeg','jpeg',NULL),(258,8095,14,252,'copie_certifiee_conforme_notes_obtenues_après_baccalauréat_25-09-2020_1601037158_5f6de3665f9f5_3953.jpeg','jpeg',NULL),(259,8095,14,252,'copie_certifiee_conforme_notes_obtenues_après_baccalauréat_25-09-2020_1601037158_5f6de3666522b_2438.jpeg','jpeg',NULL),(260,8095,14,252,'copie_certifiee_conforme_notes_obtenues_après_baccalauréat_25-09-2020_1601037158_5f6de3666ab4a_7377.jpeg','jpeg',NULL),(261,8095,15,252,'Copie_certifiée_conforme_diplôme_obtenu_après_baccalauréat_25-09-2020_1601037158_5f6de366705c6_5023.jpeg','jpeg',NULL),(262,8095,15,252,'Copie_certifiée_conforme_diplôme_obtenu_après_baccalauréat_25-09-2020_1601037158_5f6de3667607d_9524.jpeg','jpeg',NULL),(263,8095,8,252,'payment_receipt_25-09-2020_1601037254_5f6de3c6a7417_1341.jpeg','jpeg',NULL),(266,7933,13,189,'demande_manuscrite_25-09-2020_1601041026_5f6df2821baba_4859.jpeg','jpeg',NULL),(269,7546,1,157,'cin_25-09-2020_1601041698_5f6df52254852_816.jpeg','jpeg',NULL),(270,7546,1,157,'cin_25-09-2020_1601041698_5f6df5225a133_5942.jpeg','jpeg',NULL),(271,7546,21,157,'BAC_25-09-2020_1601041698_5f6df5225faa4_6092.pdf','pdf',NULL),(272,7546,14,157,'copie_certifiee_conforme_notes_obtenues_après_baccalauréat_25-09-2020_1601041698_5f6df52266df4_3318.pdf','pdf',NULL),(273,7546,14,157,'copie_certifiee_conforme_notes_obtenues_après_baccalauréat_25-09-2020_1601041698_5f6df5226c42d_2957.pdf','pdf',NULL),(274,7546,14,157,'copie_certifiee_conforme_notes_obtenues_après_baccalauréat_25-09-2020_1601041698_5f6df52271ef7_2113.pdf','pdf',NULL),(275,7546,14,157,'copie_certifiee_conforme_notes_obtenues_après_baccalauréat_25-09-2020_1601041698_5f6df52277844_9037.pdf','pdf',NULL),(276,7546,14,157,'copie_certifiee_conforme_notes_obtenues_après_baccalauréat_25-09-2020_1601041698_5f6df5227d2d7_7561.pdf','pdf',NULL),(277,7546,15,157,'Copie_certifiée_conforme_diplôme_obtenu_après_baccalauréat_25-09-2020_1601041698_5f6df52282be2_2341.pdf','pdf',NULL),(278,7546,15,157,'Copie_certifiée_conforme_diplôme_obtenu_après_baccalauréat_25-09-2020_1601041698_5f6df52288580_7797.pdf','pdf',NULL),(279,7546,15,157,'Copie_certifiée_conforme_diplôme_obtenu_après_baccalauréat_25-09-2020_1601041698_5f6df5228df66_4366.pdf','pdf',NULL),(281,7546,13,157,'demande_manuscrite_25-09-2020_1601041885_5f6df5dd3fc81_5727.pdf','pdf',NULL),(282,7546,8,157,'payment_receipt_25-09-2020_1601041917_5f6df5fd314ad_1976.pdf','pdf',NULL),(283,7546,15,157,'Copie_certifiée_conforme_diplôme_obtenu_après_baccalauréat_25-09-2020_1601042224_5f6df730841fe_4056.pdf','pdf',NULL),(285,7933,8,189,'payment_receipt_25-09-2020_1601042311_5f6df78781e68_7698.jpeg','jpeg',NULL),(287,8007,21,228,'BAC_25-09-2020_1601050693_5f6e18459d5b0_8009.jpeg','jpeg',NULL),(288,8007,21,228,'BAC_25-09-2020_1601050693_5f6e1845a5188_1047.jpeg','jpeg',NULL),(289,8007,15,228,'Copie_certifiée_conforme_diplôme_obtenu_après_baccalauréat_25-09-2020_1601051121_5f6e19f143a56_2255.jpeg','jpeg',NULL),(291,8093,13,260,'demande_manuscrite_25-09-2020_1601062887_5f6e47e71450c_7069.png','png',NULL),(292,8093,1,260,'cin_25-09-2020_1601062887_5f6e47e71a0e9_1339.png','png',NULL),(293,8093,21,260,'BAC_25-09-2020_1601062887_5f6e47e721217_5738.png','png',NULL),(294,8093,14,260,'copie_certifiee_conforme_notes_obtenues_après_baccalauréat_25-09-2020_1601062887_5f6e47e728430_9004.png','png',NULL),(295,8093,15,260,'Copie_certifiée_conforme_diplôme_obtenu_après_baccalauréat_25-09-2020_1601062887_5f6e47e72dc6e_7681.jpeg','jpeg',NULL),(296,8093,8,260,'payment_receipt_25-09-2020_1601062956_5f6e482c4f150_5264.jpeg','jpeg',NULL),(297,8113,15,263,'Copie_certifiée_conforme_diplôme_obtenu_après_baccalauréat_25-09-2020_1601064505_5f6e4e39dd72e_5667.pdf','pdf',NULL),(299,8007,1,228,'cin_25-09-2020_1601068053_5f6e5c15a7a15_51.jpeg','jpeg',NULL),(300,8007,1,228,'cin_25-09-2020_1601068053_5f6e5c15afcbf_1707.jpeg','jpeg',NULL),(301,8007,14,228,'copie_certifiee_conforme_notes_obtenues_après_baccalauréat_25-09-2020_1601068104_5f6e5c48d7043_8728.jpeg','jpeg',NULL),(302,8007,14,228,'copie_certifiee_conforme_notes_obtenues_après_baccalauréat_25-09-2020_1601068104_5f6e5c48e4b76_4252.jpeg','jpeg',NULL),(303,8007,14,228,'copie_certifiee_conforme_notes_obtenues_après_baccalauréat_25-09-2020_1601068104_5f6e5c48ec13e_2316.jpeg','jpeg',NULL),(304,8007,14,228,'copie_certifiee_conforme_notes_obtenues_après_baccalauréat_25-09-2020_1601068104_5f6e5c48f2c07_5806.jpeg','jpeg',NULL),(305,8007,14,228,'copie_certifiee_conforme_notes_obtenues_après_baccalauréat_25-09-2020_1601068105_5f6e5c4905a48_3256.jpeg','jpeg',NULL),(306,8007,14,228,'copie_certifiee_conforme_notes_obtenues_après_baccalauréat_25-09-2020_1601068105_5f6e5c490ca79_1728.jpeg','jpeg',NULL),(307,8007,14,228,'copie_certifiee_conforme_notes_obtenues_après_baccalauréat_25-09-2020_1601068105_5f6e5c4913ab0_2425.jpeg','jpeg',NULL),(308,8007,14,228,'copie_certifiee_conforme_notes_obtenues_après_baccalauréat_25-09-2020_1601068105_5f6e5c491ab5c_110.jpeg','jpeg',NULL),(310,7517,13,95,'demande_manuscrite_26-09-2020_1601072652_5f6e6e0c3784b_1251.png','png',NULL),(311,7517,1,95,'cin_26-09-2020_1601072652_5f6e6e0c3e849_1448.pdf','pdf',NULL),(312,7517,21,95,'BAC_26-09-2020_1601072652_5f6e6e0c448bc_463.pdf','pdf',NULL),(313,7517,14,95,'copie_certifiee_conforme_notes_obtenues_après_baccalauréat_26-09-2020_1601072652_5f6e6e0c4b27d_5164.pdf','pdf',NULL),(314,7517,15,95,'Copie_certifiée_conforme_diplôme_obtenu_après_baccalauréat_26-09-2020_1601072920_5f6e6f18aee13_7174.pdf','pdf',NULL),(315,7517,8,95,'payment_receipt_26-09-2020_1601073011_5f6e6f737bfa4_496.jpeg','jpeg',NULL),(317,7536,13,4,'demande_manuscrite_26-09-2020_1601074135_5f6e73d780c56_5223.pdf','pdf',NULL),(318,7536,1,4,'cin_26-09-2020_1601074135_5f6e73d786658_4580.pdf','pdf',NULL),(319,7536,21,4,'BAC_26-09-2020_1601074135_5f6e73d78c00e_9655.pdf','pdf',NULL),(320,7536,14,4,'copie_certifiee_conforme_notes_obtenues_après_baccalauréat_26-09-2020_1601074135_5f6e73d791b6c_353.pdf','pdf',NULL),(321,7536,15,4,'Copie_certifiée_conforme_diplôme_obtenu_après_baccalauréat_26-09-2020_1601074135_5f6e73d7978ba_3559.pdf','pdf',NULL),(323,8043,13,265,'demande_manuscrite_26-09-2020_1601074241_5f6e74417634a_7553.pdf','pdf',NULL),(324,8043,1,265,'cin_26-09-2020_1601074241_5f6e74417bc09_5957.pdf','pdf',NULL),(325,8043,21,265,'BAC_26-09-2020_1601074241_5f6e744181b0f_770.pdf','pdf',NULL),(326,8043,14,265,'copie_certifiee_conforme_notes_obtenues_après_baccalauréat_26-09-2020_1601074241_5f6e744187045_1646.pdf','pdf',NULL),(327,8043,15,265,'Copie_certifiée_conforme_diplôme_obtenu_après_baccalauréat_26-09-2020_1601074241_5f6e74418ca03_7982.pdf','pdf',NULL),(328,7536,8,4,'payment_receipt_26-09-2020_1601074475_5f6e752b2b0f3_2297.pdf','pdf',NULL),(329,8043,8,265,'payment_receipt_26-09-2020_1601074756_5f6e7644bdc5c_5183.pdf','pdf',NULL),(330,8007,13,228,'demande_manuscrite_26-09-2020_1601088215_5f6eaad7cc4c5_250.jpeg','jpeg',NULL),(331,8007,8,228,'payment_receipt_26-09-2020_1601088246_5f6eaaf691317_8573.jpeg','jpeg',NULL),(332,7515,13,71,'demande_manuscrite_26-09-2020_1601114589_5f6f11ddbd90d_4987.pdf','pdf',NULL),(333,7515,1,71,'cin_26-09-2020_1601114589_5f6f11ddc4a2c_4249.pdf','pdf',NULL),(334,7515,21,71,'BAC_26-09-2020_1601114589_5f6f11ddca381_5897.pdf','pdf',NULL),(335,7515,14,71,'copie_certifiee_conforme_notes_obtenues_après_baccalauréat_26-09-2020_1601114969_5f6f135913106_5135.pdf','pdf',NULL),(336,7515,14,71,'copie_certifiee_conforme_notes_obtenues_après_baccalauréat_26-09-2020_1601114969_5f6f135922219_6827.pdf','pdf',NULL),(337,7515,14,71,'copie_certifiee_conforme_notes_obtenues_après_baccalauréat_26-09-2020_1601114969_5f6f135929640_4888.pdf','pdf',NULL),(338,7515,14,71,'copie_certifiee_conforme_notes_obtenues_après_baccalauréat_26-09-2020_1601114969_5f6f1359300e4_1759.pdf','pdf',NULL),(339,7515,15,71,'Copie_certifiée_conforme_diplôme_obtenu_après_baccalauréat_26-09-2020_1601114969_5f6f1359371d0_7723.pdf','pdf',NULL),(340,7515,15,71,'Copie_certifiée_conforme_diplôme_obtenu_après_baccalauréat_26-09-2020_1601114969_5f6f13593e17f_7022.pdf','pdf',NULL),(341,7515,15,71,'Copie_certifiée_conforme_diplôme_obtenu_après_baccalauréat_26-09-2020_1601114969_5f6f135945167_2752.pdf','pdf',NULL),(352,7526,1,213,'cin_26-09-2020_1601130223_5f6f4eef48227_4857.pdf','pdf',NULL),(353,7526,13,213,'demande_manuscrite_26-09-2020_1601135098_5f6f61fa84f36_7098.jpeg','jpeg',NULL),(354,8178,8,291,'payment_receipt_27-09-2020_1601226048_5f70c540772c9_8787.jpeg','jpeg',NULL),(355,8178,13,291,'demande_manuscrite_27-09-2020_1601226048_5f70c540852ca_280.jpeg','jpeg',NULL),(357,8178,13,292,'demande_manuscrite_27-09-2020_1601226431_5f70c6bf53b04_5281.jpeg','jpeg',NULL),(358,8178,1,292,'cin_27-09-2020_1601226431_5f70c6bf593af_7616.pdf','pdf',NULL),(359,8178,21,292,'BAC_27-09-2020_1601226431_5f70c6bf5ef09_7407.pdf','pdf',NULL),(360,8178,14,292,'copie_certifiee_conforme_notes_obtenues_après_baccalauréat_27-09-2020_1601226431_5f70c6bf6607e_8251.pdf','pdf',NULL),(361,8178,14,292,'copie_certifiee_conforme_notes_obtenues_après_baccalauréat_27-09-2020_1601226431_5f70c6bf6b763_26.pdf','pdf',NULL),(362,8178,15,292,'Copie_certifiée_conforme_diplôme_obtenu_après_baccalauréat_27-09-2020_1601226431_5f70c6bf71152_7520.pdf','pdf',NULL),(363,8178,15,292,'Copie_certifiée_conforme_diplôme_obtenu_après_baccalauréat_27-09-2020_1601226431_5f70c6bf76b70_3516.pdf','pdf',NULL),(366,8178,8,292,'payment_receipt_27-09-2020_1601227544_5f70cb18554e7_4604.jpeg','jpeg',NULL),(367,8181,1,293,'cin_27-09-2020_1601243375_5f7108ef568ba_4077.pdf','pdf',NULL),(368,8181,21,293,'BAC_27-09-2020_1601243375_5f7108ef5e546_9281.pdf','pdf',NULL),(369,8181,14,293,'copie_certifiee_conforme_notes_obtenues_après_baccalauréat_27-09-2020_1601243375_5f7108ef66fb5_8520.pdf','pdf',NULL),(370,8181,15,293,'Copie_certifiée_conforme_diplôme_obtenu_après_baccalauréat_27-09-2020_1601243375_5f7108ef6dac8_3558.pdf','pdf',NULL),(371,8181,13,293,'demande_manuscrite_28-09-2020_1601245932_5f7112ecb4b48_9041.pdf','pdf',NULL),(372,7537,8,238,'payment_receipt_28-09-2020_1601285005_5f71ab8d8ead4_4961.pdf','pdf',NULL),(373,7537,14,238,'copie_certifiee_conforme_notes_obtenues_après_baccalauréat_28-09-2020_1601285147_5f71ac1b6e613_991.pdf','pdf',NULL),(374,7537,14,238,'copie_certifiee_conforme_notes_obtenues_après_baccalauréat_28-09-2020_1601285147_5f71ac1b74a83_1809.pdf','pdf',NULL),(375,7537,14,238,'copie_certifiee_conforme_notes_obtenues_après_baccalauréat_28-09-2020_1601285147_5f71ac1b7a434_5757.jpeg','jpeg',NULL),(376,7537,21,238,'BAC_28-09-2020_1601285429_5f71ad3580a14_4725.jpeg','jpeg',NULL),(377,7537,21,238,'BAC_28-09-2020_1601285429_5f71ad358ddae_8552.jpeg','jpeg',NULL),(378,7537,15,238,'Copie_certifiée_conforme_diplôme_obtenu_après_baccalauréat_28-09-2020_1601285603_5f71ade31fb27_7950.pdf','pdf',NULL),(380,7785,8,160,'payment_receipt_28-09-2020_1601289899_5f71beabd9781_5594.jpeg','jpeg',NULL),(382,8194,8,299,'payment_receipt_28-09-2020_1601294464_5f71d080ac4d2_1335.pdf','pdf',NULL),(384,8195,1,298,'cin_28-09-2020_1601294677_5f71d15520881_6601.pdf','pdf',NULL),(385,8195,21,298,'BAC_28-09-2020_1601294677_5f71d155277b8_9580.pdf','pdf',NULL),(386,8195,14,298,'copie_certifiee_conforme_notes_obtenues_après_baccalauréat_28-09-2020_1601294677_5f71d1552eb1c_2784.pdf','pdf',NULL),(387,8195,15,298,'Copie_certifiée_conforme_diplôme_obtenu_après_baccalauréat_28-09-2020_1601294677_5f71d1553709f_4507.pdf','pdf',NULL),(389,8195,13,298,'demande_manuscrite_28-09-2020_1601295099_5f71d2fb03aed_516.pdf','pdf',NULL),(390,8195,1,298,'cin_28-09-2020_1601295099_5f71d2fb0d9a7_5922.pdf','pdf',NULL),(391,8195,21,298,'BAC_28-09-2020_1601295099_5f71d2fb132a4_313.pdf','pdf',NULL),(392,8195,14,298,'copie_certifiee_conforme_notes_obtenues_après_baccalauréat_28-09-2020_1601295099_5f71d2fb1904d_2339.pdf','pdf',NULL),(393,8195,15,298,'Copie_certifiée_conforme_diplôme_obtenu_après_baccalauréat_28-09-2020_1601295099_5f71d2fb1e976_2316.pdf','pdf',NULL),(395,7554,13,11,'demande_manuscrite_28-09-2020_1601297964_5f71de2cc54b7_5113.pdf','pdf',NULL),(396,7554,1,11,'cin_28-09-2020_1601297964_5f71de2ccae5d_1849.pdf','pdf',NULL),(397,7554,21,11,'BAC_28-09-2020_1601297964_5f71de2cd0b10_130.pdf','pdf',NULL),(398,7554,14,11,'copie_certifiee_conforme_notes_obtenues_après_baccalauréat_28-09-2020_1601297964_5f71de2cd6478_7083.pdf','pdf',NULL),(399,7554,15,11,'Copie_certifiée_conforme_diplôme_obtenu_après_baccalauréat_28-09-2020_1601297964_5f71de2cdd241_7763.pdf','pdf',NULL),(401,7554,8,11,'payment_receipt_28-09-2020_1601298215_5f71df276eb74_2149.pdf','pdf',NULL),(403,7535,8,3,'payment_receipt_28-09-2020_1601299593_5f71e48999dd4_3350.jpeg','jpeg',NULL),(404,7535,13,3,'demande_manuscrite_28-09-2020_1601299593_5f71e489a7ea1_6164.pdf','pdf',NULL),(405,7535,1,3,'cin_28-09-2020_1601299593_5f71e489aecc5_175.pdf','pdf',NULL),(406,7535,14,3,'copie_certifiee_conforme_notes_obtenues_après_baccalauréat_28-09-2020_1601299593_5f71e489b6746_2627.pdf','pdf',NULL),(407,7535,15,3,'Copie_certifiée_conforme_diplôme_obtenu_après_baccalauréat_28-09-2020_1601299593_5f71e489bcf04_5476.pdf','pdf',NULL),(408,7535,21,3,'BAC_28-09-2020_1601299766_5f71e5368bebb_7930.pdf','pdf',NULL),(416,8195,8,298,'payment_receipt_28-09-2020_1601301356_5f71eb6c01b5d_7443.pdf','pdf',NULL),(418,8159,1,305,'cin_28-09-2020_1601309810_5f720c7259dd4_1962.pdf','pdf',NULL),(419,8159,21,305,'BAC_28-09-2020_1601309810_5f720c725f548_4273.pdf','pdf',NULL),(420,8159,14,305,'copie_certifiee_conforme_notes_obtenues_après_baccalauréat_28-09-2020_1601309810_5f720c7265540_800.pdf','pdf',NULL),(421,8159,14,305,'copie_certifiee_conforme_notes_obtenues_après_baccalauréat_28-09-2020_1601309810_5f720c726a9c2_6145.pdf','pdf',NULL),(422,8159,15,305,'Copie_certifiée_conforme_diplôme_obtenu_après_baccalauréat_28-09-2020_1601309810_5f720c72703cd_3149.pdf','pdf',NULL),(423,8159,15,305,'Copie_certifiée_conforme_diplôme_obtenu_après_baccalauréat_28-09-2020_1601309810_5f720c7275da5_4155.pdf','pdf',NULL),(424,8159,8,305,'payment_receipt_28-09-2020_1601310797_5f72104deb43d_2563.jpeg','jpeg',NULL),(425,8159,13,305,'demande_manuscrite_28-09-2020_1601310798_5f72104e0258b_3094.png','png',NULL),(426,8159,1,305,'cin_28-09-2020_1601310798_5f72104e09874_9578.pdf','pdf',NULL),(427,8159,21,305,'BAC_28-09-2020_1601310798_5f72104e0f211_9299.pdf','pdf',NULL),(428,8159,14,305,'copie_certifiee_conforme_notes_obtenues_après_baccalauréat_28-09-2020_1601310798_5f72104e15148_1340.pdf','pdf',NULL),(429,8159,14,305,'copie_certifiee_conforme_notes_obtenues_après_baccalauréat_28-09-2020_1601310798_5f72104e1a5f5_4869.pdf','pdf',NULL),(430,8159,15,305,'Copie_certifiée_conforme_diplôme_obtenu_après_baccalauréat_28-09-2020_1601310798_5f72104e1ffff_3729.pdf','pdf',NULL),(431,8159,15,305,'Copie_certifiée_conforme_diplôme_obtenu_après_baccalauréat_28-09-2020_1601310798_5f72104e259e6_4766.pdf','pdf',NULL),(433,8118,13,303,'demande_manuscrite_28-09-2020_1601312269_5f72160d27822_4683.jpeg','jpeg',NULL),(434,8118,1,303,'cin_28-09-2020_1601312269_5f72160d2d366_3419.jpeg','jpeg',NULL),(435,8118,1,303,'cin_28-09-2020_1601312269_5f72160d3424f_93.jpeg','jpeg',NULL),(436,8118,21,303,'BAC_28-09-2020_1601312269_5f72160d3b4f2_3439.jpeg','jpeg',NULL),(437,8118,14,303,'copie_certifiee_conforme_notes_obtenues_après_baccalauréat_28-09-2020_1601312269_5f72160d422a1_2043.jpeg','jpeg',NULL),(438,8118,14,303,'copie_certifiee_conforme_notes_obtenues_après_baccalauréat_28-09-2020_1601312269_5f72160d4934d_9054.jpeg','jpeg',NULL),(439,8118,14,303,'copie_certifiee_conforme_notes_obtenues_après_baccalauréat_28-09-2020_1601312269_5f72160d5197d_1317.jpeg','jpeg',NULL),(440,8118,15,303,'Copie_certifiée_conforme_diplôme_obtenu_après_baccalauréat_28-09-2020_1601312269_5f72160d5895b_6238.jpeg','jpeg',NULL),(441,8118,8,303,'payment_receipt_28-09-2020_1601312394_5f72168a9c889_4761.jpeg','jpeg',NULL),(442,8205,1,306,'cin_28-09-2020_1601313400_5f721a783ddfe_8003.pdf','pdf',NULL),(443,8205,21,306,'BAC_28-09-2020_1601313400_5f721a784488f_4832.pdf','pdf',NULL),(444,8205,14,306,'copie_certifiee_conforme_notes_obtenues_après_baccalauréat_28-09-2020_1601313400_5f721a784a291_4682.pdf','pdf',NULL),(445,8205,15,306,'Copie_certifiée_conforme_diplôme_obtenu_après_baccalauréat_28-09-2020_1601313400_5f721a784fb57_3856.pdf','pdf',NULL),(447,8192,13,311,'demande_manuscrite_28-09-2020_1601317454_5f722a4e8611e_4297.jpeg','jpeg',NULL),(448,8192,1,311,'cin_28-09-2020_1601317454_5f722a4e8b7b7_1853.pdf','pdf',NULL),(449,8192,21,311,'BAC_28-09-2020_1601317454_5f722a4e91781_2213.pdf','pdf',NULL),(450,8192,14,311,'copie_certifiee_conforme_notes_obtenues_après_baccalauréat_28-09-2020_1601317454_5f722a4e983f7_3617.jpeg','jpeg',NULL),(451,8192,15,311,'Copie_certifiée_conforme_diplôme_obtenu_après_baccalauréat_28-09-2020_1601317454_5f722a4e9de1f_9055.jpeg','jpeg',NULL),(452,8192,8,311,'payment_receipt_28-09-2020_1601317567_5f722abf2eaa6_6370.jpeg','jpeg',NULL),(454,8209,13,309,'demande_manuscrite_28-09-2020_1601317935_5f722c2f24d02_2418.pdf','pdf',NULL),(455,8209,1,309,'cin_28-09-2020_1601317935_5f722c2f2bdea_7587.pdf','pdf',NULL),(456,8209,21,309,'BAC_28-09-2020_1601317935_5f722c2f32fe9_6933.pdf','pdf',NULL),(457,8209,15,309,'Copie_certifiée_conforme_diplôme_obtenu_après_baccalauréat_28-09-2020_1601317935_5f722c2f38bbf_8675.pdf','pdf',NULL),(458,8209,14,309,'copie_certifiee_conforme_notes_obtenues_après_baccalauréat_28-09-2020_1601318216_5f722d487632e_5974.pdf','pdf',NULL),(459,8209,8,309,'payment_receipt_28-09-2020_1601318251_5f722d6b82e10_3937.pdf','pdf',NULL),(465,8225,1,320,'cin_29-09-2020_1601337698_5f727962aab64_6667.pdf','pdf',NULL),(466,8225,1,320,'cin_29-09-2020_1601337698_5f727962b04fc_5078.pdf','pdf',NULL),(467,8225,21,320,'BAC_29-09-2020_1601337698_5f727962b5fd7_2870.pdf','pdf',NULL),(468,8225,21,320,'BAC_29-09-2020_1601337698_5f727962bbc32_968.pdf','pdf',NULL),(469,8225,14,320,'copie_certifiee_conforme_notes_obtenues_après_baccalauréat_29-09-2020_1601337698_5f727962c2cf5_5537.pdf','pdf',NULL),(470,8225,14,320,'copie_certifiee_conforme_notes_obtenues_après_baccalauréat_29-09-2020_1601337698_5f727962d0a97_7650.pdf','pdf',NULL),(471,8225,14,320,'copie_certifiee_conforme_notes_obtenues_après_baccalauréat_29-09-2020_1601337698_5f727962d7aaa_6688.pdf','pdf',NULL),(472,8225,14,320,'copie_certifiee_conforme_notes_obtenues_après_baccalauréat_29-09-2020_1601337698_5f727962dea56_2133.pdf','pdf',NULL),(473,8225,14,320,'copie_certifiee_conforme_notes_obtenues_après_baccalauréat_29-09-2020_1601337698_5f727962e59e5_2799.pdf','pdf',NULL),(474,8225,15,320,'Copie_certifiée_conforme_diplôme_obtenu_après_baccalauréat_29-09-2020_1601337698_5f727962ecb7a_3505.pdf','pdf',NULL),(475,8225,15,320,'Copie_certifiée_conforme_diplôme_obtenu_après_baccalauréat_29-09-2020_1601337698_5f727962f252a_9820.pdf','pdf',NULL),(477,8225,13,320,'demande_manuscrite_29-09-2020_1601337983_5f727a7fe19f0_2952.pdf','pdf',NULL),(478,8225,1,320,'cin_29-09-2020_1601337983_5f727a7fecde2_3666.pdf','pdf',NULL),(479,8225,1,320,'cin_29-09-2020_1601337983_5f727a7ff27ba_41.pdf','pdf',NULL),(480,8225,21,320,'BAC_29-09-2020_1601337984_5f727a8004007_6920.pdf','pdf',NULL),(481,8225,21,320,'BAC_29-09-2020_1601337984_5f727a800b27a_7521.pdf','pdf',NULL),(482,8225,14,320,'copie_certifiee_conforme_notes_obtenues_après_baccalauréat_29-09-2020_1601337984_5f727a8010f44_3741.pdf','pdf',NULL),(483,8225,14,320,'copie_certifiee_conforme_notes_obtenues_après_baccalauréat_29-09-2020_1601337984_5f727a8016575_125.pdf','pdf',NULL),(484,8225,14,320,'copie_certifiee_conforme_notes_obtenues_après_baccalauréat_29-09-2020_1601337984_5f727a801be97_1017.pdf','pdf',NULL),(485,8225,14,320,'copie_certifiee_conforme_notes_obtenues_après_baccalauréat_29-09-2020_1601337984_5f727a8021758_3744.pdf','pdf',NULL),(486,8225,14,320,'copie_certifiee_conforme_notes_obtenues_après_baccalauréat_29-09-2020_1601337984_5f727a80271ee_3827.pdf','pdf',NULL),(487,8225,15,320,'Copie_certifiée_conforme_diplôme_obtenu_après_baccalauréat_29-09-2020_1601337984_5f727a802cb4c_9774.pdf','pdf',NULL),(488,8225,15,320,'Copie_certifiée_conforme_diplôme_obtenu_après_baccalauréat_29-09-2020_1601337984_5f727a8032598_3844.pdf','pdf',NULL),(489,8225,8,320,'payment_receipt_29-09-2020_1601338320_5f727bd00d952_1629.pdf','pdf',NULL),(490,8167,8,286,'payment_receipt_29-09-2020_1601371198_5f72fc3e263c8_8490.pdf','pdf',NULL),(491,8167,13,286,'demande_manuscrite_29-09-2020_1601371198_5f72fc3e2ca7a_6030.pdf','pdf',NULL),(492,8167,1,286,'cin_29-09-2020_1601371198_5f72fc3e322c5_6647.pdf','pdf',NULL),(493,8167,21,286,'BAC_29-09-2020_1601371198_5f72fc3e37d56_2857.pdf','pdf',NULL),(494,8167,14,286,'copie_certifiee_conforme_notes_obtenues_après_baccalauréat_29-09-2020_1601371198_5f72fc3e3d90a_6114.pdf','pdf',NULL),(495,8167,15,286,'Copie_certifiée_conforme_diplôme_obtenu_après_baccalauréat_29-09-2020_1601371198_5f72fc3e4349c_913.pdf','pdf',NULL),(496,8167,14,286,'copie_certifiee_conforme_notes_obtenues_après_baccalauréat_29-09-2020_1601371315_5f72fcb3358b8_3371.pdf','pdf',NULL),(497,8167,14,286,'copie_certifiee_conforme_notes_obtenues_après_baccalauréat_29-09-2020_1601371333_5f72fcc51f9b1_6678.pdf','pdf',NULL),(498,8167,15,286,'Copie_certifiée_conforme_diplôme_obtenu_après_baccalauréat_29-09-2020_1601371417_5f72fd197fae6_754.pdf','pdf',NULL),(499,8232,8,327,'payment_receipt_29-09-2020_1601375843_5f730e63a7111_3225.pdf','pdf',NULL),(500,8232,13,327,'demande_manuscrite_29-09-2020_1601375843_5f730e63af376_5138.pdf','pdf',NULL),(501,8232,1,327,'cin_29-09-2020_1601375843_5f730e63b629f_7095.pdf','pdf',NULL),(502,8232,21,327,'BAC_29-09-2020_1601375843_5f730e63bd8a5_4038.pdf','pdf',NULL),(504,8232,14,327,'copie_certifiee_conforme_notes_obtenues_après_baccalauréat_29-09-2020_1601376060_5f730f3c92d88_2749.pdf','pdf',NULL),(505,8232,14,327,'copie_certifiee_conforme_notes_obtenues_après_baccalauréat_29-09-2020_1601376060_5f730f3c99db6_2941.pdf','pdf',NULL),(506,8232,14,327,'copie_certifiee_conforme_notes_obtenues_après_baccalauréat_29-09-2020_1601376060_5f730f3c9f80e_2841.pdf','pdf',NULL),(507,8232,14,327,'copie_certifiee_conforme_notes_obtenues_après_baccalauréat_29-09-2020_1601376060_5f730f3ca5169_6512.pdf','pdf',NULL),(508,8232,14,327,'copie_certifiee_conforme_notes_obtenues_après_baccalauréat_29-09-2020_1601376060_5f730f3caaafe_7756.pdf','pdf',NULL),(509,8232,14,327,'copie_certifiee_conforme_notes_obtenues_après_baccalauréat_29-09-2020_1601376060_5f730f3cb1b9c_9444.pdf','pdf',NULL),(510,8232,15,327,'Copie_certifiée_conforme_diplôme_obtenu_après_baccalauréat_29-09-2020_1601376192_5f730fc0a3a2f_3682.pdf','pdf',NULL),(511,8232,15,327,'Copie_certifiée_conforme_diplôme_obtenu_après_baccalauréat_29-09-2020_1601376192_5f730fc0b1fe8_9793.pdf','pdf',NULL),(514,7945,8,181,'payment_receipt_29-09-2020_1601379799_5f731dd712cd7_2554.pdf','pdf',NULL),(515,7945,13,181,'demande_manuscrite_29-09-2020_1601379799_5f731dd71f3c5_5113.pdf','pdf',NULL),(516,7945,1,181,'cin_29-09-2020_1601379799_5f731dd724e68_5968.pdf','pdf',NULL),(517,7945,21,181,'BAC_29-09-2020_1601379799_5f731dd72bc1d_4155.jpeg','jpeg',NULL),(518,7945,21,181,'BAC_29-09-2020_1601379799_5f731dd731814_6654.jpeg','jpeg',NULL),(519,7945,14,181,'copie_certifiee_conforme_notes_obtenues_après_baccalauréat_29-09-2020_1601379799_5f731dd736fbe_9282.jpeg','jpeg',NULL),(520,7945,14,181,'copie_certifiee_conforme_notes_obtenues_après_baccalauréat_29-09-2020_1601379799_5f731dd73ca2a_6668.jpeg','jpeg',NULL),(521,7945,14,181,'copie_certifiee_conforme_notes_obtenues_après_baccalauréat_29-09-2020_1601379799_5f731dd74241d_6775.jpeg','jpeg',NULL),(522,7945,14,181,'copie_certifiee_conforme_notes_obtenues_après_baccalauréat_29-09-2020_1601379799_5f731dd747df4_549.jpeg','jpeg',NULL),(523,7945,14,181,'copie_certifiee_conforme_notes_obtenues_après_baccalauréat_29-09-2020_1601379799_5f731dd74d7e5_9601.jpeg','jpeg',NULL),(524,7945,14,181,'copie_certifiee_conforme_notes_obtenues_après_baccalauréat_29-09-2020_1601379799_5f731dd7531ab_216.jpeg','jpeg',NULL),(525,7945,15,181,'Copie_certifiée_conforme_diplôme_obtenu_après_baccalauréat_29-09-2020_1601379799_5f731dd758b35_4569.jpeg','jpeg',NULL),(527,8040,13,244,'demande_manuscrite_29-09-2020_1601381326_5f7323ce69b55_4857.pdf','pdf',NULL),(528,8040,1,244,'cin_29-09-2020_1601381326_5f7323ce6f3f9_2987.pdf','pdf',NULL),(529,8040,21,244,'BAC_29-09-2020_1601381326_5f7323ce750a2_2468.pdf','pdf',NULL),(530,8040,14,244,'copie_certifiee_conforme_notes_obtenues_après_baccalauréat_29-09-2020_1601381326_5f7323ce7aa58_2483.pdf','pdf',NULL),(531,8040,15,244,'Copie_certifiée_conforme_diplôme_obtenu_après_baccalauréat_29-09-2020_1601381326_5f7323ce80225_725.pdf','pdf',NULL),(532,8040,8,244,'payment_receipt_29-09-2020_1601381399_5f732417a9863_5913.pdf','pdf',NULL),(536,8119,8,264,'payment_receipt_29-09-2020_1601382581_5f7328b523ea4_5304.jpeg','jpeg',NULL),(538,8075,13,329,'demande_manuscrite_29-09-2020_1601382633_5f7328e9a1798_8992.pdf','pdf',NULL),(539,8075,1,329,'cin_29-09-2020_1601382633_5f7328e9ae698_2385.pdf','pdf',NULL),(540,8075,14,329,'copie_certifiee_conforme_notes_obtenues_après_baccalauréat_29-09-2020_1601382633_5f7328e9b559b_7446.pdf','pdf',NULL),(541,8075,15,329,'Copie_certifiée_conforme_diplôme_obtenu_après_baccalauréat_29-09-2020_1601382633_5f7328e9baafa_253.pdf','pdf',NULL),(547,8075,21,329,'BAC_29-09-2020_1601383843_5f732da37d9e0_2734.jpeg','jpeg',NULL),(548,8075,8,329,'payment_receipt_29-09-2020_1601383963_5f732e1b9f19a_8879.jpeg','jpeg',NULL),(549,7526,21,213,'BAC_29-09-2020_1601385567_5f73345fac1f8_3529.pdf','pdf',NULL),(550,7526,14,213,'copie_certifiee_conforme_notes_obtenues_après_baccalauréat_29-09-2020_1601385567_5f73345fb442d_1317.jpeg','jpeg',NULL),(551,7526,14,213,'copie_certifiee_conforme_notes_obtenues_après_baccalauréat_29-09-2020_1601385567_5f73345fbb875_5237.jpeg','jpeg',NULL),(552,7526,14,213,'copie_certifiee_conforme_notes_obtenues_après_baccalauréat_29-09-2020_1601385567_5f73345fc2263_5542.jpeg','jpeg',NULL),(553,7526,14,213,'copie_certifiee_conforme_notes_obtenues_après_baccalauréat_29-09-2020_1601385567_5f73345fc929c_5187.jpeg','jpeg',NULL),(554,7526,14,213,'copie_certifiee_conforme_notes_obtenues_après_baccalauréat_29-09-2020_1601385567_5f73345fd0381_7028.jpeg','jpeg',NULL),(562,8015,13,214,'demande_manuscrite_29-09-2020_1601387987_5f733dd333402_5650.jpeg','jpeg',NULL),(563,8015,1,214,'cin_29-09-2020_1601387987_5f733dd338bcc_7989.jpeg','jpeg',NULL),(564,8015,21,214,'BAC_29-09-2020_1601387987_5f733dd33e649_4340.jpeg','jpeg',NULL),(565,8015,14,214,'copie_certifiee_conforme_notes_obtenues_après_baccalauréat_29-09-2020_1601387987_5f733dd344059_9952.jpeg','jpeg',NULL),(566,8015,14,214,'copie_certifiee_conforme_notes_obtenues_après_baccalauréat_29-09-2020_1601387987_5f733dd349a18_8546.jpeg','jpeg',NULL),(567,8015,15,214,'Copie_certifiée_conforme_diplôme_obtenu_après_baccalauréat_29-09-2020_1601387987_5f733dd34f2b3_2615.jpeg','jpeg',NULL),(568,8015,8,214,'payment_receipt_29-09-2020_1601388222_5f733ebe9bfd8_9872.jpeg','jpeg',NULL),(570,8207,13,308,'demande_manuscrite_29-09-2020_1601388225_5f733ec1a1c36_2052.pdf','pdf',NULL),(571,8207,1,308,'cin_29-09-2020_1601388225_5f733ec1a5dc1_3308.pdf','pdf',NULL),(572,8207,21,308,'BAC_29-09-2020_1601388225_5f733ec1ae4eb_5832.pdf','pdf',NULL),(573,8207,14,308,'copie_certifiee_conforme_notes_obtenues_après_baccalauréat_29-09-2020_1601388225_5f733ec1b552d_3487.pdf','pdf',NULL),(574,8207,15,308,'Copie_certifiée_conforme_diplôme_obtenu_après_baccalauréat_29-09-2020_1601388225_5f733ec1bc88d_790.pdf','pdf',NULL),(575,8194,13,299,'demande_manuscrite_29-09-2020_1601388259_5f733ee3b7bce_9995.pdf','pdf',NULL),(576,7785,13,160,'demande_manuscrite_29-09-2020_1601388268_5f733eec1d043_8391.pdf','pdf',NULL),(577,7785,1,160,'cin_29-09-2020_1601388268_5f733eec233ac_3770.jpeg','jpeg',NULL),(578,7785,1,160,'cin_29-09-2020_1601388268_5f733eec2a364_6573.jpeg','jpeg',NULL),(579,7785,21,160,'BAC_29-09-2020_1601388268_5f733eec2fea6_5470.pdf','pdf',NULL),(580,7785,15,160,'Copie_certifiée_conforme_diplôme_obtenu_après_baccalauréat_29-09-2020_1601388268_5f733eec360db_1848.pdf','pdf',NULL),(581,8207,8,308,'payment_receipt_29-09-2020_1601388290_5f733f02f28b8_7854.pdf','pdf',NULL),(582,8194,1,299,'cin_29-09-2020_1601388388_5f733f6434a5f_6159.pdf','pdf',NULL),(583,8194,21,299,'BAC_29-09-2020_1601388649_5f73406927da5_3037.pdf','pdf',NULL),(584,7785,14,160,'copie_certifiee_conforme_notes_obtenues_après_baccalauréat_29-09-2020_1601388649_5f734069e7aeb_5844.pdf','pdf',NULL),(585,7785,14,160,'copie_certifiee_conforme_notes_obtenues_après_baccalauréat_29-09-2020_1601388649_5f734069edc91_3974.pdf','pdf',NULL),(586,7785,14,160,'copie_certifiee_conforme_notes_obtenues_après_baccalauréat_29-09-2020_1601388649_5f734069f3731_8338.pdf','pdf',NULL),(587,8194,14,299,'copie_certifiee_conforme_notes_obtenues_après_baccalauréat_29-09-2020_1601389059_5f73420346f3d_8671.pdf','pdf',NULL),(588,8194,15,299,'Copie_certifiée_conforme_diplôme_obtenu_après_baccalauréat_29-09-2020_1601389364_5f734334d0119_2810.pdf','pdf',NULL),(591,8245,1,334,'cin_29-09-2020_1601391407_5f734b2f6dc5d_9587.pdf','pdf',NULL),(592,8245,21,334,'BAC_29-09-2020_1601391407_5f734b2f73a43_7552.pdf','pdf',NULL),(593,8245,15,334,'Copie_certifiée_conforme_diplôme_obtenu_après_baccalauréat_29-09-2020_1601391407_5f734b2f795d9_6484.pdf','pdf',NULL),(595,8245,8,334,'payment_receipt_29-09-2020_1601392276_5f734e94049f2_6738.pdf','pdf',NULL),(596,8245,13,334,'demande_manuscrite_29-09-2020_1601392276_5f734e9410cdd_6315.pdf','pdf',NULL),(597,8245,1,334,'cin_29-09-2020_1601392276_5f734e941c0cd_331.pdf','pdf',NULL),(599,8245,15,334,'Copie_certifiée_conforme_diplôme_obtenu_après_baccalauréat_29-09-2020_1601392276_5f734e94279da_9691.pdf','pdf',NULL),(601,8245,14,334,'copie_certifiee_conforme_notes_obtenues_après_baccalauréat_29-09-2020_1601392633_5f734ff9b561b_2995.pdf','pdf',NULL),(604,8246,1,333,'cin_29-09-2020_1601393031_5f735187decfb_596.pdf','pdf',NULL),(605,8246,21,333,'BAC_29-09-2020_1601393031_5f735187e49cf_2815.pdf','pdf',NULL),(606,8246,14,333,'copie_certifiee_conforme_notes_obtenues_après_baccalauréat_29-09-2020_1601393031_5f735187ea0dd_1042.pdf','pdf',NULL),(607,8246,15,333,'Copie_certifiée_conforme_diplôme_obtenu_après_baccalauréat_29-09-2020_1601393031_5f735187efa20_8868.pdf','pdf',NULL),(609,7560,13,302,'demande_manuscrite_29-09-2020_1601393106_5f7351d259a5c_3979.pdf','pdf',NULL),(610,7560,1,302,'cin_29-09-2020_1601393106_5f7351d25f56a_3119.pdf','pdf',NULL),(611,7560,21,302,'BAC_29-09-2020_1601393106_5f7351d264ff8_1940.pdf','pdf',NULL),(612,7560,14,302,'copie_certifiee_conforme_notes_obtenues_après_baccalauréat_29-09-2020_1601393106_5f7351d26aa30_9379.pdf','pdf',NULL),(613,7560,15,302,'Copie_certifiée_conforme_diplôme_obtenu_après_baccalauréat_29-09-2020_1601393106_5f7351d2702f2_46.pdf','pdf',NULL),(614,7560,8,302,'payment_receipt_29-09-2020_1601393324_5f7352acb2b3f_1338.pdf','pdf',NULL),(615,8089,8,259,'payment_receipt_29-09-2020_1601393689_5f73541972194_6745.jpeg','jpeg',NULL),(616,8089,13,259,'demande_manuscrite_29-09-2020_1601393689_5f7354197797a_6289.pdf','pdf',NULL),(617,8089,1,259,'cin_29-09-2020_1601393689_5f7354197d32c_796.pdf','pdf',NULL),(618,8089,21,259,'BAC_29-09-2020_1601393689_5f73541982e43_2380.pdf','pdf',NULL),(619,8089,14,259,'copie_certifiee_conforme_notes_obtenues_après_baccalauréat_29-09-2020_1601393689_5f73541988d50_4006.pdf','pdf',NULL),(620,8089,14,259,'copie_certifiee_conforme_notes_obtenues_après_baccalauréat_29-09-2020_1601393689_5f7354198e2ec_6964.pdf','pdf',NULL),(621,8089,14,259,'copie_certifiee_conforme_notes_obtenues_après_baccalauréat_29-09-2020_1601393689_5f73541993ca0_2834.pdf','pdf',NULL),(622,8089,14,259,'copie_certifiee_conforme_notes_obtenues_après_baccalauréat_29-09-2020_1601393689_5f7354199965d_9509.pdf','pdf',NULL),(623,8089,15,259,'Copie_certifiée_conforme_diplôme_obtenu_après_baccalauréat_29-09-2020_1601393689_5f7354199f066_7784.pdf','pdf',NULL),(624,8089,15,259,'Copie_certifiée_conforme_diplôme_obtenu_après_baccalauréat_29-09-2020_1601393689_5f735419a4a4b_7372.pdf','pdf',NULL),(626,8246,8,333,'payment_receipt_29-09-2020_1601394067_5f7355938c5f3_7772.pdf','pdf',NULL),(627,8246,13,333,'demande_manuscrite_29-09-2020_1601394067_5f735593988ef_5206.pdf','pdf',NULL),(628,8246,1,333,'cin_29-09-2020_1601394067_5f735593a3e3d_5248.pdf','pdf',NULL),(629,8246,21,333,'BAC_29-09-2020_1601394067_5f735593a9a3b_9667.pdf','pdf',NULL),(630,8246,14,333,'copie_certifiee_conforme_notes_obtenues_après_baccalauréat_29-09-2020_1601394067_5f735593af06e_8382.pdf','pdf',NULL),(633,7711,1,120,'cin_29-09-2020_1601396748_5f73600c31b19_4221.jpeg','jpeg',NULL),(634,7711,21,120,'BAC_29-09-2020_1601396748_5f73600c38b34_5342.jpeg','jpeg',NULL),(635,7711,21,120,'BAC_29-09-2020_1601396748_5f73600c3fbd4_9319.jpeg','jpeg',NULL),(636,7711,14,120,'copie_certifiee_conforme_notes_obtenues_après_baccalauréat_29-09-2020_1601396748_5f73600c46c3b_3199.jpeg','jpeg',NULL),(637,7711,14,120,'copie_certifiee_conforme_notes_obtenues_après_baccalauréat_29-09-2020_1601396748_5f73600c4dbd3_2566.jpeg','jpeg',NULL),(638,7711,14,120,'copie_certifiee_conforme_notes_obtenues_après_baccalauréat_29-09-2020_1601396748_5f73600c54c60_349.jpeg','jpeg',NULL),(639,7711,14,120,'copie_certifiee_conforme_notes_obtenues_après_baccalauréat_29-09-2020_1601396748_5f73600c5a5c3_1700.jpeg','jpeg',NULL),(640,7711,14,120,'copie_certifiee_conforme_notes_obtenues_après_baccalauréat_29-09-2020_1601396748_5f73600c60071_5182.jpeg','jpeg',NULL),(641,7711,8,120,'payment_receipt_29-09-2020_1601396820_5f73605402e01_6439.jpeg','jpeg',NULL),(642,7711,13,120,'demande_manuscrite_29-09-2020_1601396820_5f736054169cb_3153.jpeg','jpeg',NULL),(643,7711,1,120,'cin_29-09-2020_1601396820_5f73605422294_5605.jpeg','jpeg',NULL),(644,7711,21,120,'BAC_29-09-2020_1601396820_5f73605428cae_597.jpeg','jpeg',NULL),(645,7711,21,120,'BAC_29-09-2020_1601396820_5f7360542fcda_2955.jpeg','jpeg',NULL),(646,7711,14,120,'copie_certifiee_conforme_notes_obtenues_après_baccalauréat_29-09-2020_1601396820_5f73605436cc1_1238.jpeg','jpeg',NULL),(647,7711,14,120,'copie_certifiee_conforme_notes_obtenues_après_baccalauréat_29-09-2020_1601396820_5f7360543dd51_6308.jpeg','jpeg',NULL),(648,7711,14,120,'copie_certifiee_conforme_notes_obtenues_après_baccalauréat_29-09-2020_1601396820_5f73605444ddc_3148.jpeg','jpeg',NULL),(649,7711,14,120,'copie_certifiee_conforme_notes_obtenues_après_baccalauréat_29-09-2020_1601396820_5f7360544be29_5708.jpeg','jpeg',NULL),(650,7711,15,120,'Copie_certifiée_conforme_diplôme_obtenu_après_baccalauréat_29-09-2020_1601396879_5f73608fe6d8e_8657.jpeg','jpeg',NULL),(651,7711,15,120,'Copie_certifiée_conforme_diplôme_obtenu_après_baccalauréat_29-09-2020_1601396879_5f73608fee8e0_6470.jpeg','jpeg',NULL),(652,8119,1,264,'cin_29-09-2020_1601397316_5f7362440d149_1830.jpeg','jpeg',NULL),(653,8119,1,264,'cin_29-09-2020_1601397316_5f7362441b9e1_5178.jpeg','jpeg',NULL),(656,8230,13,326,'demande_manuscrite_29-09-2020_1601403218_5f73795204934_3668.pdf','pdf',NULL),(657,8230,1,326,'cin_29-09-2020_1601403218_5f7379520a137_9674.pdf','pdf',NULL),(658,8230,1,326,'cin_29-09-2020_1601403218_5f7379520fbac_7633.pdf','pdf',NULL),(659,8230,21,326,'BAC_29-09-2020_1601403218_5f737952156cc_3418.pdf','pdf',NULL),(660,8230,14,326,'copie_certifiee_conforme_notes_obtenues_après_baccalauréat_29-09-2020_1601403218_5f7379521b1c7_5035.pdf','pdf',NULL),(661,8230,14,326,'copie_certifiee_conforme_notes_obtenues_après_baccalauréat_29-09-2020_1601403218_5f73795220957_1928.pdf','pdf',NULL),(662,8230,14,326,'copie_certifiee_conforme_notes_obtenues_après_baccalauréat_29-09-2020_1601403218_5f7379522626d_4027.pdf','pdf',NULL),(663,8230,14,326,'copie_certifiee_conforme_notes_obtenues_après_baccalauréat_29-09-2020_1601403218_5f7379522d3f1_8397.pdf','pdf',NULL),(664,8230,14,326,'copie_certifiee_conforme_notes_obtenues_après_baccalauréat_29-09-2020_1601403218_5f73795232e58_7729.pdf','pdf',NULL),(665,8230,14,326,'copie_certifiee_conforme_notes_obtenues_après_baccalauréat_29-09-2020_1601403218_5f7379523e201_7353.pdf','pdf',NULL),(666,8230,15,326,'Copie_certifiée_conforme_diplôme_obtenu_après_baccalauréat_29-09-2020_1601403218_5f73795243c92_4751.pdf','pdf',NULL),(667,8230,15,326,'Copie_certifiée_conforme_diplôme_obtenu_après_baccalauréat_29-09-2020_1601403218_5f73795249541_4747.pdf','pdf',NULL),(668,8230,8,326,'payment_receipt_29-09-2020_1601403630_5f737aee87cea_7987.pdf','pdf',NULL),(669,8260,13,340,'demande_manuscrite_29-09-2020_1601404173_5f737d0dc8463_2332.jpeg','jpeg',NULL),(670,8260,1,340,'cin_29-09-2020_1601404173_5f737d0dcf0f9_737.pdf','pdf',NULL),(671,8260,21,340,'BAC_29-09-2020_1601404173_5f737d0dd4ba5_793.pdf','pdf',NULL),(672,8260,14,340,'copie_certifiee_conforme_notes_obtenues_après_baccalauréat_29-09-2020_1601404173_5f737d0dda728_6822.pdf','pdf',NULL),(673,8260,14,340,'copie_certifiee_conforme_notes_obtenues_après_baccalauréat_29-09-2020_1601404244_5f737d54034d8_3554.pdf','pdf',NULL),(675,8215,1,317,'cin_29-09-2020_1601405156_5f7380e4591f7_3168.jpeg','jpeg',NULL),(676,8215,21,317,'BAC_29-09-2020_1601405230_5f73812e57a11_657.jpeg','jpeg',NULL),(677,8215,21,317,'BAC_29-09-2020_1601405230_5f73812e5edf1_1146.jpeg','jpeg',NULL),(678,8215,1,317,'cin_29-09-2020_1601405246_5f73813ecd5e3_8153.jpeg','jpeg',NULL),(680,8215,14,317,'copie_certifiee_conforme_notes_obtenues_après_baccalauréat_29-09-2020_1601405285_5f738165cee7a_3202.jpeg','jpeg',NULL),(681,8215,14,317,'copie_certifiee_conforme_notes_obtenues_après_baccalauréat_29-09-2020_1601405285_5f738165d49f5_6.jpeg','jpeg',NULL),(682,8215,14,317,'copie_certifiee_conforme_notes_obtenues_après_baccalauréat_29-09-2020_1601405285_5f738165da3f1_6266.jpeg','jpeg',NULL),(683,8215,14,317,'copie_certifiee_conforme_notes_obtenues_après_baccalauréat_29-09-2020_1601405285_5f738165dfd3a_395.jpeg','jpeg',NULL),(684,8215,15,317,'Copie_certifiée_conforme_diplôme_obtenu_après_baccalauréat_29-09-2020_1601405355_5f7381ab65876_5714.jpeg','jpeg',NULL),(685,8215,15,317,'Copie_certifiée_conforme_diplôme_obtenu_après_baccalauréat_29-09-2020_1601405355_5f7381ab6dc30_9072.jpeg','jpeg',NULL),(687,8153,13,278,'demande_manuscrite_29-09-2020_1601407950_5f738bceef08b_2967.jpeg','jpeg',NULL),(688,8153,1,278,'cin_29-09-2020_1601407950_5f738bcf00790_6438.pdf','pdf',NULL),(689,8153,21,278,'BAC_29-09-2020_1601407951_5f738bcf0641c_7063.pdf','pdf',NULL),(690,8153,14,278,'copie_certifiee_conforme_notes_obtenues_après_baccalauréat_29-09-2020_1601407951_5f738bcf0bb28_4572.pdf','pdf',NULL),(692,8153,8,278,'payment_receipt_29-09-2020_1601408034_5f738c22a3be9_2411.jpeg','jpeg',NULL),(697,7550,13,141,'demande_manuscrite_29-09-2020_1601410847_5f73971f190fe_3103.jpeg','jpeg',NULL),(698,7550,1,141,'cin_29-09-2020_1601410847_5f73971f1e92b_1912.jpeg','jpeg',NULL),(699,7550,1,141,'cin_29-09-2020_1601410847_5f73971f243d1_4656.jpeg','jpeg',NULL),(700,7550,21,141,'BAC_29-09-2020_1601410847_5f73971f29f38_5361.jpeg','jpeg',NULL),(701,7550,21,141,'BAC_29-09-2020_1601410847_5f73971f3260e_6598.jpeg','jpeg',NULL),(702,7550,14,141,'copie_certifiee_conforme_notes_obtenues_après_baccalauréat_29-09-2020_1601410847_5f73971f37e3a_1582.jpeg','jpeg',NULL),(703,7550,14,141,'copie_certifiee_conforme_notes_obtenues_après_baccalauréat_29-09-2020_1601410847_5f73971f3d807_3378.jpeg','jpeg',NULL),(704,7550,14,141,'copie_certifiee_conforme_notes_obtenues_après_baccalauréat_29-09-2020_1601410847_5f73971f4489c_6146.jpeg','jpeg',NULL),(705,7550,14,141,'copie_certifiee_conforme_notes_obtenues_après_baccalauréat_29-09-2020_1601410847_5f73971f4a373_114.jpeg','jpeg',NULL),(706,7550,14,141,'copie_certifiee_conforme_notes_obtenues_après_baccalauréat_29-09-2020_1601410847_5f73971f4fcee_9904.jpeg','jpeg',NULL),(707,7550,14,141,'copie_certifiee_conforme_notes_obtenues_après_baccalauréat_29-09-2020_1601410847_5f73971f55674_347.jpeg','jpeg',NULL),(708,7550,15,141,'Copie_certifiée_conforme_diplôme_obtenu_après_baccalauréat_29-09-2020_1601410847_5f73971f5b0cd_4363.jpeg','jpeg',NULL),(709,7550,15,141,'Copie_certifiée_conforme_diplôme_obtenu_après_baccalauréat_29-09-2020_1601410847_5f73971f60a54_4122.jpeg','jpeg',NULL),(726,7544,8,7,'payment_receipt_29-09-2020_1601412999_5f739f8709c76_8143.pdf','pdf',NULL),(727,7544,13,7,'demande_manuscrite_29-09-2020_1601412999_5f739f87175a4_8016.pdf','pdf',NULL),(728,7544,1,7,'cin_29-09-2020_1601412999_5f739f871ce18_514.pdf','pdf',NULL),(729,7544,21,7,'BAC_29-09-2020_1601412999_5f739f872284b_85.pdf','pdf',NULL),(730,7544,14,7,'copie_certifiee_conforme_notes_obtenues_après_baccalauréat_29-09-2020_1601412999_5f739f87286a1_1549.pdf','pdf',NULL),(731,7544,15,7,'Copie_certifiée_conforme_diplôme_obtenu_après_baccalauréat_29-09-2020_1601412999_5f739f872dc6c_2413.pdf','pdf',NULL),(732,7550,8,141,'payment_receipt_29-09-2020_1601413211_5f73a05be5ae0_8531.jpeg','jpeg',NULL),(734,8231,13,342,'demande_manuscrite_29-09-2020_1601413606_5f73a1e6a1565_8264.pdf','pdf',NULL),(735,8231,1,342,'cin_29-09-2020_1601413606_5f73a1e6a8604_8796.pdf','pdf',NULL),(736,8231,21,342,'BAC_29-09-2020_1601413606_5f73a1e6afacb_3603.pdf','pdf',NULL),(737,8231,14,342,'copie_certifiee_conforme_notes_obtenues_après_baccalauréat_29-09-2020_1601413606_5f73a1e6b6586_4405.pdf','pdf',NULL),(739,8161,1,346,'cin_29-09-2020_1601414104_5f73a3d8c3e45_7589.jpeg','jpeg',NULL),(740,8161,1,346,'cin_29-09-2020_1601414104_5f73a3d8caff4_6058.jpeg','jpeg',NULL),(741,8161,21,346,'BAC_29-09-2020_1601414104_5f73a3d8d1fd3_9514.jpeg','jpeg',NULL),(742,8161,21,346,'BAC_29-09-2020_1601414104_5f73a3d8d9049_3053.jpeg','jpeg',NULL),(743,8161,14,346,'copie_certifiee_conforme_notes_obtenues_après_baccalauréat_29-09-2020_1601414104_5f73a3d8e195e_9500.jpeg','jpeg',NULL),(744,8161,14,346,'copie_certifiee_conforme_notes_obtenues_après_baccalauréat_29-09-2020_1601414104_5f73a3d8e8611_5439.jpeg','jpeg',NULL),(745,8161,14,346,'copie_certifiee_conforme_notes_obtenues_après_baccalauréat_29-09-2020_1601414104_5f73a3d8ef429_2405.jpeg','jpeg',NULL),(746,8161,14,346,'copie_certifiee_conforme_notes_obtenues_après_baccalauréat_29-09-2020_1601414105_5f73a3d902548_4739.jpeg','jpeg',NULL),(747,8161,14,346,'copie_certifiee_conforme_notes_obtenues_après_baccalauréat_29-09-2020_1601414105_5f73a3d907bf1_1306.jpeg','jpeg',NULL),(748,8161,14,346,'copie_certifiee_conforme_notes_obtenues_après_baccalauréat_29-09-2020_1601414105_5f73a3d90d974_4563.jpeg','jpeg',NULL),(749,8161,15,346,'Copie_certifiée_conforme_diplôme_obtenu_après_baccalauréat_29-09-2020_1601414105_5f73a3d91328b_8578.jpeg','jpeg',NULL),(750,8161,15,346,'Copie_certifiée_conforme_diplôme_obtenu_après_baccalauréat_29-09-2020_1601414105_5f73a3d918cb7_9204.jpeg','jpeg',NULL),(751,8161,15,346,'Copie_certifiée_conforme_diplôme_obtenu_après_baccalauréat_29-09-2020_1601414105_5f73a3d91e5c6_209.jpeg','jpeg',NULL),(752,7620,8,345,'payment_receipt_29-09-2020_1601414582_5f73a5b636786_5488.pdf','pdf',NULL),(755,7620,13,345,'demande_manuscrite_29-09-2020_1601414918_5f73a706cdf41_9697.pdf','pdf',NULL),(756,7620,1,345,'cin_29-09-2020_1601414918_5f73a706d4d6b_1376.pdf','pdf',NULL),(757,7620,21,345,'BAC_29-09-2020_1601414918_5f73a706dbc8a_3528.pdf','pdf',NULL),(758,7620,14,345,'copie_certifiee_conforme_notes_obtenues_après_baccalauréat_29-09-2020_1601414918_5f73a706e336a_8873.pdf','pdf',NULL),(759,7620,15,345,'Copie_certifiée_conforme_diplôme_obtenu_après_baccalauréat_29-09-2020_1601414918_5f73a706e86a0_7504.pdf','pdf',NULL),(761,7505,13,211,'demande_manuscrite_29-09-2020_1601415208_5f73a828f2dbc_8645.pdf','pdf',NULL),(762,7505,1,211,'cin_29-09-2020_1601415209_5f73a8290459a_671.pdf','pdf',NULL),(763,7505,21,211,'BAC_29-09-2020_1601415209_5f73a82909f81_1582.pdf','pdf',NULL),(764,7505,14,211,'copie_certifiee_conforme_notes_obtenues_après_baccalauréat_29-09-2020_1601415209_5f73a8290fa43_2623.pdf','pdf',NULL),(765,7505,15,211,'Copie_certifiée_conforme_diplôme_obtenu_après_baccalauréat_29-09-2020_1601415209_5f73a82915938_3721.pdf','pdf',NULL),(767,8161,8,346,'payment_receipt_29-09-2020_1601416090_5f73ab9a51114_6946.jpeg','jpeg',NULL),(770,7505,8,211,'payment_receipt_29-09-2020_1601416191_5f73abff3b9b2_5811.pdf','pdf',NULL),(773,7549,13,12,'demande_manuscrite_30-09-2020_1601418436_5f73b4c4234d5_8402.jpeg','jpeg',NULL),(774,7549,1,12,'cin_30-09-2020_1601418436_5f73b4c429460_4272.jpeg','jpeg',NULL),(775,7549,1,12,'cin_30-09-2020_1601418436_5f73b4c42e882_8046.jpeg','jpeg',NULL),(776,7549,21,12,'BAC_30-09-2020_1601418436_5f73b4c434265_1488.jpeg','jpeg',NULL),(777,7549,21,12,'BAC_30-09-2020_1601418436_5f73b4c439c66_4214.jpeg','jpeg',NULL),(778,7549,14,12,'copie_certifiee_conforme_notes_obtenues_après_baccalauréat_30-09-2020_1601418436_5f73b4c43f68e_3421.jpeg','jpeg',NULL),(779,7549,14,12,'copie_certifiee_conforme_notes_obtenues_après_baccalauréat_30-09-2020_1601418436_5f73b4c44503c_2464.jpeg','jpeg',NULL),(780,7549,14,12,'copie_certifiee_conforme_notes_obtenues_après_baccalauréat_30-09-2020_1601418436_5f73b4c44aa83_4702.jpeg','jpeg',NULL),(781,7549,14,12,'copie_certifiee_conforme_notes_obtenues_après_baccalauréat_30-09-2020_1601418436_5f73b4c4503cf_798.jpeg','jpeg',NULL),(782,7549,14,12,'copie_certifiee_conforme_notes_obtenues_après_baccalauréat_30-09-2020_1601418436_5f73b4c455e13_1599.jpeg','jpeg',NULL),(783,7549,15,12,'Copie_certifiée_conforme_diplôme_obtenu_après_baccalauréat_30-09-2020_1601418436_5f73b4c45b848_5292.jpeg','jpeg',NULL),(784,7549,15,12,'Copie_certifiée_conforme_diplôme_obtenu_après_baccalauréat_30-09-2020_1601418436_5f73b4c461240_1375.jpeg','jpeg',NULL),(785,7549,15,12,'Copie_certifiée_conforme_diplôme_obtenu_après_baccalauréat_30-09-2020_1601418436_5f73b4c466c03_4527.jpeg','jpeg',NULL),(786,7549,8,12,'payment_receipt_30-09-2020_1601418777_5f73b619edcfb_9984.jpeg','jpeg',NULL),(788,8157,13,281,'demande_manuscrite_30-09-2020_1601419834_5f73ba3a3e390_3678.pdf','pdf',NULL),(789,8157,1,281,'cin_30-09-2020_1601419834_5f73ba3a45b2a_1376.pdf','pdf',NULL),(790,8157,21,281,'BAC_30-09-2020_1601419834_5f73ba3a4b54c_5729.pdf','pdf',NULL),(791,8157,14,281,'copie_certifiee_conforme_notes_obtenues_après_baccalauréat_30-09-2020_1601419834_5f73ba3a5290f_7764.pdf','pdf',NULL),(792,8157,15,281,'Copie_certifiée_conforme_diplôme_obtenu_après_baccalauréat_30-09-2020_1601419834_5f73ba3a59573_6825.pdf','pdf',NULL),(793,8161,13,346,'demande_manuscrite_30-09-2020_1601419904_5f73ba80eaf91_1424.png','png',NULL),(809,8157,8,281,'payment_receipt_30-09-2020_1601420459_5f73bcab57f94_6364.pdf','pdf',NULL),(810,8234,8,350,'payment_receipt_30-09-2020_1601420843_5f73be2b8189c_1431.pdf','pdf',NULL),(811,8234,13,350,'demande_manuscrite_30-09-2020_1601420843_5f73be2b8792d_4448.pdf','pdf',NULL),(812,8234,1,350,'cin_30-09-2020_1601420843_5f73be2b8d495_4248.pdf','pdf',NULL),(813,8234,21,350,'BAC_30-09-2020_1601420843_5f73be2b92dac_1199.pdf','pdf',NULL),(814,8234,14,350,'copie_certifiee_conforme_notes_obtenues_après_baccalauréat_30-09-2020_1601420843_5f73be2b9884c_7317.pdf','pdf',NULL),(815,8234,15,350,'Copie_certifiée_conforme_diplôme_obtenu_après_baccalauréat_30-09-2020_1601420843_5f73be2b9e57e_4936.pdf','pdf',NULL),(817,8276,8,354,'payment_receipt_30-09-2020_1601421171_5f73bf73ada22_4736.jpeg','jpeg',NULL),(818,8276,13,354,'demande_manuscrite_30-09-2020_1601421171_5f73bf73b9553_3686.jpeg','jpeg',NULL),(819,8276,1,354,'cin_30-09-2020_1601421171_5f73bf73bebbd_8381.pdf','pdf',NULL),(820,8276,21,354,'BAC_30-09-2020_1601421171_5f73bf73c4af4_4928.pdf','pdf',NULL),(821,8276,14,354,'copie_certifiee_conforme_notes_obtenues_après_baccalauréat_30-09-2020_1601421171_5f73bf73ca277_9658.pdf','pdf',NULL),(822,8276,15,354,'Copie_certifiée_conforme_diplôme_obtenu_après_baccalauréat_30-09-2020_1601421171_5f73bf73cfc42_1713.pdf','pdf',NULL),(824,8156,13,280,'demande_manuscrite_30-09-2020_1601422363_5f73c41b30b93_1821.pdf','pdf',NULL),(825,8156,1,280,'cin_30-09-2020_1601422363_5f73c41b36593_567.pdf','pdf',NULL),(826,8156,21,280,'BAC_30-09-2020_1601422363_5f73c41b3bf10_7696.pdf','pdf',NULL),(828,8156,15,280,'Copie_certifiée_conforme_diplôme_obtenu_après_baccalauréat_30-09-2020_1601422363_5f73c41b48933_9861.pdf','pdf',NULL),(829,8156,15,280,'Copie_certifiée_conforme_diplôme_obtenu_après_baccalauréat_30-09-2020_1601422363_5f73c41b4e334_664.pdf','pdf',NULL),(830,8156,14,280,'copie_certifiee_conforme_notes_obtenues_après_baccalauréat_30-09-2020_1601422824_5f73c5e84e581_1742.pdf','pdf',NULL),(831,8156,14,280,'copie_certifiee_conforme_notes_obtenues_après_baccalauréat_30-09-2020_1601422824_5f73c5e85c595_65.pdf','pdf',NULL),(832,8156,14,280,'copie_certifiee_conforme_notes_obtenues_après_baccalauréat_30-09-2020_1601422824_5f73c5e863a71_1832.pdf','pdf',NULL),(833,8156,14,280,'copie_certifiee_conforme_notes_obtenues_après_baccalauréat_30-09-2020_1601422824_5f73c5e86a531_623.pdf','pdf',NULL),(834,8156,8,280,'payment_receipt_30-09-2020_1601422888_5f73c6286f69b_6603.pdf','pdf',NULL),(836,8280,13,356,'demande_manuscrite_30-09-2020_1601423216_5f73c77073f22_164.png','png',NULL),(837,8280,1,356,'cin_30-09-2020_1601423216_5f73c77079769_6932.pdf','pdf',NULL),(838,8280,21,356,'BAC_30-09-2020_1601423216_5f73c7707f2dc_6602.pdf','pdf',NULL),(839,8280,14,356,'copie_certifiee_conforme_notes_obtenues_après_baccalauréat_30-09-2020_1601423216_5f73c77084dad_5683.pdf','pdf',NULL),(840,8280,15,356,'Copie_certifiée_conforme_diplôme_obtenu_après_baccalauréat_30-09-2020_1601423216_5f73c7708a745_5660.pdf','pdf',NULL),(841,8280,8,356,'payment_receipt_30-09-2020_1601423348_5f73c7f4091ed_8205.png','png',NULL),(842,8255,8,337,'payment_receipt_30-09-2020_1601423694_5f73c94e2a793_8987.pdf','pdf',NULL),(843,8255,13,337,'demande_manuscrite_30-09-2020_1601423930_5f73ca3ad3da1_4226.pdf','pdf',NULL),(844,8255,1,337,'cin_30-09-2020_1601423930_5f73ca3ada5bc_8995.pdf','pdf',NULL),(845,8255,21,337,'BAC_30-09-2020_1601423930_5f73ca3ae17d7_8067.pdf','pdf',NULL),(846,8255,14,337,'copie_certifiee_conforme_notes_obtenues_après_baccalauréat_30-09-2020_1601423930_5f73ca3ae836c_2512.pdf','pdf',NULL),(847,8255,15,337,'Copie_certifiée_conforme_diplôme_obtenu_après_baccalauréat_30-09-2020_1601423930_5f73ca3aedd09_3210.pdf','pdf',NULL),(848,8281,1,358,'cin_30-09-2020_1601426503_5f73d447c6354_9435.pdf','pdf',NULL),(849,8281,21,358,'BAC_30-09-2020_1601426503_5f73d447cd257_4279.pdf','pdf',NULL),(850,8281,15,358,'Copie_certifiée_conforme_diplôme_obtenu_après_baccalauréat_30-09-2020_1601426503_5f73d447d3260_2935.pdf','pdf',NULL),(858,7526,15,213,'Copie_certifiée_conforme_diplôme_obtenu_après_baccalauréat_30-09-2020_1601453876_5f743f34958b1_89.jpeg','jpeg',NULL),(859,7526,15,213,'Copie_certifiée_conforme_diplôme_obtenu_après_baccalauréat_30-09-2020_1601453876_5f743f349cc43_7133.jpeg','jpeg',NULL),(860,7526,15,213,'Copie_certifiée_conforme_diplôme_obtenu_après_baccalauréat_30-09-2020_1601453906_5f743f52b3ba8_9794.pdf','pdf',NULL),(862,7526,8,213,'payment_receipt_30-09-2020_1601454214_5f744086e4688_710.jpeg','jpeg',NULL),(864,8235,13,360,'demande_manuscrite_30-09-2020_1601455624_5f744608aa5cc_7726.pdf','pdf',NULL),(865,8235,1,360,'cin_30-09-2020_1601455624_5f744608b1453_191.pdf','pdf',NULL),(866,8235,21,360,'BAC_30-09-2020_1601455624_5f744608b8ac1_3118.pdf','pdf',NULL),(867,8235,14,360,'copie_certifiee_conforme_notes_obtenues_après_baccalauréat_30-09-2020_1601455624_5f744608bf586_2842.pdf','pdf',NULL),(868,8235,15,360,'Copie_certifiée_conforme_diplôme_obtenu_après_baccalauréat_30-09-2020_1601455624_5f744608c7ba5_6910.pdf','pdf',NULL),(869,8235,8,360,'payment_receipt_30-09-2020_1601455818_5f7446cacbc6b_5032.pdf','pdf',NULL),(870,8239,8,330,'payment_receipt_30-09-2020_1601463398_5f746466adb07_9672.jpeg','jpeg',NULL),(871,8239,13,330,'demande_manuscrite_30-09-2020_1601463540_5f7464f473bd1_2232.jpeg','jpeg',NULL),(872,8239,14,330,'copie_certifiee_conforme_notes_obtenues_après_baccalauréat_30-09-2020_1601463540_5f7464f47d274_6511.pdf','pdf',NULL),(873,8239,15,330,'Copie_certifiée_conforme_diplôme_obtenu_après_baccalauréat_30-09-2020_1601463540_5f7464f48381d_9481.pdf','pdf',NULL),(874,8239,1,330,'cin_30-09-2020_1601463604_5f746534970f1_203.jpeg','jpeg',NULL),(875,8239,1,330,'cin_30-09-2020_1601463604_5f7465349d2ef_4326.jpeg','jpeg',NULL),(876,8239,21,330,'BAC_30-09-2020_1601463604_5f746534a3134_3388.png','png',NULL),(877,8239,21,330,'BAC_30-09-2020_1601463604_5f746534a9b34_1449.png','png',NULL),(882,7987,1,245,'cin_30-09-2020_1601464929_5f746a61cae06_9417.jpeg','jpeg',NULL),(883,7987,21,245,'BAC_30-09-2020_1601464929_5f746a61d1c92_5038.jpeg','jpeg',NULL),(884,7987,14,245,'copie_certifiee_conforme_notes_obtenues_après_baccalauréat_30-09-2020_1601464929_5f746a61d89da_3640.jpeg','jpeg',NULL),(885,7987,15,245,'Copie_certifiée_conforme_diplôme_obtenu_après_baccalauréat_30-09-2020_1601464929_5f746a61dfca1_9686.jpeg','jpeg',NULL),(890,7642,13,41,'demande_manuscrite_30-09-2020_1601466585_5f7470d9af6ae_6524.pdf','pdf',NULL),(891,7642,1,41,'cin_30-09-2020_1601466628_5f7471045e8d1_9129.pdf','pdf',NULL),(892,7642,21,41,'BAC_30-09-2020_1601466764_5f74718c1110e_365.pdf','pdf',NULL),(893,7642,14,41,'copie_certifiee_conforme_notes_obtenues_après_baccalauréat_30-09-2020_1601466832_5f7471d0384fb_493.pdf','pdf',NULL),(894,7642,15,41,'Copie_certifiée_conforme_diplôme_obtenu_après_baccalauréat_30-09-2020_1601467195_5f74733bba172_8656.pdf','pdf',NULL),(895,7642,8,41,'payment_receipt_30-09-2020_1601467221_5f7473555e99b_2406.pdf','pdf',NULL),(896,8231,15,342,'Copie_certifiée_conforme_diplôme_obtenu_après_baccalauréat_30-09-2020_1601467307_5f7473ab14a11_6201.jpeg','jpeg',NULL),(897,8231,8,342,'payment_receipt_30-09-2020_1601467359_5f7473dfcffcb_8058.pdf','pdf',NULL),(899,8287,13,361,'demande_manuscrite_30-09-2020_1601468772_5f747964a4429_9363.pdf','pdf',NULL),(900,8287,1,361,'cin_30-09-2020_1601468772_5f747964ac79b_1542.pdf','pdf',NULL),(901,8287,21,361,'BAC_30-09-2020_1601468772_5f747964b20f2_8821.pdf','pdf',NULL),(902,8287,14,361,'copie_certifiee_conforme_notes_obtenues_après_baccalauréat_30-09-2020_1601468772_5f747964b7c74_5861.pdf','pdf',NULL),(903,8287,15,361,'Copie_certifiée_conforme_diplôme_obtenu_après_baccalauréat_30-09-2020_1601468772_5f747964bd41b_4411.pdf','pdf',NULL),(905,8285,1,366,'cin_30-09-2020_1601469490_5f747c3209876_6117.pdf','pdf',NULL),(906,8291,8,364,'payment_receipt_30-09-2020_1601469851_5f747d9b07cbc_6862.jpeg','jpeg',NULL),(907,8291,13,364,'demande_manuscrite_30-09-2020_1601469851_5f747d9b151e6_9447.jpeg','jpeg',NULL),(908,8291,1,364,'cin_30-09-2020_1601469851_5f747d9b1ac06_6181.jpeg','jpeg',NULL),(909,8291,1,364,'cin_30-09-2020_1601469851_5f747d9b217e2_1951.jpeg','jpeg',NULL),(910,8291,21,364,'BAC_30-09-2020_1601469851_5f747d9b275cb_4733.jpeg','jpeg',NULL),(911,8291,21,364,'BAC_30-09-2020_1601469851_5f747d9b2e610_1661.jpeg','jpeg',NULL),(912,8291,14,364,'copie_certifiee_conforme_notes_obtenues_après_baccalauréat_30-09-2020_1601469851_5f747d9b3544b_4795.jpeg','jpeg',NULL),(913,8291,14,364,'copie_certifiee_conforme_notes_obtenues_après_baccalauréat_30-09-2020_1601469851_5f747d9b3adb6_7560.jpeg','jpeg',NULL),(914,8291,14,364,'copie_certifiee_conforme_notes_obtenues_après_baccalauréat_30-09-2020_1601469851_5f747d9b41ecb_5963.jpeg','jpeg',NULL),(915,8291,14,364,'copie_certifiee_conforme_notes_obtenues_après_baccalauréat_30-09-2020_1601469851_5f747d9b48f29_7011.jpeg','jpeg',NULL),(916,8291,14,364,'copie_certifiee_conforme_notes_obtenues_après_baccalauréat_30-09-2020_1601469851_5f747d9b4feb6_2597.jpeg','jpeg',NULL),(917,8291,14,364,'copie_certifiee_conforme_notes_obtenues_après_baccalauréat_30-09-2020_1601469851_5f747d9b56f6d_5337.jpeg','jpeg',NULL),(918,8291,15,364,'Copie_certifiée_conforme_diplôme_obtenu_après_baccalauréat_30-09-2020_1601469851_5f747d9b5dfb7_2231.jpeg','jpeg',NULL),(919,8291,15,364,'Copie_certifiée_conforme_diplôme_obtenu_après_baccalauréat_30-09-2020_1601469851_5f747d9b64f67_9589.jpeg','jpeg',NULL),(920,8291,15,364,'Copie_certifiée_conforme_diplôme_obtenu_après_baccalauréat_30-09-2020_1601469851_5f747d9b6bfc2_7698.jpeg','jpeg',NULL),(922,8298,13,367,'demande_manuscrite_30-09-2020_1601470654_5f7480be7891c_3971.jpeg','jpeg',NULL),(923,8298,1,367,'cin_30-09-2020_1601470654_5f7480be7e2b7_6432.pdf','pdf',NULL),(924,8298,21,367,'BAC_30-09-2020_1601470654_5f7480be83d03_781.pdf','pdf',NULL),(925,8298,14,367,'copie_certifiee_conforme_notes_obtenues_après_baccalauréat_30-09-2020_1601470654_5f7480be89b11_7819.pdf','pdf',NULL),(926,8298,15,367,'Copie_certifiée_conforme_diplôme_obtenu_après_baccalauréat_30-09-2020_1601470654_5f7480be8f0c0_7854.pdf','pdf',NULL),(927,8298,8,367,'payment_receipt_30-09-2020_1601470800_5f7481504b6ae_6790.jpeg','jpeg',NULL),(928,8270,13,369,'demande_manuscrite_30-09-2020_1601472008_5f748608bf736_1791.pdf','pdf',NULL),(929,8270,1,369,'cin_30-09-2020_1601472008_5f748608c7967_2973.pdf','pdf',NULL),(930,8270,21,369,'BAC_30-09-2020_1601472008_5f748608ceee4_1328.pdf','pdf',NULL),(931,8270,14,369,'copie_certifiee_conforme_notes_obtenues_après_baccalauréat_30-09-2020_1601472008_5f748608d4580_948.pdf','pdf',NULL),(932,8270,15,369,'Copie_certifiée_conforme_diplôme_obtenu_après_baccalauréat_30-09-2020_1601472008_5f748608d9e0c_7489.pdf','pdf',NULL),(934,8297,8,368,'payment_receipt_30-09-2020_1601472082_5f74865290c79_6071.jpeg','jpeg',NULL),(935,8297,13,368,'demande_manuscrite_30-09-2020_1601472082_5f7486529c2fa_1812.jpeg','jpeg',NULL),(936,8297,21,368,'BAC_30-09-2020_1601472082_5f748652a2198_6435.jpeg','jpeg',NULL),(937,8297,21,368,'BAC_30-09-2020_1601472082_5f748652a74a9_6387.jpeg','jpeg',NULL),(938,8297,14,368,'copie_certifiee_conforme_notes_obtenues_après_baccalauréat_30-09-2020_1601472082_5f748652acf5a_4007.jpeg','jpeg',NULL),(939,8297,14,368,'copie_certifiee_conforme_notes_obtenues_après_baccalauréat_30-09-2020_1601472082_5f748652b29ae_9043.jpeg','jpeg',NULL),(940,8297,14,368,'copie_certifiee_conforme_notes_obtenues_après_baccalauréat_30-09-2020_1601472082_5f748652b834c_9287.jpeg','jpeg',NULL),(941,8297,14,368,'copie_certifiee_conforme_notes_obtenues_après_baccalauréat_30-09-2020_1601472082_5f748652bdc46_7384.jpeg','jpeg',NULL),(942,8297,15,368,'Copie_certifiée_conforme_diplôme_obtenu_après_baccalauréat_30-09-2020_1601472082_5f748652c36dc_6620.jpeg','jpeg',NULL),(943,8297,15,368,'Copie_certifiée_conforme_diplôme_obtenu_après_baccalauréat_30-09-2020_1601472082_5f748652c9010_735.jpeg','jpeg',NULL),(945,8153,15,278,'Copie_certifiée_conforme_diplôme_obtenu_après_baccalauréat_30-09-2020_1601472211_5f7486d32ab3b_1266.pdf','pdf',NULL),(946,8260,8,340,'payment_receipt_30-09-2020_1601472314_5f74873ae7987_5192.pdf','pdf',NULL),(947,8260,15,340,'Copie_certifiée_conforme_diplôme_obtenu_après_baccalauréat_30-09-2020_1601472314_5f74873aed46b_1461.pdf','pdf',NULL),(948,7934,13,370,'demande_manuscrite_30-09-2020_1601472550_5f748826585c1_5602.jpeg','jpeg',NULL),(949,7934,1,370,'cin_30-09-2020_1601472550_5f748826600fc_1720.jpeg','jpeg',NULL),(950,7934,14,370,'copie_certifiee_conforme_notes_obtenues_après_baccalauréat_30-09-2020_1601472550_5f748826663a4_5755.jpeg','jpeg',NULL),(951,7934,14,370,'copie_certifiee_conforme_notes_obtenues_après_baccalauréat_30-09-2020_1601472550_5f7488266b3d1_7357.jpeg','jpeg',NULL),(952,7934,14,370,'copie_certifiee_conforme_notes_obtenues_après_baccalauréat_30-09-2020_1601472550_5f74882670d8c_4522.jpeg','jpeg',NULL),(953,7934,14,370,'copie_certifiee_conforme_notes_obtenues_après_baccalauréat_30-09-2020_1601472550_5f74882676779_1155.jpeg','jpeg',NULL),(954,8297,1,368,'cin_30-09-2020_1601472605_5f74885e00d7f_9431.jpeg','jpeg',NULL),(955,7934,8,370,'payment_receipt_30-09-2020_1601472696_5f7488b88da2e_3068.jpeg','jpeg',NULL),(956,8215,8,317,'payment_receipt_30-09-2020_1601473135_5f748a6f8c11c_1000.jpeg','jpeg',NULL),(957,8215,13,317,'demande_manuscrite_30-09-2020_1601473189_5f748aa517e7e_3789.jpeg','jpeg',NULL),(958,8300,13,371,'demande_manuscrite_30-09-2020_1601474597_5f7490259900e_9332.pdf','pdf',NULL),(959,8300,1,371,'cin_30-09-2020_1601474597_5f7490259f378_1897.pdf','pdf',NULL),(960,8300,21,371,'BAC_30-09-2020_1601474597_5f749025a4c36_1377.pdf','pdf',NULL),(963,8300,14,371,'copie_certifiee_conforme_notes_obtenues_après_baccalauréat_30-09-2020_1601474642_5f749052060d3_8115.pdf','pdf',NULL),(964,8300,14,371,'copie_certifiee_conforme_notes_obtenues_après_baccalauréat_30-09-2020_1601474642_5f7490520cffb_1618.pdf','pdf',NULL),(965,8300,14,371,'copie_certifiee_conforme_notes_obtenues_après_baccalauréat_30-09-2020_1601474642_5f74905212dfa_2143.pdf','pdf',NULL),(966,8300,14,371,'copie_certifiee_conforme_notes_obtenues_après_baccalauréat_30-09-2020_1601474642_5f7490521991c_3138.pdf','pdf',NULL),(967,8300,15,371,'Copie_certifiée_conforme_diplôme_obtenu_après_baccalauréat_30-09-2020_1601474694_5f749086e9508_5187.pdf','pdf',NULL),(968,8300,15,371,'Copie_certifiée_conforme_diplôme_obtenu_après_baccalauréat_30-09-2020_1601474695_5f7490870525d_6752.pdf','pdf',NULL),(969,8300,8,371,'payment_receipt_30-09-2020_1601474717_5f74909d47494_1135.jpeg','jpeg',NULL),(983,8219,13,343,'demande_manuscrite_30-09-2020_1601476820_5f7498d459ba3_5442.pdf','pdf',NULL),(984,8219,1,343,'cin_30-09-2020_1601476820_5f7498d46214e_3226.pdf','pdf',NULL),(985,8219,21,343,'BAC_30-09-2020_1601476820_5f7498d467b4b_701.pdf','pdf',NULL),(986,8219,14,343,'copie_certifiee_conforme_notes_obtenues_après_baccalauréat_30-09-2020_1601476820_5f7498d46d511_5778.pdf','pdf',NULL),(987,8219,15,343,'Copie_certifiée_conforme_diplôme_obtenu_après_baccalauréat_30-09-2020_1601476820_5f7498d472f3a_8128.pdf','pdf',NULL),(989,8219,8,343,'payment_receipt_30-09-2020_1601477041_5f7499b1bc34a_4912.pdf','pdf',NULL),(992,8282,1,359,'cin_30-09-2020_1601478289_5f749e9132a0c_698.pdf','pdf',NULL),(994,8302,13,372,'demande_manuscrite_30-09-2020_1601478837_5f74a0b56938d_3049.jpeg','jpeg',NULL),(995,8302,1,372,'cin_30-09-2020_1601478837_5f74a0b57028b_1958.jpeg','jpeg',NULL),(996,8302,21,372,'BAC_30-09-2020_1601478837_5f74a0b578e6c_9242.pdf','pdf',NULL),(997,8302,14,372,'copie_certifiee_conforme_notes_obtenues_après_baccalauréat_30-09-2020_1601478837_5f74a0b57e282_8852.pdf','pdf',NULL),(998,8302,15,372,'Copie_certifiée_conforme_diplôme_obtenu_après_baccalauréat_30-09-2020_1601478837_5f74a0b583c65_4862.pdf','pdf',NULL),(999,8302,8,372,'payment_receipt_30-09-2020_1601478888_5f74a0e855fd0_4651.jpeg','jpeg',NULL),(1010,7835,21,146,'BAC_30-09-2020_1601479836_5f74a49c3cb2e_3588.pdf','pdf',NULL),(1011,7835,14,146,'copie_certifiee_conforme_notes_obtenues_après_baccalauréat_30-09-2020_1601479836_5f74a49c41d85_2694.pdf','pdf',NULL),(1013,7509,13,187,'demande_manuscrite_30-09-2020_1601480404_5f74a6d4af3ba_1939.pdf','pdf',NULL),(1014,7509,1,187,'cin_30-09-2020_1601480404_5f74a6d4b4cd1_1746.pdf','pdf',NULL),(1015,7509,1,187,'cin_30-09-2020_1601480404_5f74a6d4bbf76_1512.pdf','pdf',NULL),(1016,7509,21,187,'BAC_30-09-2020_1601480404_5f74a6d4c1884_3680.pdf','pdf',NULL),(1017,7509,21,187,'BAC_30-09-2020_1601480404_5f74a6d4c72c2_8760.pdf','pdf',NULL),(1018,7509,14,187,'copie_certifiee_conforme_notes_obtenues_après_baccalauréat_30-09-2020_1601480404_5f74a6d4ccc68_1708.pdf','pdf',NULL),(1019,7509,14,187,'copie_certifiee_conforme_notes_obtenues_après_baccalauréat_30-09-2020_1601480404_5f74a6d4d25d8_9238.pdf','pdf',NULL),(1020,7509,14,187,'copie_certifiee_conforme_notes_obtenues_après_baccalauréat_30-09-2020_1601480404_5f74a6d4d7fcd_5863.pdf','pdf',NULL),(1021,7509,14,187,'copie_certifiee_conforme_notes_obtenues_après_baccalauréat_30-09-2020_1601480404_5f74a6d4dd9a4_8002.pdf','pdf',NULL),(1022,7509,14,187,'copie_certifiee_conforme_notes_obtenues_après_baccalauréat_30-09-2020_1601480404_5f74a6d4e3396_8113.pdf','pdf',NULL),(1023,7509,14,187,'copie_certifiee_conforme_notes_obtenues_après_baccalauréat_30-09-2020_1601480404_5f74a6d4e8d55_6215.pdf','pdf',NULL),(1024,7509,14,187,'copie_certifiee_conforme_notes_obtenues_après_baccalauréat_30-09-2020_1601480404_5f74a6d4ee772_5070.pdf','pdf',NULL),(1025,7509,15,187,'Copie_certifiée_conforme_diplôme_obtenu_après_baccalauréat_30-09-2020_1601480404_5f74a6d4f4131_616.pdf','pdf',NULL),(1026,7509,15,187,'Copie_certifiée_conforme_diplôme_obtenu_après_baccalauréat_30-09-2020_1601480405_5f74a6d50594e_9470.pdf','pdf',NULL),(1027,7509,15,187,'Copie_certifiée_conforme_diplôme_obtenu_après_baccalauréat_30-09-2020_1601480405_5f74a6d50b390_270.pdf','pdf',NULL),(1028,7509,8,187,'payment_receipt_30-09-2020_1601480457_5f74a7090ff8b_53.pdf','pdf',NULL),(1031,7835,21,146,'BAC_30-09-2020_1601480791_5f74a857336f0_6651.pdf','pdf',NULL),(1032,7835,14,146,'copie_certifiee_conforme_notes_obtenues_après_baccalauréat_30-09-2020_1601480791_5f74a85739fe2_6729.pdf','pdf',NULL),(1034,7835,13,146,'demande_manuscrite_30-09-2020_1601482441_5f74aec930735_1138.pdf','pdf',NULL),(1035,7835,1,146,'cin_30-09-2020_1601482441_5f74aec93cbd4_6044.pdf','pdf',NULL),(1036,7835,15,146,'Copie_certifiée_conforme_diplôme_obtenu_après_baccalauréat_30-09-2020_1601482441_5f74aec943ae4_3245.pdf','pdf',NULL),(1037,7835,8,146,'payment_receipt_30-09-2020_1601482495_5f74aeffb9c08_646.pdf','pdf',NULL),(1042,7987,8,245,'payment_receipt_30-09-2020_1601484490_5f74b6caad8ef_3026.jpeg','jpeg',NULL),(1043,7987,13,245,'demande_manuscrite_30-09-2020_1601484490_5f74b6cabff43_5053.jpeg','jpeg',NULL),(1044,7987,1,245,'cin_30-09-2020_1601484490_5f74b6cacb758_8539.jpeg','jpeg',NULL),(1045,7987,21,245,'BAC_30-09-2020_1601484490_5f74b6cad0dab_6739.jpeg','jpeg',NULL),(1046,7987,14,245,'copie_certifiee_conforme_notes_obtenues_après_baccalauréat_30-09-2020_1601484490_5f74b6cad663a_623.jpeg','jpeg',NULL),(1047,7987,15,245,'Copie_certifiée_conforme_diplôme_obtenu_après_baccalauréat_30-09-2020_1601484490_5f74b6cadc1a7_7986.jpeg','jpeg',NULL),(1049,8242,13,331,'demande_manuscrite_30-09-2020_1601485049_5f74b8f930da5_5204.pdf','pdf',NULL),(1050,8242,1,331,'cin_30-09-2020_1601485049_5f74b8f936c01_4361.pdf','pdf',NULL),(1051,8242,21,331,'BAC_30-09-2020_1601485049_5f74b8f93d678_2768.pdf','pdf',NULL),(1052,8242,14,331,'copie_certifiee_conforme_notes_obtenues_après_baccalauréat_30-09-2020_1601485049_5f74b8f943006_2684.pdf','pdf',NULL),(1053,8242,15,331,'Copie_certifiée_conforme_diplôme_obtenu_après_baccalauréat_30-09-2020_1601485049_5f74b8f948ab2_6029.pdf','pdf',NULL),(1054,8242,8,331,'payment_receipt_30-09-2020_1601485071_5f74b90fc234f_490.pdf','pdf',NULL),(1057,8013,1,341,'cin_30-09-2020_1601489058_5f74c8a27fdd5_6809.jpeg','jpeg',NULL),(1058,8013,1,341,'cin_30-09-2020_1601489058_5f74c8a28ec44_4941.jpeg','jpeg',NULL),(1059,8013,13,341,'demande_manuscrite_30-09-2020_1601489129_5f74c8e91b7c2_5375.jpeg','jpeg',NULL),(1062,8119,21,264,'BAC_30-09-2020_1601492230_5f74d5067a88e_9591.jpeg','jpeg',NULL),(1063,8119,13,264,'demande_manuscrite_30-09-2020_1601492278_5f74d53623fad_7866.jpeg','jpeg',NULL),(1064,8119,21,264,'BAC_30-09-2020_1601492278_5f74d5363090e_255.jpeg','jpeg',NULL),(1065,8119,14,264,'copie_certifiee_conforme_notes_obtenues_après_baccalauréat_30-09-2020_1601492483_5f74d603c5b88_4018.jpeg','jpeg',NULL),(1066,8119,14,264,'copie_certifiee_conforme_notes_obtenues_après_baccalauréat_30-09-2020_1601492483_5f74d603d36b5_7677.jpeg','jpeg',NULL),(1067,8119,14,264,'copie_certifiee_conforme_notes_obtenues_après_baccalauréat_30-09-2020_1601492483_5f74d603d9467_6166.jpeg','jpeg',NULL),(1068,8119,15,264,'Copie_certifiée_conforme_diplôme_obtenu_après_baccalauréat_30-09-2020_1601492483_5f74d603e0085_1217.jpeg','jpeg',NULL),(1069,7532,8,5,'payment_receipt_30-09-2020_1601495252_5f74e0d46ae60_9132.jpeg','jpeg',NULL),(1070,7532,13,5,'demande_manuscrite_30-09-2020_1601495252_5f74e0d472628_4664.jpeg','jpeg',NULL),(1071,7532,1,5,'cin_30-09-2020_1601495252_5f74e0d479661_2368.jpeg','jpeg',NULL),(1073,7532,15,5,'Copie_certifiée_conforme_diplôme_obtenu_après_baccalauréat_30-09-2020_1601495252_5f74e0d4861e0_2574.jpeg','jpeg',NULL),(1074,7532,1,5,'cin_30-09-2020_1601495346_5f74e132b4265_7007.jpeg','jpeg',NULL),(1075,7532,21,5,'BAC_30-09-2020_1601495346_5f74e132bb608_7088.jpeg','jpeg',NULL),(1076,7532,14,5,'copie_certifiee_conforme_notes_obtenues_après_baccalauréat_30-09-2020_1601495346_5f74e132c0d94_9066.jpeg','jpeg',NULL),(1077,7532,14,5,'copie_certifiee_conforme_notes_obtenues_après_baccalauréat_30-09-2020_1601495418_5f74e17ab2e45_7884.jpeg','jpeg',NULL),(1078,7532,14,5,'copie_certifiee_conforme_notes_obtenues_après_baccalauréat_30-09-2020_1601495458_5f74e1a267619_5008.jpeg','jpeg',NULL),(1079,7532,14,5,'copie_certifiee_conforme_notes_obtenues_après_baccalauréat_30-09-2020_1601495482_5f74e1bab7f54_1252.jpeg','jpeg',NULL),(1080,7532,21,5,'BAC_30-09-2020_1601495546_5f74e1fa3298b_7402.jpeg','jpeg',NULL),(1081,7532,15,5,'Copie_certifiée_conforme_diplôme_obtenu_après_baccalauréat_30-09-2020_1601495890_5f74e352cfdc0_1579.jpeg','jpeg',NULL),(1084,8013,14,341,'copie_certifiee_conforme_notes_obtenues_après_baccalauréat_30-09-2020_1601498632_5f74ee08800a8_7186.jpeg','jpeg',NULL),(1085,8013,14,341,'copie_certifiee_conforme_notes_obtenues_après_baccalauréat_30-09-2020_1601498632_5f74ee08878f5_4659.jpeg','jpeg',NULL),(1086,8013,14,341,'copie_certifiee_conforme_notes_obtenues_après_baccalauréat_30-09-2020_1601498632_5f74ee088e876_3706.jpeg','jpeg',NULL),(1087,8013,15,341,'Copie_certifiée_conforme_diplôme_obtenu_après_baccalauréat_30-09-2020_1601498692_5f74ee4500a4d_1644.jpeg','jpeg',NULL),(1088,8013,15,341,'Copie_certifiée_conforme_diplôme_obtenu_après_baccalauréat_30-09-2020_1601498693_5f74ee45078ea_744.jpeg','jpeg',NULL),(1089,8013,21,341,'BAC_30-09-2020_1601499564_5f74f1ac5ff66_7898.jpeg','jpeg',NULL),(1090,8013,21,341,'BAC_30-09-2020_1601499564_5f74f1ac676ad_9960.jpeg','jpeg',NULL),(1091,8183,8,376,'payment_receipt_01-10-2020_1601557731_5f75d4e380255_2234.pdf','pdf',NULL),(1092,8183,13,376,'demande_manuscrite_01-10-2020_1601557731_5f75d4e387dcc_9856.pdf','pdf',NULL),(1093,8183,1,376,'cin_01-10-2020_1601557731_5f75d4e38f3de_3251.pdf','pdf',NULL),(1094,8183,21,376,'BAC_01-10-2020_1601557731_5f75d4e39483f_2088.pdf','pdf',NULL),(1095,8183,14,376,'copie_certifiee_conforme_notes_obtenues_après_baccalauréat_01-10-2020_1601557731_5f75d4e39a1ec_6373.pdf','pdf',NULL),(1096,8183,15,376,'Copie_certifiée_conforme_diplôme_obtenu_après_baccalauréat_01-10-2020_1601557731_5f75d4e39fc02_5493.pdf','pdf',NULL),(1097,7515,8,71,'payment_receipt_01-10-2020_1601566569_5f75f76947d24_7227.pdf','pdf',NULL),(1099,8307,13,374,'demande_manuscrite_02-10-2020_1601675332_5f77a0449170b_4505.pdf','pdf',NULL),(1100,8307,1,374,'cin_02-10-2020_1601675332_5f77a04496f31_1603.pdf','pdf',NULL),(1101,8307,21,374,'BAC_02-10-2020_1601675332_5f77a0449ca5f_1316.pdf','pdf',NULL),(1102,8307,14,374,'copie_certifiee_conforme_notes_obtenues_après_baccalauréat_02-10-2020_1601675332_5f77a044a2459_5566.pdf','pdf',NULL),(1103,8307,15,374,'Copie_certifiée_conforme_diplôme_obtenu_après_baccalauréat_02-10-2020_1601675332_5f77a044a93f5_2573.pdf','pdf',NULL),(1104,8307,8,374,'payment_receipt_02-10-2020_1601675360_5f77a060eebee_605.pdf','pdf',NULL),(1105,8329,21,385,'BAC_04-10-2020_1601811978_5f79b60a9c83e_5288.pdf','pdf',NULL),(1106,8329,14,385,'copie_certifiee_conforme_notes_obtenues_après_baccalauréat_04-10-2020_1601811978_5f79b60aab050_5944.pdf','pdf',NULL),(1107,8329,15,385,'Copie_certifiée_conforme_diplôme_obtenu_après_baccalauréat_04-10-2020_1601811978_5f79b60ab0f20_8075.pdf','pdf',NULL),(1126,8282,13,359,'demande_manuscrite_04-10-2020_1601821665_5f79dbe1d9292_4514.pdf','pdf',NULL),(1127,8282,1,359,'cin_04-10-2020_1601821665_5f79dbe1e34e9_9880.pdf','pdf',NULL),(1128,8282,21,359,'BAC_04-10-2020_1601821665_5f79dbe1e8aa2_2033.pdf','pdf',NULL),(1129,8282,14,359,'copie_certifiee_conforme_notes_obtenues_après_baccalauréat_04-10-2020_1601821665_5f79dbe1ee63b_1509.pdf','pdf',NULL),(1130,8282,15,359,'Copie_certifiée_conforme_diplôme_obtenu_après_baccalauréat_04-10-2020_1601821665_5f79dbe1f3eec_1128.pdf','pdf',NULL),(1131,8282,8,359,'payment_receipt_04-10-2020_1601822004_5f79dd34d698f_2525.pdf','pdf',NULL),(1132,8346,15,392,'Copie_certifiée_conforme_diplôme_obtenu_après_baccalauréat_05-10-2020_1601897613_5f7b048d599d7_2521.pdf','pdf',NULL),(1133,8346,1,392,'cin_05-10-2020_1601897638_5f7b04a679b31_6595.pdf','pdf',NULL),(1134,8346,21,392,'BAC_05-10-2020_1601898161_5f7b06b15d245_7077.jpeg','jpeg',NULL),(1135,8346,21,392,'BAC_05-10-2020_1601898226_5f7b06f29c295_7830.jpeg','jpeg',NULL),(1136,8346,14,392,'copie_certifiee_conforme_notes_obtenues_après_baccalauréat_05-10-2020_1601898266_5f7b071a2565e_4319.pdf','pdf',NULL),(1137,8346,14,392,'copie_certifiee_conforme_notes_obtenues_après_baccalauréat_05-10-2020_1601898291_5f7b07330d2ca_6078.pdf','pdf',NULL),(1138,8346,14,392,'copie_certifiee_conforme_notes_obtenues_après_baccalauréat_05-10-2020_1601898320_5f7b07507a504_6782.pdf','pdf',NULL),(1139,8346,14,392,'copie_certifiee_conforme_notes_obtenues_après_baccalauréat_05-10-2020_1601898342_5f7b076628e09_1079.pdf','pdf',NULL),(1140,8346,14,392,'copie_certifiee_conforme_notes_obtenues_après_baccalauréat_05-10-2020_1601898355_5f7b07733a912_5580.pdf','pdf',NULL),(1141,8346,14,392,'copie_certifiee_conforme_notes_obtenues_après_baccalauréat_05-10-2020_1601898369_5f7b0781aa637_2021.pdf','pdf',NULL),(1142,8346,14,392,'copie_certifiee_conforme_notes_obtenues_après_baccalauréat_05-10-2020_1601898391_5f7b079723189_8557.pdf','pdf',NULL),(1143,8346,13,392,'demande_manuscrite_05-10-2020_1601899263_5f7b0aff44efa_1107.pdf','pdf',NULL),(1144,7501,8,393,'payment_receipt_05-10-2020_1601909777_5f7b3411c270a_6638.png','png',NULL),(1145,7501,13,393,'demande_manuscrite_05-10-2020_1601909777_5f7b3411c9b2b_4425.png','png',NULL),(1146,7501,1,393,'cin_05-10-2020_1601909777_5f7b3411cf421_546.png','png',NULL),(1147,7501,21,393,'BAC_05-10-2020_1601909777_5f7b3411d4ce2_2411.png','png',NULL),(1148,7501,14,393,'copie_certifiee_conforme_notes_obtenues_après_baccalauréat_05-10-2020_1601909777_5f7b3411da7a1_4355.png','png',NULL),(1149,7501,15,393,'Copie_certifiée_conforme_diplôme_obtenu_après_baccalauréat_05-10-2020_1601909777_5f7b3411e00bf_969.png','png',NULL);

--
-- Table structure for table `document_type`
--

CREATE TABLE `document_type` (
  `id` int(11) NOT NULL AUTO_INCREMENT,
  `name` varchar(100) COLLATE utf8_unicode_ci NOT NULL,
  `code` varchar(100) COLLATE utf8_unicode_ci NOT NULL,
  `multiple` tinyint(1) DEFAULT NULL,
  `order_row` int(11) DEFAULT NULL,
  PRIMARY KEY (`id`),
  UNIQUE KEY `UNIQ_2B6ADBBA5E237E06` (`name`)
) ENGINE=InnoDB AUTO_INCREMENT=22 DEFAULT CHARSET=utf8 COLLATE=utf8_unicode_ci;

--
-- Dumping data for table `document_type`
--

INSERT INTO `document_type` VALUES (1,'CIN (Carte d\'identité nationale, Recto-Verso)/Passeport','cin',1,2),(2,'Curriculum Vitae','curriculum_vitae',0,3),(3,'Relevé de notes des 3 années du cycle Licence','releve_notes_annees_cycle_Licence',1,11),(4,'Photocopie de l\'attestation du diplôme de la Licence d\'État ou équivalent','photocopie_attestation_diplome_licence_etat_equivalent',0,9),(5,'photo récente','recent_picture',0,1),(6,'Relevé de notes des trois années de l\'enseignement secondaire','releve_notes_trois_annee_enseignement_secondaire',1,5),(7,'Certificat de scolarité de la 2ème  année du baccalauréat','certificat_scolarite_2eme_annee_baccalauréat',0,6),(8,'Reçu de paiement','payment_receipt',0,NULL),(9,'Photocopie légalisée du Baccalauréat (Recto-Verso)','photocopie_legalisee_Baccalaureat',1,2),(10,'Attestation de réussite en 1ère  et 2ème  année','attestation_reussite_1ere_2eme_annee',0,8),(11,'Lettre de Motivation','mettre_motivation',0,4),(12,'Relevé de notes du 1er  cycle universitaire','releve_notes_1er_cycle_universitaire',0,10),(13,'Demande manuscrite adressée à Monsieur le directeur de l\'ENAM Hassan II','demande_manuscrite',0,1),(14,'Copie certifiée conforme des notes obtenues après le baccalauréat','copie_certifiee_conforme_notes_obtenues_après_baccalauréat',1,4),(15,'Copie certifiée conforme de diplôme obtenu après le baccalauréat','Copie_certifiée_conforme_diplôme_obtenu_après_baccalauréat',1,5),(16,'autorisation de l\'administration d\'origine avec mention \"avis favorable\"','1',1,3),(17,'Fiche anthropométrique','2',1,5),(18,'Extrait d\'acte de naissance','5',1,7),(19,'2 Enveloppes timbrées portant adresse du candidat','4',0,8),(20,'Diplômes obtenus(Niveau Bac +5)','DO',1,10),(21,'Copie certifiée conforme du Baccalauréat (recto-verso) ;','BAC',1,2);

--
-- Table structure for table `fonctionnalites`
--

CREATE TABLE `fonctionnalites` (
  `id` int(11) NOT NULL AUTO_INCREMENT,
  `code` varchar(100) COLLATE utf8_unicode_ci NOT NULL,
  `description` longtext COLLATE utf8_unicode_ci NOT NULL,
  PRIMARY KEY (`id`),
  UNIQUE KEY `UNIQ_6386856277153098` (`code`)
) ENGINE=InnoDB AUTO_INCREMENT=4 DEFAULT CHARSET=utf8 COLLATE=utf8_unicode_ci;

--
-- Dumping data for table `fonctionnalites`
--



--
-- Table structure for table `nationality`
--

CREATE TABLE `nationality` (
  `id` int(11) NOT NULL AUTO_INCREMENT,
  `name` varchar(255) COLLATE utf8_unicode_ci NOT NULL,
  PRIMARY KEY (`id`),
  UNIQUE KEY `UNIQ_8AC58B705E237E06` (`name`)
) ENGINE=InnoDB AUTO_INCREMENT=252 DEFAULT CHARSET=utf8 COLLATE=utf8_unicode_ci;

--
-- Dumping data for table `nationality`
--

INSERT INTO `nationality` VALUES (86,'Bosnienne'),(87,'Botswanaise'),(88,'Bresilienne'),(89,'Britannique'),(90,'Bruneienne'),(91,'Bulgare'),(92,'Burkinabe'),(93,'Burundaise'),(94,'Cambodgienne'),(95,'Camerounaise'),(96,'Canadienne'),(97,'Cap-verdienne'),(98,'Centrafricaine'),(99,'Chilienne'),(100,'Chinoise'),(101,'Chypriote'),(102,'Colombienne'),(103,'Comorienne'),(104,'Congolaise'),(105,'Costaricaine'),(106,'Croate'),(107,'Cubaine'),(108,'Danoise'),(109,'Djiboutienne'),(110,'Dominicaine'),(111,'Dominiquaise'),(112,'Egyptienne'),(113,'Emirienne'),(114,'Equato-guineenne'),(115,'Equatorienne'),(116,'Erythreenne'),(118,'Est-timoraise'),(119,'Estonienne'),(120,'Ethiopienne'),(121,'Fidjienne'),(122,'Finlandaise'),(123,'FranÃ§aise'),(124,'Gambienne'),(125,'Georgienne'),(126,'Ghaneenne'),(127,'Grenadienne'),(128,'Guatemalteque'),(129,'Guineenne'),(130,'Guyanienne'),(131,'HaÃ¯tienne'),(132,'Hellenique'),(133,'Hondurienne'),(134,'Hongroise'),(135,'Indienne'),(136,'Indonesienne'),(137,'Irakienne'),(138,'Irlandaise'),(139,'Islandaise'),(140,'IsraÃ©lienne'),(141,'Italienne'),(142,'Ivoirienne'),(143,'JamaÃ¯caine'),(144,'Japonaise'),(145,'Jordanienne'),(146,'Kazakhstanaise'),(147,'Kenyane'),(148,'Kirghize'),(149,'Kiribatienne'),(150,'Kittitienne-et-nevicienne'),(151,'Kossovienne'),(152,'Koweitienne'),(153,'Laotienne'),(154,'Lesothane'),(155,'Lettone'),(156,'Libanaise'),(157,'Liberienne'),(158,'Libyenne'),(159,'Liechtensteinoise'),(160,'Lituanienne'),(161,'Luxembourgeoise'),(162,'Macedonienne'),(163,'Malaisienne'),(164,'Malawienne'),(165,'Maldivienne'),(166,'Malgache'),(167,'Maltaise'),(1,'Marocaine'),(168,'Marshallaise'),(169,'Mauricienne'),(170,'Mauritanienne'),(171,'Mexicaine'),(172,'Micronesienne'),(173,'Moldave'),(174,'Monegasque'),(175,'Mongole'),(176,'Montenegrine'),(177,'Mozambicaine'),(178,'Namibienne'),(179,'Nauruane'),(180,'Neerlandaise'),(181,'Neo-zelandaise'),(182,'Nepalaise'),(183,'Nicaraguayenne'),(184,'Nigeriane'),(185,'Nigerienne'),(186,'Nord-corÃ©enne'),(187,'Norvegienne'),(188,'Omanaise'),(189,'Ougandaise'),(190,'Ouzbeke'),(191,'Pakistanaise'),(192,'Palau'),(193,'Palestinienne'),(194,'Panameenne'),(195,'Papouane-neoguineenne'),(196,'Paraguayenne'),(197,'Peruvienne'),(198,'Philippine'),(199,'Polonaise'),(200,'Portoricaine'),(201,'Portugaise'),(202,'Qatarienne'),(203,'Roumaine'),(204,'Russe'),(205,'Rwandaise'),(206,'Saint-lucienne'),(207,'Saint-marinaise'),(208,'Saint-vincentaise-et-grenadine'),(209,'Salomonaise'),(210,'Salvadorienne'),(211,'Samoane'),(212,'Santomeenne'),(213,'Saoudienne'),(214,'Senegalaise'),(215,'Serbe'),(216,'Seychelloise'),(217,'Sierra-leonaise'),(218,'Singapourienne'),(219,'Slovaque'),(220,'Slovene'),(221,'Somalienne'),(222,'Soudanaise'),(223,'Sri-lankaise'),(224,'Sud-africaine'),(225,'Sud-corÃ©enne'),(226,'Suedoise'),(227,'Suisse'),(228,'Surinamaise'),(229,'Swazie'),(230,'Syrienne'),(231,'Tadjike'),(232,'Taiwanaise'),(233,'Tanzanienne'),(234,'Tchadienne'),(235,'Tcheque'),(236,'ThaÃ¯landaise'),(237,'Togolaise'),(238,'Tonguienne'),(239,'Trinidadienne'),(240,'Tunisienne'),(241,'Turkmene'),(242,'Turque'),(243,'Tuvaluane'),(244,'Ukrainienne'),(245,'Uruguayenne'),(246,'Vanuatuane'),(247,'Venezuelienne'),(248,'Vietnamienne'),(249,'Yemenite'),(250,'Zambienne'),(251,'Zimbabweenne');

--
-- Table structure for table `roles`
--

CREATE TABLE `roles` (
  `id` int(11) NOT NULL AUTO_INCREMENT,
  `libelle` varchar(70) COLLATE utf8_unicode_ci NOT NULL,
  PRIMARY KEY (`id`),
  UNIQUE KEY `UNIQ_B63E2EC7A4D60759` (`libelle`)
) ENGINE=InnoDB AUTO_INCREMENT=4 DEFAULT CHARSET=utf8 COLLATE=utf8_unicode_ci;

--
-- Dumping data for table `roles`
--

INSERT INTO `roles` VALUES (3,'reerre');

--
-- Table structure for table `school`
--

CREATE TABLE `school` (
  `id` int(11) NOT NULL AUTO_INCREMENT,
  `name` varchar(250) COLLATE utf8_unicode_ci NOT NULL,
  `address` varchar(45) COLLATE utf8_unicode_ci DEFAULT NULL,
  `phoneNumber` varchar(45) COLLATE utf8_unicode_ci DEFAULT NULL,
  `created_at` datetime NOT NULL,
  `updated_at` datetime DEFAULT NULL,
  `code` varchar(45) COLLATE utf8_unicode_ci DEFAULT NULL,
  PRIMARY KEY (`id`),
  UNIQUE KEY `UNIQ_F99EDABB5E237E06` (`name`)
) ENGINE=InnoDB AUTO_INCREMENT=3 DEFAULT CHARSET=utf8 COLLATE=utf8_unicode_ci;

--
-- Dumping data for table `school`
--

INSERT INTO `school` VALUES (1,'ENAM Hassan II Rabat','Campus Rabat  Madinat Al Irfane BP 6202','+ 212 (05) 37 77 17 45/58/59','2017-03-28 11:22:01','2019-10-30 12:52:10','ENAMR'),(2,'ENAM Hassan II Agadir','Agadir','0645450045','2019-10-30 12:52:40',NULL,'ENAMA');

--
-- Table structure for table `school_field`
--

CREATE TABLE `school_field` (
  `id` int(11) NOT NULL AUTO_INCREMENT,
  `name` varchar(255) COLLATE utf8_unicode_ci NOT NULL,
  `date_accreditation` datetime NOT NULL,
  `description` longtext COLLATE utf8_unicode_ci NOT NULL,
  PRIMARY KEY (`id`),
  UNIQUE KEY `UNIQ_850FF3425E237E06` (`name`)
) ENGINE=InnoDB AUTO_INCREMENT=43 DEFAULT CHARSET=utf8 COLLATE=utf8_unicode_ci;

--
-- Dumping data for table `school_field`
--

INSERT INTO `school_field` VALUES (40,'Sciences et Technologies de l\'Espace : \"Systèmes Mondiaux de Navigation par Satellites\" (GNSS)','2020-01-01 00:00:00','test'),(41,'Master en Modélisation et Management des projets BIM','2020-01-01 00:00:00','Master en Modélisation et Management des projets BIM'),(42,'Master Professionnel en Géomatique Appliquée à l’Agriculture Intelligente (G2AI)','2020-09-10 00:00:00','<span>Conditions d\'accès:<br><ul><li>Diplôme d’Ingénieur.</li><li>Docteur en Médecine Vétérinaire.</li><li>Cadre œuvrant dans le domaine de l’Agriculture, avec un diplôme minimum BAC+5.</li></ul></span>');

--
-- Table structure for table `training`
--

CREATE TABLE `training` (
  `id` int(11) NOT NULL AUTO_INCREMENT,
  `user_id` int(11) NOT NULL,
  `year_graduation` int(11) NOT NULL,
  `specialty` varchar(255) COLLATE utf8_unicode_ci NOT NULL,
  `establishment` varchar(255) COLLATE utf8_unicode_ci NOT NULL,
  `level` varchar(255) COLLATE utf8_unicode_ci NOT NULL,
  `moyenne` varchar(255) COLLATE utf8_unicode_ci NOT NULL,
  `city` varchar(255) COLLATE utf8_unicode_ci NOT NULL,
  `status` varchar(255) COLLATE utf8_unicode_ci NOT NULL,
  PRIMARY KEY (`id`),
  KEY `IDX_D5128A8FA76ED395` (`user_id`),
  CONSTRAINT `FK_D5128A8FA76ED395` FOREIGN KEY (`user_id`) REFERENCES `users` (`id`)
) ENGINE=InnoDB AUTO_INCREMENT=1995 DEFAULT CHARSET=utf8 COLLATE=utf8_unicode_ci;

--
-- Dumping data for table `training`
--

INSERT INTO `training` VALUES (411,7499,2017,'MATH','ESTB','1ème année post bac','14','Casablanca','Réussite'),(412,7499,2016,'MATH','la fac','2ème année post bac','14','Casablanca','Réussite'),(413,7499,2014,'MATH','la fac','3ème année post bac','14','Casablanca','Réussite'),(414,7500,2019,'Chb','Ghjj','1ème année post bac','12','Fhjj','En cours'),(415,7534,2013,'cpge (tsi)','cpge settat','2ème année post bac','admissible','settat','Réussite'),(416,7534,2016,'mathematique applique','fst errachidia','3ème année post bac','11.58','errachidia','Réussite'),(417,7534,2018,'1ere année hydraulique rural et irrigation','itsmaer bouknadel','1ème année post bac','15.54','bouknadel','Réussite'),(418,7535,2017,'biologie chimie géologie','FACULTE DES SCIENCES ET TECHNIQUES MARRAKECH','1ème année post bac','13.59','MARRAKECH','Réussite'),(419,7535,2018,'biologie chimie géologie','FACULTE DES SCIENCES ET TECHNIQUES MARRAKECH','2ème année post bac','14.89','MARRAKECH','Réussite'),(420,7535,2019,'EAU ET ENVIRONNEMENT','FACULTE DES SCIENCES ET TECHNIQUES MARRAKECH','3ème année post bac','15.45','MARRAKECH','Réussite'),(422,7536,2014,'Géomètre Topographe','Institut spécialisée du Bâtiment et des travaux public Errachidia','1ème année post bac','16.42','Errachidia','Réussite'),(423,7536,2015,'Géomètre Topographe','Institut spécialisée du Bâtiment et des travaux public Errachidia','2ème année post bac','14.61','Errachidia','Réussite'),(424,7532,2012,'Technicien spécialisé Géomètre topographe','Centre de formation dans les métiers du bâtiment Meknès','1ème année post bac','11.75','Meknès','Réussite'),(425,7532,2013,'Technicien spécialisé Géomètre topographe','Centre de formation dans les métiers du bâtiment Meknès','2ème année post bac','12.77','Meknès','Réussite'),(426,7532,2018,'Licence professionnelle SIG et gestion de l\'espace','Faculté des lettres et des sciences humaines','3ème année post bac','12.79','Kenitra','Réussite'),(427,7538,2016,'Management et administration des entreprises','Fsjes Souissi','1ème année post bac','13.125','Rabat','Réussite'),(428,7538,2017,'Management et administration des entreprises','Fsjes Souissi','2ème année post bac','13.685','Rabat','Réussite'),(429,7538,2018,'Management et administration des entreprises','Fsjes Souissi','3ème année post bac','12.93','Rabat','Réussite'),(430,7540,2019,'Administration et gestion des entreprises','Faculté des sciences économiques juridiques et sociales','3ème année post bac','14','Rabat','En cours'),(432,7542,2016,'MIP','FST','2ème année post bac','11.36','Errachidia','En cours'),(433,7542,2019,'mathématiques appliqués','FST','3ème année post bac','10.00','Errachidia','Réussite'),(434,7543,2016,'SCIENCES DE LA VIE','Faculté Polydiciplinaire de Beni Mellal','1ème année post bac','12.25','BENI MELLAL','Réussite'),(435,7543,2017,'Diplôme d\'Etudes Universitaires Générales Sciences de la Vie','Faculté Polydiciplinaire de Beni Mellal','2ème année post bac','12.604','BENI MELLAL','Réussite'),(436,7544,2007,'Techniques de Développement Informatique (TDI)','ISTA NTIC de Beni Mellal','1ème année post bac','11,04','Beni Mellal','Réussite'),(437,7543,2018,'MANAGEMENT INTEGRE -QUALITE-SECURITE-ENVIRONNEMENT','Faculté Polydiciplinaire de Beni Mellal','3ème année post bac','12.865','BENI MELLAL','Réussite'),(438,7544,2008,'Techniques de Développement Informatique (TDI)','ISTA NTIC de Beni Mellal','2ème année post bac','11,04','Beni Mellal','Réussite'),(439,7544,2016,'Licence Professionnelle : Le SIG et la Gestion d\'Espace','Université Ibn Tofail','3ème année post bac','13,27','Kénitra','Réussite'),(440,7545,2019,'pc','Ibnou El Bnnae El morakouchie','2ème année post bac','16.68','Casablanca','Réussite'),(448,7546,2013,'TS géomètre topographe','Centre des Métiers du Bâtiment','1ème année post bac','13.88','Marrakech','Réussite'),(449,7546,2014,'TS géomètre topographe','Centre des Métiers du Bâtiment','2ème année post bac','16.35','Marrakech','Réussite'),(450,7546,2015,'ingénierie territoriale','FLSH QADI IYYAD','3ème année post bac','13.83','Marrakech','Réussite'),(451,7537,2017,'Technicienne Spécialisée en Eaux et Forêts','Institut Royal des Techniciens Spécialisés des Eaux et Forêts de Salé','1ème année post bac','15,85','Salé','Réussite'),(452,7537,2018,'Technicienne Spécialisée en Eaux et Forêts','Institut Royal des Techniciens Spécialisés des Eaux et Forêts de Salé','2ème année post bac','15,22','Khénifra','Réussite'),(453,7537,2019,'Licence Professionnelle en Aquaculture et Gestion Durable des Ecosystèmes Aquatiques','Ecole Supérieure de Technologie de Khénifra','3ème année post bac','15,54','Khénifra','Réussite'),(454,7548,2016,'Topographie','Institut des Techniciens Spécialisés en Génie Rural et Topographie','1ème année post bac','15.12','Meknès','Réussite'),(455,7548,2017,'Topographie','Institut des Techniciens Spécialisés en Génie Rural et Topographie','2ème année post bac','15.14','Meknès','Réussite'),(456,7548,2018,'Géo-Information et Modélisation du Territoire','Faculté des Sciences de Meknès','3ème année post bac','12.89','Meknès','Réussite'),(457,7547,2017,'Economie Gestion','Universitè mohamad V','1ème année post bac','11,55','Rabat','Réussite'),(458,7547,2018,'Economie Gestion','Universitè mohamad V','2ème année post bac','10,35','Rabat','Réussite'),(459,7547,2019,'Economie Gestion','Universitè mohamad V','3ème année post bac','12,05','Rabat','Réussite'),(460,7518,2018,'Management et Administration des entreprises','Faculté des sciences juridiques, Economiques et Sociales - Souissi','3ème année post bac','12.99','Rabat','Réussite'),(461,7518,2013,'Environnement et Techniques de l\'Eau','Ecole supérieure de technologie de salé','2ème année post bac','13.07','Salé','Réussite'),(462,7518,2012,'Environnement et techniques de l\'eau','Ecole supérieure de technologie de salé','1ème année post bac','12.08','Salé','Réussite'),(463,7553,2018,'STU ( sub-surface)','Faculte de sciences chouaib Edoukali','3ème année post bac','Passable','El Jadida','Réussite'),(464,7552,2001,'physique de l\'environnement','faculté des science kénitra','1ème année post bac','bien','kénitra','Réussite'),(465,7552,2002,'physique de l\'environnement','faculté des science kénitra','2ème année post bac','bien','kénitra','Réussite'),(466,7552,2003,'physique de l\'environnement','faculté des science kénitra','3ème année post bac','bien','kénitra','Réussite'),(467,7554,2017,'Mécanique et énergétique','Facultés des sciences et technique','3ème année post bac','11.72','Al hoceima','Réussite'),(468,7554,2016,'Productique','Lycée moulay ismail','2ème année post bac','13.03','Meknès','Réussite'),(469,7554,2015,'Productique','Lycée moulay ismail','1ème année post bac','12.55','Meknès','Réussite'),(473,7549,2012,'GEOMATIQUE ET TOPOGRAPHIE','ECOLE SPECIALE DE LA GEOMATIQUE ET DE LA TOPOGRAPHIE','1ème année post bac','14,20','TEMARA','Réussite'),(474,7549,2013,'GEOMATIQUE ET TOPOGRAPHIE','ECOLE SPECIALE DE LA GEOMATIQUE ET DE LA TOPOGRAPHIE','2ème année post bac','12,67','TEMARA','Réussite'),(475,7549,2016,'GEO-INFORMATION ET MODELISATION DU TERRITOIRE','FACULTE DES SCIENCES','3ème année post bac','13,11','MEKNES','Réussite'),(477,7555,2019,'bioprocédés hygiène et sécurité alimentaire','faculté de science et technique','3ème année post bac','12,498','FES','Réussite'),(478,7555,2018,'biologie géologie chimie','faculté de science et technique','2ème année post bac','11,49','FES','Réussite'),(480,7557,2017,'Biologie-chimie-géologie','Faculté des sciences et techniques de Marrakech','1ème année post bac','11.36','Marrakech','Réussite'),(481,7557,2018,'Biologie-chimie-géologie','Faculté des sciences et techniques de Marrakech','2ème année post bac','11.31','Marrakech','Réussite'),(482,7557,2019,'Eau et environnement','Faculté des sciences et techniques de Marrakech','3ème année post bac','13.97','Marrakech','Réussite'),(484,7559,2017,'Genie informatique','Ecole superieure de technologie','1ème année post bac','12.55','Fes','Réussite'),(485,7559,2018,'Genie informatique - Administration des bases de donnees','Ecole superieure de technologie','2ème année post bac','14.66','Fes','Réussite'),(486,7559,2019,'Developpement des systemes d\'information et de communication','Ecole superieure de technologie','3ème année post bac','12.7','Meknes','Réussite'),(490,7565,2015,'Physique','Faculté des sciences','1ème année post bac','10.71','Meknès','Réussite'),(492,7565,2018,'Physique','Faculté des sciences','2ème année post bac','11.17','Meknès','Réussite'),(493,7566,2016,'Informatique','science mathématique et informatique appliquée','3ème année post bac','16.24','DRIOUCH','En cours'),(494,7572,2019,'Licence sciences et techniques Mécatronique','Fst settat','3ème année post bac','Pas encore','Settat','En cours'),(495,7565,2019,'Physique','Faculté des sciences','3ème année post bac','12.13','Meknès','En cours'),(496,7578,2019,'Géologie : Eau et Environnement','Faculté des sciences et techniques de Marrakech','3ème année post bac','11.58','Essaouira','Réussite'),(497,7569,2016,'Gestion des entreprises','ISTA','1ème année post bac','16','Meknès','Réussite'),(499,7569,2017,'Gestion des entreprises','ISTA','2ème année post bac','15,53','Meknès','Réussite'),(500,7580,2019,'Sciences de la terre et de l\'univers','Faculté des sciences moulay ismail','3ème année post bac','11','Meknes','En cours'),(501,7569,2019,'Finance et fiscalité','FSJES Meknès','3ème année post bac','15.38','Meknès','Réussite'),(502,7568,2012,'Science de la matière chimie','Ibno zohr','1ème année post bac','11.51','Agadir','Réussite'),(503,7568,2014,'Science de la matière chimie','Ibno zohr','2ème année post bac','10.50','Agadir','Réussite'),(504,7568,2015,'Science de la matière chimie','Ibno zohr','3ème année post bac','10.54','Agadir','Réussite'),(506,7585,2017,'BCG','Faculté des sciences et techniques Marrakech','1ème année post bac','10,14','MARRAKECH','Réussite'),(507,7585,2018,'BCG','Faculté des sciences et techniques Marrakech','2ème année post bac','11.15','MARRAKECH','Réussite'),(510,7574,2019,'smi','faculte des sciences rabat','3ème année post bac','12.39','rabat','En cours'),(511,7585,2019,'Bio-analyses environnementales','Faculté des sciences et techniques Marrakech','3ème année post bac','12,877','MARRAKECH','Réussite'),(512,7574,2018,'smi','faculte des sciences rabat','2ème année post bac','10.88','rabat','Réussite'),(514,7574,2017,'smi','faculte des sciences rabat','1ème année post bac','10.01','rabat','Réussite'),(519,7575,2019,'Protection de l\'environnement','Faculté de science et technique','3ème année post bac','13.22','Beni Mellal','Réussite'),(520,7575,2018,'Biologie, Chimie, Géologie','Faculté de science et technique','2ème année post bac','10.94','Beni Mellal','Réussite'),(522,7575,2017,'Sciences de la Vie et de la Terre','Faculté de science et technique','1ème année post bac','13.16','Khénifra','Réussite'),(524,7561,2017,'Biologie Chimie Géologie','Université Cadi Ayyad Faculté des sciences et techniques','1ème année post bac','10.542','Marrakech','Réussite'),(526,7561,2018,'Biologie Chimie Géologie','Université Cadi Ayyad Faculté des sciences et techniques','2ème année post bac','12.494','Marrakech','Réussite'),(527,7586,2016,'Baccalauréat en sciences physiques','Lycée EL FATH','1ème année post bac','15.45','Agadir','Réussite'),(528,7561,2019,'Géologie/Eau et Environnement: Exploration et Exploitation des ressources en eau','Université Cadi Ayyad Faculté des sciences et techniques','3ème année post bac','15.179','Marrakech','Réussite'),(530,7586,2018,'DEUG EN SCIENCES DE LA MATIÈRE PHYSIQUE','FACULTÉ DES SCIENCES APPLIQUÉES AIT MELLOUL','2ème année post bac','1355','Agadir','Réussite'),(531,7586,2019,'Licence fondamentale en sciences de la matière physique','FACULTÉ DES SCIENCES APPLIQUÉES AIT MELLOUL','3ème année post bac','13.25','Agadir','Réussite'),(532,7597,2016,'Développement des systèmes d\'informations','BTS','1ème année post bac','13.26','OUARZAZATE','Réussite'),(533,7597,2017,'Développement des systèmes d\'informations','BTS','2ème année post bac','13.83','OUARZAZATE','Réussite'),(534,7597,2018,'technologies des multimédias et du web','ENS','3ème année post bac','13','OUARZAZATE','Réussite'),(536,7579,2011,'ECONOMIE ET GESTION','FSJES','1ème année post bac','10.34','MOHAMMEDIA','Réussite'),(537,7579,2012,'ECONOMIE ET GESTION','FSJES','2ème année post bac','11.32','MOHAMMEDIA','Réussite'),(538,7579,2013,'LICENCE FONDAMENTALE : ECONOMIE ET GESTION','FSJES','3ème année post bac','12.81','MOHAMMEDIA','Réussite'),(540,7603,2019,'Géosciences appliques','Licence applique','3ème année post bac','11.90','Érrachidia','En cours'),(541,7595,2019,'Informatique option génie logiciel','Faculté des Sciences et Techniques','1ème année post bac','11.45','Errachidia','Réussite'),(545,7599,2017,'science physique','ibn zohr agadir','1ème année post bac','11.36','Agadir','En cours'),(546,7599,2018,'science physique','ibn zohr agadir','2ème année post bac','11.31','Agadir','En cours'),(547,7599,2019,'science physique','ibn zohr agadir','3ème année post bac','11.65','Agadir','En cours'),(548,7605,2018,'economie et gestion','sidi mohmed ben abdellah','2ème année post bac','12.25','fes','Réussite'),(549,7607,2014,'MIP','FST','1ème année post bac','12.16','errachidia','Réussite'),(550,7607,2015,'MIP','FST','2ème année post bac','10.54','errachidia','Réussite'),(551,7608,2019,'Sciences Mathématiques et Applications','Sidi Mohamed ben Abdellah','3ème année post bac','11.77','Fès','Réussite'),(552,7607,2016,'Mathématique appliquée','FST','3ème année post bac','11.30','errachidia','Réussite'),(553,7611,2017,'Technicien spécialisé en réseaux informatiques','ISTA OFPPT','2ème année post bac','14.00','El jadida','Réussite'),(554,7582,2011,'Bac science physique','1°lycee militaire royal','1ème année post bac','15.52','Kenitra','Réussite'),(555,7611,2019,'RÉSEAUX, SÉCURITÉ ET SYTÈMES INFORMATIQUES','Faculté des sciences semlalia','3ème année post bac','12.723','Marrakech','Réussite'),(557,7611,2016,'Technicien spécialisé en réseaux informatiques','ISTA OFPPT','1ème année post bac','12.16','El jadida','Réussite'),(559,7582,2014,'M.I.P','Fst settat','2ème année post bac','10.74','Settat','Réussite'),(560,7612,2019,'Science de la vie','Oujda','1ème année post bac','14.40','Oujda','En cours'),(561,7613,2019,'Sciences Mathématiques et applications','Faculté des sciences','3ème année post bac','12.23','Meknès','En cours'),(562,7582,2015,'Genie civil','Fst settat','3ème année post bac','12.77','Settat','Réussite'),(563,7614,2017,'Systèmes Electroniques','BTS','1ème année post bac','13.67','Fes','Réussite'),(564,7614,2018,'Systèmes Electroniques','BTS','2ème année post bac','15.8','Fes','Réussite'),(565,7614,2019,'Ingénierie Electrique','Ecole Supérieure de Technologie','3ème année post bac','12.86','Méknes','Réussite'),(566,7618,2018,'Science de la matière physique option materiaux','Fp de ouarzazate','1ème année post bac','Passable','Ouarzazate','Réussite'),(568,7610,2018,'Biologie Chimie Géologie','Faculté de sciences et Techniques de Marrakech','2ème année post bac','12.2285','Marrackech','Réussite'),(569,7610,2017,'Biologie Chimie Géologie','Faculté de sciences et Techniques de Marrakech','1ème année post bac','11.204','Marrakech','Réussite'),(570,7621,2017,'Sciences économiques et de gestion','Faculté polydisciplinaire sultane moulay slimane béni mellal','1ème année post bac','11,35','Béni mellal','Réussite'),(571,7610,2019,'Géologie appliquées aux ressources minières','Faculté de sciences et Techniques de Marrakech','3ème année post bac','13.2685','Marrakech','Réussite'),(572,7622,2017,'Économie et gestion','Université Ibn zohr','3ème année post bac','11.50','Agadir','Réussite'),(573,7621,2018,'Sciences économiques et de gestion','Faculté polydisciplinaire sultane moulay slimane béni mellal','2ème année post bac','11.31','Béni mellal','Réussite'),(577,7619,2016,'science économique et de gestion','faculté pluridisciplinaire sultan moulay slimane','1ème année post bac','11.64','beni mellal','Réussite'),(578,7619,2018,'science économique et de gestion','faculté pluridisciplinaire sultan moulay slimane','2ème année post bac','10.30','beni mellal','Réussite'),(579,7619,2019,'science économique et de gestion','faculté pluridisciplinaire sultan moulay slimane','3ème année post bac','11.25','beni mellal','Réussite'),(580,7626,2019,'Sig et la gestion de l\'espace','Faculté de droit et des sciences humaines de kenitra','3ème année post bac','13.35','Kenitra','Réussite'),(581,7626,2017,'Topographie et gèomatiques','Faculté des sciences et techniques','2ème année post bac','15','Benimellal','Réussite'),(582,7626,2016,'Technicien spécialisé géomètre topographe','Institut spécialisé des technologies appliquées','1ème année post bac','15','Salé','Réussite'),(584,7629,2019,'GESTION','FSJES SIDI MOHAMED BEN ABDELLAH','3ème année post bac','En cours','FES','En cours'),(585,7630,2014,'Maths informatique physique','Faculté des sciences et techniques','2ème année post bac','10.63','Settat','Réussite'),(586,7630,2013,'Maths informatique physique','Faculté des sciences et techniques','1ème année post bac','11.4','Settat','Réussite'),(587,7630,2015,'Mathématiques appliquées','Faculté des sciences et techniques','3ème année post bac','11.38','Settat','Réussite'),(593,7636,2019,'La biologie','Pc','1ème année post bac','11.56','Tata','Réussite'),(594,7635,2017,'Qualité des produits animaux et d\'Origine animale','Institut Royal des techniciens spécialisés en élevage','1ème année post bac','14.82','Kenitra','Réussite'),(597,7635,2018,'Qualité des produits animaux et d\'Origine animale','Institut Royal des techniciens spécialisés en élevage','2ème année post bac','15.56','Kenitra','Réussite'),(598,7635,2019,'Management des entreprises agricoles et agro-alimentaires','Faculté polydisciplinaire beni Mellal','3ème année post bac','14','Beni Mellal','En cours'),(599,7637,2016,'Science vie et terre','Abd krim khtabi','1ème année post bac','12.75','Mohammedia','Réussite'),(600,7634,2017,'LP-ESPC','Ecole Normale Supérieure','1ème année post bac','12.88','Fès','Réussite'),(601,7637,2018,'Deug en biologie','Faculté de science bn m\'sik','2ème année post bac','10','Mohammedia','Réussite'),(602,7634,2018,'LP-ESPC','Ecole Normale Supérieure','2ème année post bac','14.55','Fès','Réussite'),(603,7637,2019,'Biotechnologie végétale','Faculté de science bn m\'sik','3ème année post bac','12','Mohammedia','Réussite'),(604,7634,2019,'LP-ESPC','Ecole Normale Supérieure','3ème année post bac','14.61','Fès','En cours'),(605,7631,2019,'Economie gestion','fsjes souissi','1ème année post bac','10','rabat','Réussite'),(606,7631,2018,'Economie gestion','fsjes souissi','2ème année post bac','10','rabat','Réussite'),(607,7631,2017,'Economie gestion','fsjes souissi','3ème année post bac','10','rabat','Réussite'),(608,7633,2015,'Physique-chimie','Oum Al Kora','1ème année post bac','13.60','FES','Réussite'),(609,7638,2017,'EFFICACITÉ ÉNERGÉTIQUE ET ENERGIES RENOUVELABLES','FACULTÉ DES SCIENCE SEMLALIA','1ème année post bac','11.43','MARRAKECH','Réussite'),(610,7633,2016,'Agroalimentaire et Génie Biologique','Ecole Supérieure de Technologie','2ème année post bac','12.913','FES','Réussite'),(611,7633,2018,'Api phytothérapie, santé et développement durable','Faculté des sciences Dhar El Mehraz','3ème année post bac','12.89','FES','Réussite'),(612,7642,2018,'Sciences mathématiques et applications','faculté polydisciplinaire Safi','3ème année post bac','10.79','Safi','Réussite'),(613,7643,2019,'SMP-ELECTRONIQUE','FSDM','3ème année post bac','11.52','Fès','Réussite'),(614,7647,2018,'Géoscience Appliqué','Faculté des sciences et techniques de errachidia','3ème année post bac','10.99','Errachidia','Réussite'),(615,7647,2017,'Biologie Chimie Géologie','Faculté des sciences et techniques de errachidia','2ème année post bac','10.72','Errachidia','Réussite'),(616,7647,2016,'Biologie Chimie Géologie','Biologie Chimie Géologie','1ème année post bac','10.96','Errachidia','En cours'),(618,7646,2014,'Sciences Mathématiques et Informatiques et Applications','Faculté Polydisciplinaire de Ouarzazate','1ème année post bac','10.62','Ouarzazate','Réussite'),(619,7646,2015,'Sciences Mathématiques et Applications','Faculté des Sciences de Rabat','2ème année post bac','10.02','Rabat','Réussite'),(620,7646,2017,'Sciences Mathématiques et Applications','Faculté des Sciences de Rabat','3ème année post bac','10.68','Rabat','Réussite'),(621,7651,2019,'Chimie','Fstm','3ème année post bac','10','Casablanca','Réussite'),(623,7652,2016,'SMI','USMBA-FPT','1ème année post bac','9','TAZA','Echec'),(624,7654,2019,'science économique et gestion','faculté des science juridique économique et sociales sale','3ème année post bac','10','sale','En cours'),(626,7653,2019,'Géomatique et Aménagement du Territoire','Faculté des Sciences et Techniques','3ème année post bac','13.37','Béni Mellal','Réussite'),(627,7653,2018,'Animation et Développement du Territoires Ruraux','Ecole Supérieur de Technologie','2ème année post bac','13.54','khénifra','Réussite'),(628,7658,2016,'Gestion et maîtrise de l\'eau','ITSMAER','1ème année post bac','16,31','SALE','Réussite'),(629,7658,2017,'Gestion et maîtrise de l\'eau','ITSMAER','2ème année post bac','16,31','SALE','Réussite'),(630,7658,2018,'Gestion d\'assainissement liquide en milieu  urbain','FS AIN CHOK','3ème année post bac','12,41','CASABLANCA','Réussite'),(631,7659,2019,'ECONOMIE ET GESTION','faculté polydisciplinaire errachidia','3ème année post bac','11.85','ERRACHIDIA','Réussite'),(632,7661,2019,'Physiologie Animale','Faculté des sciences Semlalia Marrakech, Université Cadi Ayyad','3ème année post bac','11.604','Marrakech','En cours'),(633,7660,2008,'Techniques de Développement informatique','Institut Spécialisé de Technologie Appliquée de Gestion Bab Tizimi','1ème année post bac','12.49','Meknès','Réussite'),(634,7660,2009,'Techniques de Développement informatique','Institut Spécialisé de Technologie Appliquée de Gestion Bab Tizimi','2ème année post bac','14.19','Meknès','Réussite'),(635,7660,2010,'Licence Professionnelle en informatique de gestion','Faculté Polydisciplinaire de Larache','3ème année post bac','13.52','Meknès','Réussite'),(636,7662,2019,'Science de la vie','Faculté de sciences Semlalia','3ème année post bac','10.85','Marrakech','Réussite'),(639,7663,2016,'GESTION DES ENTREPRISES','FSJES AGADIR','3ème année post bac','13.41','AGADIR','Réussite'),(640,7663,2015,'SCIENCES ECONOMIQUES ET GESTION','FSJES AGADIR','2ème année post bac','12.08','AGADIR','Réussite'),(641,7663,2014,'SCIENCES ECONOMIQUES ET GESTION','FSJES AGADIR','1ème année post bac','12.07','AGADIR','Réussite'),(643,7668,2015,'Cycle préparatoire','ENSA','1ème année post bac','10.48','Kenitra','Réussite'),(644,7668,2016,'Cycle Ingénieur Réseaux et télécoms','ENSA','2ème année post bac','13.32','Kenitra','Réussite'),(645,7668,2017,'Cycle Ingénieur Réseaux et télécoms','ENSA','3ème année post bac','14','Kenitra','Réussite'),(647,7671,2019,'licence professionnelle en instrumentation et systemes','EST guelmim','3ème année post bac','14,25','Guelmim','Réussite'),(648,7670,2019,'Biologie','Faculté polydisciplinaire béni mallal','3ème année post bac','10.95','Béni mallal','Réussite'),(651,7673,2017,'sciences économiques','Ibn Zohr Agadir','2ème année post bac','10.17','Agadir','Réussite'),(652,7673,2018,'sciences économiques','Ibn Zohr Agadir','3ème année post bac','10.16','Agadir','Réussite'),(653,7673,2016,'sciences économiques','Ibn Zohr Agadir','1ème année post bac','10.35','Agadir','Réussite'),(655,7678,2017,'licence en science economique et gestion','IBNO ROCHD','1ème année post bac','11,50','Beni mellal','Réussite'),(656,7677,2013,'Gestion et Maîtrise de l\'Eau','Institut des Techniciens spécialisé en Mécanique Agricole et Equipements Rural','2ème année post bac','13.54','SALE','Réussite'),(657,7677,2017,'Gestion d\'Assainissement Liquide en Milieu Urbain','Faculté des sciences Ain chock','3ème année post bac','13.39','CASABLANCA','Réussite'),(658,7685,2015,'Management des entreprises','EST','1ème année post bac','13.16','GUELMIM','Réussite'),(659,7683,2018,'Licence d\'excellence en sciences de gestion','Faculté juridiques économiques et sociales Agdal','3ème année post bac','12.01','Rabat','Réussite'),(660,7685,2017,'Management des entreprises','EST','2ème année post bac','14.16','GUELMIM','Réussite'),(661,7685,2018,'Management des organisations','ENCG','3ème année post bac','13.81','Agadir','Réussite'),(662,7686,2012,'Geomatique Et topographie','Académie de formation Technique','1ème année post bac','11.34','Agadir','Réussite'),(664,7686,2014,'licence Professionnelle en Géosciences','Fst Beni Mellal','2ème année post bac','12.22','Beni mellal','Réussite'),(665,7686,2017,'SIG ET DÉVELOPPEMENT WEB','Ecole Royal de Gendarmerie','3ème année post bac','13','Marrakech','Réussite'),(666,7691,2017,'Mathématiques','ENS RABAT','3ème année post bac','11.05','RABAT','Réussite'),(669,7689,2018,'Economie gestion','université mohamed 5 rabat souissi','3ème année post bac','11.55','rabat','Réussite'),(670,7692,2019,'Licence/Mathématiques informatiques appliquées aux sciences de l\'ingénieur','Faculté des sciences et techniques','3ème année post bac','11,81','MARRAKECH','Réussite'),(673,7694,2019,'Eau et environnement','Fst marrakech','3ème année post bac','11.43','Marrakech','En cours'),(674,7693,2016,'FUE LEM','ENS','1ème année post bac','11.15','Rabat','Réussite'),(675,7693,2017,'DEUP -FUE LEM-','ENS','2ème année post bac','11.48','Rabat','Réussite'),(677,7693,2018,'Licence -FUE LEM- mathematique','ENS','3ème année post bac','12.58','Rabat','Réussite'),(678,7690,2017,'Biologie géologie chimie','Faculté Des Sciences et Techniques de marrakech','1ème année post bac','10.809','Marrakech','Réussite'),(679,7690,2018,'Biologie géologie chimie','Faculté Des Sciences et Techniques de marrakech','2ème année post bac','11.1845','Marrakech','Réussite'),(680,7571,2015,'SCIENCES DE LA MATIERE PHYSIQUE ET CHIMIE','UNIVERSITE HASSAN 2 DES SCIENCES','1ème année post bac','passable','CASABLANCA','Réussite'),(681,7571,2018,'SCIENCES DE LA MATIERE PHYSIQUE','UNIVERSITE HASSAN 2 DES SCIENCES','2ème année post bac','passable','CASABLANCA','Réussite'),(682,7571,2019,'licence fondamentale en électronique','UNIVERSITE HASSAN 2 DES SCIENCES','3ème année post bac','passable','CASABLANCA','Réussite'),(683,7697,2019,'Science Mathématiques et Applications','Ibn Tofail','3ème année post bac','10.763','Kénitra','Réussite'),(684,7700,2018,'Cartographie Géologie Géomatique','Ecole Normale Supérieur','3ème année post bac','13.47','Rabat','Réussite'),(685,7700,2016,'Technicien Spécialisée Géomètre Topographe','Institut Spécialisé de Technologie Appliquée','2ème année post bac','15.57','Temara','Réussite'),(686,7700,2015,'Technicien Spécialisée Géomètre Topographe','Institut Spécialisé de Technologie Appliquée','1ème année post bac','14.63','Temara','Réussite'),(687,7690,2019,'Géologie appliquée aux ressources minières','Faculté Des Sciences et Techniques de marrakech','3ème année post bac','12.719','Marrakech','Réussite'),(689,7702,2018,'science de la matière physique et chimie','faculté des science Ain chock','1ème année post bac','13.195','casablanca','Réussite'),(690,7704,2019,'Génie électrique et informatique industrielle','FST MOHAMMEDIA','3ème année post bac','11.561','MOHAMMEDIA','Réussite'),(691,7702,2019,'science mathématique et informatique','faculté des science Ain chock','2ème année post bac','12.08','casablanca','Réussite'),(692,7705,2015,'science physique','LFKIH LAMRINI','1ème année post bac','14.54','SALE','Réussite'),(694,7707,2017,'Techniques de Management','ESTM','1ème année post bac','13,62','Meknes','Réussite'),(695,7706,2019,'Géosciences appliquée','Université Moulay Ismail','3ème année post bac','12','Errachidia','En cours'),(696,7707,2018,'Techniques de Management spécialité Informatique et Gestion des entreprises','ESTM','2ème année post bac','14,04','Meknes','Réussite'),(697,7708,2018,'Gros oeuvre','Ista khemisset','2ème année post bac','13.56','Tiflet','En cours'),(698,7707,2019,'Commerce et Marketing','FSJES MEKNES','3ème année post bac','15,24','Meknes','Réussite'),(699,7710,2016,'Géographie','FLSH Agadir','3ème année post bac','11/20','Agadir','Réussite'),(700,7515,2016,'Gestion et Maitrise de l’Eau','Institut des Techniciens Spécialisés en mécanique agricole et équipement rural de Bouknadel','1ème année post bac','16.605','Bouknadel','Réussite'),(701,7515,2017,'Gestion et Maitrise de l’Eau','Institut des Techniciens Spécialisés en mécanique agricole et équipement rural de Bouknadel','2ème année post bac','16.605','Bouknadel','Réussite'),(702,7713,2017,'Enseignement des mathématiques','ENS','1ème année post bac','11.69','Rabat','Réussite'),(703,7713,2018,'Enseignement des mathématiques','ENS','2ème année post bac','12.38','Rabat','Réussite'),(704,7515,2019,'Gestion d\'assainissement liquide en milieu urbain','Faculté des sciences Ain Chock','3ème année post bac','12.0625','Casablanca','Réussite'),(706,7710,2014,'Géographie','FLSH Agadir','1ème année post bac','10.59','Agadir','Réussite'),(707,7710,2015,'Géographie','FLSH Agadir','2ème année post bac','11.93','Agadir','Réussite'),(708,7714,2010,'Economie','Lycée Dar ssalam','1ème année post bac','14,8','RABAT','Réussite'),(709,7714,2015,'Economie','Université Mohamed V Souissi','3ème année post bac','11','RABAT','Réussite'),(712,7672,2014,'MATHEMATIQUES','ENS CASABLANCA','1ème année post bac','10.70','CASABLANCA','Réussite'),(713,7672,2015,'MATHEMATIQUES','ENS CASABLANCA','2ème année post bac','10.22','CASABLANCA','Réussite'),(714,7672,2016,'MATHEMATIQUES','ENS CASABLANCA','3ème année post bac','12.11','CASABLANCA','Réussite'),(715,7721,2019,'Physique et chimie','Bir anzarran','2ème année post bac','16.04','Fkih ben seleh','Réussite'),(717,7688,2016,'Mathématiques','Ecole normal supérieur Rabat','3ème année post bac','11.83','RABAT','Réussite'),(719,7719,2019,'chimie','faculté des sciences de tétouan','3ème année post bac','12','tétouan','En cours'),(720,7688,2015,'Mathématiques','Ecole normal supérieur Rabat','2ème année post bac','10.75','RABAT','Réussite'),(721,7688,2014,'Mathématiques','Ecole normal supérieur Rabat','1ème année post bac','10.11','RABAT','Réussite'),(723,7719,2018,'chimie','faculté des sciences de tétouan','2ème année post bac','11','tétouan','Réussite'),(724,7719,2017,'chimie','faculté des sciences de tétouan','1ème année post bac','11','tétouan','Réussite'),(725,7723,2019,'Énergétiques','Faculté des sciences de tetouan','3ème année post bac','12.89','Tetouan','Réussite'),(727,7726,2014,'Licence fondamentale en chimie','Faculté IBN ZOHR','3ème année post bac','13.08','Agadir','Réussite'),(728,7728,2019,'Science économique et de gestion','Faculte polydisciplinaire de taza','3ème année post bac','12','Taza','En cours'),(729,7726,2010,'Science experimental(science physique)','Lycée sidi amar','1ème année post bac','13.52','Zagora','Réussite'),(730,7726,2015,'Qualification pédagogique en matière physique et chimie','Centre pédagogique SAFI','2ème année post bac','15','Safi','Réussite'),(732,7730,2013,'sciences mathématiques et applications','faculté des sciences dhar el mahraz FES','1ème année post bac','11.91','Fés','Réussite'),(733,7730,2015,'sciences mathématiques et applications','faculté des sciences dhar el mahraz FES','2ème année post bac','10.47','Fés','Réussite'),(734,7598,2014,'Inscrit au deust mip','Fst','1ème année post bac','10','Errachidia','Réussite'),(735,7598,2016,'Inscrit au deust mip','Fst','2ème année post bac','10','Errachidia','Réussite'),(736,7598,2019,'Licence Énergie renouvelables option énergie solaire et éolienne','Fst','3ème année post bac','11.23','Errachidia','Réussite'),(737,7730,2019,'sciences mathématiques et applications','faculté des sciences dhar el mahraz FES','3ème année post bac','11.60','Fés','Réussite'),(740,7733,2015,'sciences mathématique et informatique','faculté polydisciplinaire de Ouarzazate','1ème année post bac','10.59','Ouarzazate','Réussite'),(741,7733,2016,'sciences mathématique et informatique','faculte polydisciplinaire de Ouarzazate','2ème année post bac','11.25','Ouarzazate','Réussite'),(742,7734,2019,'Biochimie génétique microbiologie','Fsts','3ème année post bac','11.72','Settat','Réussite'),(743,7733,2017,'sciences mathématique et informatique','faculté polydisciplinaire de Ouarzazate','3ème année post bac','12.25','Ouarzazate','Réussite'),(744,7735,2017,'techniques de management','Ecole Supérieure de Technologie','1ème année post bac','12.17','méknes','Réussite'),(745,7736,2019,'Génie informatique','FST benimellal','1ème année post bac','11.54','khouribga','Réussite'),(746,7735,2018,'Techniques de management / Informatique et comptabilité des entreprises','Ecole Supérieure de Technologie','2ème année post bac','13.65','méknes','Réussite'),(748,7737,2014,'Licence géographie','Flash sais','1ème année post bac','11.31','Fes','Réussite'),(749,7735,2019,'Sciences Economiques et Gestion / Gestion Comptable','Faculté des Sciences Juridiques Economiques et Sociales','3ème année post bac','.','kénitra','En cours'),(751,7741,2017,'SMA','Faculté des sciences d\'Agadir','1ème année post bac','11.62','AGADIR','Réussite'),(752,7741,2018,'SMA','Faculté des sciences d\'Agadir','2ème année post bac','10.00','AGADIR','Réussite'),(753,7741,2019,'SMA','Faculté des sciences d\'Agadir','3ème année post bac','10.66','AGADIR','En cours'),(755,7743,2014,'mathématiques informatique physique chimie (mipc)','université cadi ayyad faculté des sciences et techniques marrakech','1ème année post bac','10.667','Marrakech','Réussite'),(756,7743,2015,'mathématiques informatique physique chimie (mipc)','université cadi ayyad faculté des sciences et techniques marrakech','2ème année post bac','10.00','Marrakech','Réussite'),(757,7743,2017,'mathématiques et informatique appliquées aux sciences de l\'ingénieur','université cadi ayyad faculté des sciences et techniques marrakech','3ème année post bac','11.05','Marrakech','Réussite'),(758,7745,2013,'Mathématiques et ses applications','Lycée sidi ousidi','1ème année post bac','12.18','Taroudant','Réussite'),(760,7746,2017,'physique chimique','faculté de sciences rabat','1ème année post bac','12.18','RABAT','Réussite'),(761,7746,2018,'physique','faculté de sciences rabat','2ème année post bac','11.05','RABAT','Réussite'),(762,7747,2019,'Chimie organique','Faculté des sciences semlalia','3ème année post bac','12','Marrakech','En cours'),(763,7749,2019,'Licence professionnelle en Management et administration des entreprises','Fsjes med 5 souissi','3ème année post bac','14.17','Rabat','Réussite'),(764,7757,2017,'licence chimie','faculté des sciences','3ème année post bac','10.33','agadir','Réussite'),(765,7513,2011,'Sociologie','Faculté des Lettres et Sciences Humaines','1ème année post bac','10,85','Rabat','Réussite'),(766,7751,2012,'environnement et techniques de l\'eau','ecole supérieure de technologie','2ème année post bac','14.12','salé','Réussite'),(767,7513,2012,'Sociologie','Faculté des Lettres et Sciences Humaines','2ème année post bac','12,43','Rabat','Réussite'),(768,7513,2013,'Sociologie','Faculté des Lettres et Sciences Humaines','3ème année post bac','12,08','Rabat','Réussite'),(769,7756,2019,'développement système information','BTS','2ème année post bac','12.53','Ouarzazate','Réussite'),(770,7758,2015,'GESTION ET COMMERCE','UNIVERSITE DE WALES A LONDRES','3ème année post bac','13','LONDRES','Réussite'),(771,7751,2013,'techniques de l\'environnement','ecole normale supérieure de l\'enseigement technique','3ème année post bac','14.58','rabat','Réussite'),(772,7720,2016,'Mathématique  Informatique Physique Chimie','Faculté des Sciences et Techniques','1ème année post bac','10','Marrakech','Réussite'),(773,7760,2012,'Développement Informatique','ISTA NTIC HAY RIAD','1ème année post bac','16.03','Rabat','Réussite'),(774,7760,2013,'Développement Informatique','ISTA NTIC HAY RIAD','2ème année post bac','14.86','Rabat','Réussite'),(775,7760,2019,'SIG ET GESTION DE L\'ESPACE','Université Ibn Tofail Kénitra','3ème année post bac','12,33','Kénitra','Réussite'),(776,7517,2017,'Cartographie Géologique et Géomatique à l’ENS de Rabat','ECOLE NORMAL SUPÉRIEUR','3ème année post bac','11.76','RABAT','Réussite'),(777,7517,2014,'TECHNICIEN SPÉCIALISE EN GÉOMÉTRIE TOPOGRAPHIE','INSTITUE SPÉCIALISE DE TECHNOLOGIE APPLIQUE','2ème année post bac','11.78','TETOUAN','Réussite'),(779,7763,2016,'SCIENCES DE LA VIE','FACULTÉ POLY DISCIPLINAIRE SAFI','1ème année post bac','10.86','SAFI','Réussite'),(780,7763,2017,'SCIENCES DE LA VIE','FACULTÉ POLY DISCIPLINAIRE SAFI','2ème année post bac','11.83','SAFI','Réussite'),(781,7763,2018,'SCIENCES DE LA VIE','FACULTÉ POLY DISCIPLINAIRE SAFI','3ème année post bac','13.41','SAFI','Réussite'),(782,7766,2019,'licence scientifique et technique en mathématique appliquée','FST faculté des sciences et techniques','3ème année post bac','12,881','Mohammadia','Réussite'),(783,7766,2018,'DEUST MIP diplôme d\'études universitaire en sciences et techniques en mathematique,informatique et physique','FST faculté des sciences et techniques','2ème année post bac','10.08','Mohammadia','Réussite'),(787,7769,2017,'MATÉMATIQUES, INFORMATIQUE, PHYSIQUE (MIP)','Faculté des Sciences et Techniques','1ème année post bac','12.48','AL HOCEIMA','Réussite'),(788,7769,2018,'MATÉMATIQUES, INFORMATIQUE, PHYSIQUE (MIP)','Faculté des Sciences et Techniques','2ème année post bac','13.25','AL HOCEIMA','Réussite'),(791,7772,2018,'Licence fondamentale / sciences de la vie','Faculté des sciences rabat','3ème année post bac','11.14','Rabat','Réussite'),(793,7772,2015,'Deug / sciences de la vie','Faculté des sciences rabat','2ème année post bac','10.90','Rabat','Réussite'),(794,7770,2014,'Topographie','Institut des techniciens spécialisés en génie rural et topographie','1ème année post bac','12.46','Meknes','Réussite'),(795,7772,2013,'Licence fondamentale / sciences de la vie de la terre et l\'univers','Faculté des sciences rabat','1ème année post bac','11.56','Rabat','Réussite'),(796,7776,2017,'Management des entreprises agricoles et agro-alimentaire','Université Sultan Moulay Slimane à Béni Mellal','3ème année post bac','14,87','Béni Mellal','Réussite'),(798,7778,2016,'sciences économiques et gestion','fsjes meknès','2ème année post bac','11.48','Meknès','Réussite'),(799,7778,2017,'gestion d\'entreprise','fsjes meknès','3ème année post bac','11.68','Meknès','Réussite'),(800,7778,2014,'sciences économie','Hassan II Midelt','1ème année post bac','10.12','Meknès','Réussite'),(801,7781,2019,'économie et gestion, Option: finance et banque','cadi ayyad','3ème année post bac','11.23','Marrakech','Réussite'),(802,7781,2015,'économie et gestion','cadi ayyad','1ème année post bac','10.54','Marrakech','Réussite'),(803,7781,2017,'économie et gestion','cadi ayyad','2ème année post bac','10.91','Marrakech','Réussite'),(804,7779,2013,'multimedia et conception web','brevet technicien superieur errachidia','2ème année post bac','11.80','errachidia','Réussite'),(805,7779,2012,'multimedia et conception web','brevet technicien superieur errachidia','1ème année post bac','11.24','errachidia','Réussite'),(806,7783,2019,'licence materiaux','fs meknes','3ème année post bac','10.55','meknes','Réussite'),(807,7782,2010,'Technicien de laboratoire','INSTITUT DE FORMATION AUX CARRIÈRES DE SANTÉ','1ème année post bac','13.41','Rabat','Réussite'),(808,7782,2011,'Technicien de laboratoire','INSTITUT DE FORMATION AUX CARRIÈRES DE SANTÉ','2ème année post bac','13.82','Rabat','Réussite'),(809,7783,2013,'cnc PSI','cpge','1ème année post bac','classeme,t 252','tanger','Réussite'),(810,7782,2012,'Technicien de laboratoire','INSTITUT DE FORMATION AUX CARRIÈRES DE SANTÉ','3ème année post bac','13.75','Rabat','Réussite'),(811,7783,2014,'2 annees cycle d\'ingenieur','ensem casa','2ème année post bac','sans moyenne','casablanca','Echec'),(812,7786,2018,'Mathématiques','Université de N\'zerekore','3ème année post bac','3,47/4','N\'zerekore','Réussite'),(813,7786,2017,'Mathématiques','Université de N\'zerekore','2ème année post bac','3,47/4','N\'zerekore','Réussite'),(814,7786,2016,'Mathématiques','Université de N\'zerekore','1ème année post bac','3,47/4','N\'zerekore','Réussite'),(815,7789,2018,'INFORMATIQUE INDUSTRIELLE ET INSTRUMENTATION','FACULTE DES SCIENCES ET TECHNIQUES (FST)','3ème année post bac','11.90','ERRACHIDIA','Réussite'),(816,7788,2018,'géologie appliquée aux ressources minières','facfaculté des sciences et techniques gueliz Marrakechulte des','3ème année post bac','10.98','marrakech','Réussite'),(817,7789,2017,'MIP','FACULTE DES SCIENCES ET TECHNIQUES (FST)','2ème année post bac','10.96','ERRACHIDIA','Réussite'),(818,7789,2016,'MIP','FACULTE DES SCIENCES ET TECHNIQUES (FST)','1ème année post bac','12.22','ERRACHIDIA','Réussite'),(819,7792,2016,'pc','aboulkheir','3ème année post bac','11.73','berkane','Réussite'),(822,7793,2013,'Technicien Spécialisé  Réseaux Informatiques','NTIC Rabat Hay Riad','1ème année post bac','13.55','Rabat','Réussite'),(823,7793,2016,'Technicien Spécialisé Géométre Topographe','ISTA Lamkinsia OFPPT Salé','2ème année post bac','13.72','Salé','Réussite'),(824,7793,2018,'licence professionnelle SIG et la gestion de l\'espace','FLSH Kenitra (Université Ibn tofil)','3ème année post bac','13.125','Kenitra','Réussite'),(825,7795,2019,'Gestion','Université HASSAN 1er','3ème année post bac','11.167','Settat','Réussite'),(826,7796,2018,'licence','university Mohammed premier','3ème année post bac','11.54','OUJDA','Réussite'),(827,7796,2017,'smp','university Mohammed premier','2ème année post bac','12.49','OUJDA','Réussite'),(828,7796,2016,'SMPC','university Mohammed premier','1ème année post bac','13','OUJDA','Réussite'),(830,7797,2017,'Biologie, Chimie et Géologie','Faculté des Sciences et Techniques','1ème année post bac','11,35','Marrakech','Réussite'),(831,7797,2018,'Biologie, Chimie et Géologie','Faculté des Sciences et Techniques','2ème année post bac','10,98','Marrakech','Réussite'),(832,7797,2019,'Géologie Appliquée aux Ressources Minières','Faculté des Sciences et Techniques','3ème année post bac','13,35','Marrakech','Réussite'),(836,7798,2019,'Licence physique Electronique','Faculté des sciences BEN M\'SIK','1ème année post bac','13.28','CASABLANCA','Réussite'),(837,7798,2018,'DEUG SMP','Faculté des sciences BEN M\'SIK','2ème année post bac','11.44','CASABLANCA','Réussite'),(838,7798,2016,'Sciences matière physique','Faculté des sciences BEN M\'SIK','3ème année post bac','10.22','CASABLANCA','Réussite'),(839,7740,2019,'Electronique électrotechnique automatique Informatique','FSTG','3ème année post bac','--','Marrakech','En cours'),(841,7722,2019,'Mathématiques appliquées','FST Errachidia','3ème année post bac','11.25','Errachidia','Réussite'),(844,7802,2017,'SMI','Faculté des sciences choaib doukali','2ème année post bac','plus de 12','El Jadida','En cours'),(847,7806,2016,'science de la matière physique','faculté des Dhar EL Mahraz','1ème année post bac','11,14','fes','Réussite'),(848,7805,2018,'licence en physique fondamentale','faculté polydicsiplinaire taroudant','3ème année post bac','12.44','agadir','Réussite'),(849,7806,2017,'science de la matière physique','faculté des Dhar EL Mahraz','2ème année post bac','14,13','fes','Réussite'),(850,7805,2017,'deug en science de la matière physique','faculté polydicsiplinaire taroudant','2ème année post bac','11.13','agadir','Réussite'),(851,7806,2018,'ÉNERGÉTIQUE','faculté des Dhar EL Mahraz','3ème année post bac','12,30','fes','Réussite'),(853,7805,2014,'bac en science de la matière physique et chimique','lycée  mohamed al baqali ait melloul','1ème année post bac','14.04','agadir','Réussite'),(854,7627,2015,'Sciences mathématiques et informatiques','Faculté des sciences Agadir','1ème année post bac','11.10','Agadir','Réussite'),(855,7627,2017,'Sciences mathématiques et informatiques','Faculté des sciences Agadir','2ème année post bac','12.91','Agadir','Réussite'),(856,7627,2019,'Sciences mathématiques et informatiques','Faculté des sciences Agadir','3ème année post bac','12.78','Agadir','Réussite'),(857,7808,2014,'Ecogestion','Lycée abdellah iyachi','1ème année post bac','12.24','Casablanca','Réussite'),(858,7808,2015,'Ecogestion','Fsjes ain chock','2ème année post bac','11','Casablanca','Réussite'),(859,7809,2018,'Génie civil','EST salé','3ème année post bac','13.58','Salé','Réussite'),(860,7812,2019,'MIAGE','FSJES MOHAMMADIA','3ème année post bac','12','CASABLANCA','En cours'),(862,7812,2013,'GESTION DES ENTREPRISES','ISTA POLO','2ème année post bac','14','CASABLANCA','Réussite'),(863,7812,2012,'GESTION DES ENTREPRISES','ISTA POLO','1ème année post bac','14','CASABLANCA','Réussite'),(866,7813,2017,'MIP','Faculté des sciences et techniques','1ème année post bac','11.12','Errachidia','Réussite'),(868,7813,2018,'MIP','Faculté des sciences et techniques','2ème année post bac','12.11','Errachidia','Réussite'),(869,7811,2016,'SVT','ASSAFA','1ème année post bac','13.84','AIT MELLOUL','Réussite'),(870,7813,2019,'Mathématiques appliquées','Faculté des sciences et techniques','3ème année post bac','12.20','Errachidia','Réussite'),(871,7811,2017,'Génie Bio-induetrie','Ecole Supérieure de Technologie d\'Agadir','2ème année post bac','13.29','AGADIR','Réussite'),(872,7814,2017,'Gestion des entreprises','Fsjes','3ème année post bac','11.71','Meknes','Réussite'),(873,7711,2015,'Topographie','ITSGRT','2ème année post bac','13.74','Meknès','Réussite'),(874,7711,2018,'cartographie,Géomatique et Géologie','Ecole Normale Supérieure','3ème année post bac','11.40','Rabat','Réussite'),(875,7817,2019,'ENERGIES RENOUVELABLES ET PROSEDES','EST','3ème année post bac','16.26','guilmin','Réussite'),(876,7818,2006,'Electrotechnique','faculté des sciences','1ème année post bac','10.815','MARRAKECH','Réussite'),(877,7818,2007,'Electrotechnique','faculté des sciences','2ème année post bac','Electrotechnique','MARRAKECH','Réussite'),(878,7818,2008,'Electrotechnique','faculté des sciences','3ème année post bac','13.33','MARRAKECH','Réussite'),(880,7824,2016,'Droit privé section française','Université Mohamed V Agdal','3ème année post bac','10','Rabat','Réussite'),(881,7824,2015,'Droit section française','Université Mohamed V Agdal','2ème année post bac','10','Rabat','Réussite'),(883,7824,2014,'Baccalauréat sciences physiques et chimiques','Lycée Driss Ben Zekri','1ème année post bac','12,77','Tiflet','Réussite'),(884,7826,2013,'Ba dco','Pf beni mellal','3ème année post bac','10','Fbs','Réussite'),(885,7826,2014,'Deug','Pf beni mellal','2ème année post bac','10','Fbs','Réussite'),(886,7826,2015,'Lic','Pf beni mellal','1ème année post bac','10','Fbs','Réussite'),(893,7830,2019,'Bio-Analyses Médicales','FSTG ( Faculté des Sciences et Techniques Guéliz-Marrakech )','3ème année post bac','11.190','MARRAKECH','Réussite'),(895,7833,2016,'SPM','Faculté des sciences','1ème année post bac','11,05','Agadir','Réussite'),(896,7834,2014,'ENVIRONNEMENT ET TECHNIQUE DE L\'EAU','ECOLE SUPERIEUR DE TECHNOLOGIE SALE','2ème année post bac','12.18','SALE','Réussite'),(897,7833,2018,'SPM','Faculté des sciences','2ème année post bac','12,81','Agadir','Réussite'),(898,7833,2019,'mécanique et énergétique','Faculté des sciences','3ème année post bac','en cours','Agadir','En cours'),(899,7834,2015,'SYSTEM D\'INFORMATION GEOGRAFIQUE ET GESTION DE L\'ESPACE','FACULTE DES LETTRES ET DES SCIENCE HUMAINES KENITRA','3ème année post bac','12.66','KENITRA','Réussite'),(900,7834,2013,'ENVIRONNEMENT ET TECHNIQUE DE L\'EAU','ECOLE SUPERIEUR DE TECHNOLOGIE SALE','1ème année post bac','12.04','SALE','Réussite'),(901,7838,2019,'Génie de l\'eau et de l\'environnement','Fst mohammedia','3ème année post bac','11.32','rabat','Réussite'),(906,7839,2017,'GE-GM','FST settat','1ème année post bac','11.675','settat','Réussite'),(907,7839,2018,'GE-GM','FST settat','2ème année post bac','15.03','settat','Réussite'),(908,7841,2017,'techniques de communication et de commercialisation','EST','2ème année post bac','14,86','LAAYOUNE','Réussite'),(909,7840,2017,'BIOLOGIE CHIMIE GEOLOGIE','Faculté des sciences et techniques de Mohammedia','1ème année post bac','10,98','Mohammedia','Réussite'),(910,7840,2018,'BIOLOGIE CHIMIE GEOLOGIE','Faculté des sciences et techniques de Mohammedia','2ème année post bac','11,585','Mohammedia','Réussite'),(911,7840,2019,'Génie de l\'eau et l\'environnement','Faculté des sciences et techniques de Mohammedia','3ème année post bac','14,23','Mohammedia','Réussite'),(914,7844,2019,'Big Data','FST SETTAT','3ème année post bac','13,67','SETTAT','Réussite'),(916,7845,2011,'SVT','SIDI ABDERRAHMANE','1ème année post bac','11.06','SETTAT','Réussite'),(917,7842,2016,'S1 et S2 Math informatique physique','FST MOHAMMEDIA','1ème année post bac','10,44','Mohammedia','Réussite'),(918,7842,2018,'DEUST en Math informatique physique','FST MOHAMMEDIA','2ème année post bac','10,93','Mohammedia','Réussite'),(919,7842,2019,'LST génie mécanique','FST MOHAMMEDIA','3ème année post bac','12,13','Mohammedia','Réussite'),(920,7564,2019,'Biologie végétale appliqué','Faculté des sciences et techniques','3ème année post bac','11,15','Errachidia','En cours'),(924,7564,2018,'BCG','Faculté des sciences et techniques','2ème année post bac','11,95','Errachidia','Réussite'),(925,7564,2017,'BCG','Faculté des sciences et techniques','1ème année post bac','12,86','Errachidia','Réussite'),(928,7846,2018,'Biologie chimie géologie','Faculté des sciences et techniques','2ème année post bac','11.098','TANGER','Réussite'),(929,7846,2017,'Biologie chimie géologie','Faculté des sciences et techniques','1ème année post bac','12.9395','TANGER','Réussite'),(930,7848,2019,'Licence en Sciences économiques et Gestion','Faculté des Sciences Juridiques Économiques et Sociales de Mèknes','3ème année post bac','15,91','Meknès','Réussite'),(931,7848,2018,'DEUG en sciences économiques et gestion','Faculté des Sciences Juridiques Économiques et Sociales de Mèknes','2ème année post bac','15,5','Meknès','Réussite'),(932,7846,2019,'Géologie','Faculté des sciences et techniques','3ème année post bac','13.7165','TANGER','Réussite'),(933,7848,2017,'Sciences économiques et gestion','Faculté des Sciences Juridiques Économiques et Sociales de Mèknes','1ème année post bac','15,71','Meknès','Réussite'),(935,7851,2019,'Hydraulique rurale et irrigation','Institut des techniciens spécialisés en mécanique agricole et équipements rurale','2ème année post bac','16,339','Salé','Réussite'),(936,7855,2007,'Gestion d\'assainissement en milieu urbain','FSSM','3ème année post bac','12,82','Marrakech','Réussite'),(938,7855,2006,'Gestion et maîtrise de l\'eau','ITSMAER','2ème année post bac','12,77','Bouknadel','Réussite'),(939,7854,2019,'Sciences et technologies d\'assainissement des déchets liquides et solides','Faculté des sciences Samlaliya','3ème année post bac','13.64','Marrakech','En cours'),(940,7855,2005,'Gestion et maîtrise de l\'eau','ITSMAER','1ème année post bac','13,12','Bouknadel','Réussite'),(941,7856,2016,'Mathématiques appliquées','Faculté Polydisciplinaire-Khouribga','1ème année post bac','11','Khouribga','Réussite'),(943,7856,2017,'Mathématiques appliquées','Faculté Polydisciplinaire-Khouribga','2ème année post bac','11','Khouribga','Réussite'),(944,7856,2018,'Mathématiques appliquées','Faculté Polydisciplinaire-Khouribga','3ème année post bac','11','Khouribga','Réussite'),(945,7854,2017,'Gestion et maîtrise de l\'eau','Itsmaer-Bouknadel','1ème année post bac','16.89','Bouknadel-salé','Réussite'),(946,7550,2015,'CARTOGRAPHIE GEOLOGIE ET GEOMATIQUE','ECOLE NORMALE SUPERIEURE','3ème année post bac','11,26','RABAT','Réussite'),(947,7854,2018,'Gestion et maîtrise de l\'eau','Itsmaer-Bouknadel','2ème année post bac','16.89','Bouknadel-salé','Réussite'),(950,7550,2010,'TOPOGRAPHIE','INSTITUT DES TECHNICIENS SPECILISES EN GENIE RURALE ET TOPOGRAPHIE','1ème année post bac','11,54','MEKNES','Réussite'),(951,7857,2016,'science economie et gestion','fsjes sale','1ème année post bac','11.89','sale','Réussite'),(952,7550,2011,'TOPOGRAPHIE','INSTITUT DES TECHNICIENS SPECILISES EN GENIE RURALE ET TOPOGRAPHIE','2ème année post bac','11,01','MEKNES','Réussite'),(953,7857,2017,'science economie et gestion','fsjes sale','2ème année post bac','11.80','sale','Réussite'),(954,7857,2018,'science economie et gestion','fsjes sale','3ème année post bac','11.40','sale','Réussite'),(956,7703,2018,'biologie','université mohammed 1er oujda','2ème année post bac','11.93','berkane','Réussite'),(957,7684,2016,'SMP','FS','1ème année post bac','11,8','fes','Réussite'),(958,7684,2017,'SMP','FS','2ème année post bac','12,05','fes','Réussite'),(959,7684,2019,'smp','FS','3ème année post bac','00','fes','En cours'),(960,7861,2012,'Développement des Systèmes d\'Information','BTS','1ème année post bac','12.87','SETTAT','Réussite'),(961,7861,2013,'Développement des Systèmes d\'Information','BTS','2ème année post bac','13.00','SETTAT','Réussite'),(962,7861,2015,'Informatique de Gestion','FP','3ème année post bac','14.84','TETOUAN','Réussite'),(964,7801,2019,'économie et gestionnaire','faculté des sciences juridiques et économiques et sociales Meknès','3ème année post bac','11,83','Meknès','Réussite'),(966,7860,2019,'management du tourisme','ENCG','3ème année post bac','14,29','agadir','Réussite'),(967,7860,2018,'gestion des entreprises','OFPPT','2ème année post bac','14,63','TATA','Réussite'),(968,7860,2014,'Sciences de la vie et la terre','lycée aljadida','1ème année post bac','10,99','TATA','Réussite'),(969,7664,2019,'Géo-Information et Modélisation du Territoire','Faculté des sciences Université Moulay Ismail Meknès','3ème année post bac','13,67','Meknès','En cours'),(970,7664,1995,'Maintenance des appareils informatique','Université Mohamed V - ENSET de RABAT','1ème année post bac','14,49','Rabat','Réussite'),(971,7664,1996,'Maintenance des appareils informatique','Université Mohamed V - ENSET de RABAT','2ème année post bac','15,03','Rabat','Réussite'),(972,7862,2019,'licence phisique fondamentale','campus université ait maloul','3ème année post bac','11.11','ouled teima','Réussite'),(974,7770,2015,'Topographie','Institut des techniciens spécialisés en topographie et génie rural','2ème année post bac','12.86','Meknes','Réussite'),(975,7864,2019,'lst sciences d\'ingénieur','FST Errachidia','3ème année post bac','13','ERRACHIDIA','Réussite'),(977,7864,2017,'2 éme année cpge PSI','cpge ibn ghazi marrakech','2ème année post bac','10','MARRAKECH','Réussite'),(978,7864,2016,'1 er année cpge PSI','cpge ibn ghazi marrakech','1ème année post bac','10','MARRAKECH','Réussite'),(979,7770,2018,'Cartographie,Géologie et Géomatique','École Normale Supérieure','3ème année post bac','13.06','Rabat','Réussite'),(980,7865,2010,'Mathématique','fs Marrakech','1ème année post bac','10.68','Marrakech','Réussite'),(981,7866,2019,'Eaux et environment','Fst','3ème année post bac','11,50','Marrakech','Réussite'),(982,7866,2018,'Biologie chimie géologie','Fst','2ème année post bac','11,25','Marrakech','Réussite'),(983,7866,2017,'Biologie chimie géologie','Fst','1ème année post bac','10','Marrakech','Réussite'),(985,7868,2019,'SVT','MOHAMMED VI','2ème année post bac','12.60','OULMES','Réussite'),(987,7869,2019,'Filière universitaire d\'éducation en science de la vie et de la terre','Ecole Normale Supérieure','3ème année post bac','12.87','Rabat','Réussite'),(991,7870,2019,'Mathématiques','ENS de Casablanca','3ème année post bac','14.56','Casablanca','Réussite'),(992,7871,2016,'Sciences Économiques  et de Gestion','Université Sultan Moulay Slimane','1ème année post bac','12.342','Beni mellal','Réussite'),(993,7870,2018,'Mathématiques','ENS de Casablanca','2ème année post bac','12.848','Casablanca','Réussite'),(994,7871,2017,'Sciences Économiques  et de Gestion','Université Sultan Moulay Slimane','2ème année post bac','12.021','Beni mellal','Réussite'),(995,7870,2017,'Mathématiques','ENS de Casablanca','1ème année post bac','12.04','Casablanca','Réussite'),(996,7871,2018,'Sciences Économiques  et de Gestion','Université Sultan Moulay Slimane','3ème année post bac','12.566','Beni mellal','Réussite'),(997,7874,2017,'Génie Informatique','Ecole Supérieure de Technologie - Guelmim','1ème année post bac','13.08','Guelmim','Réussite'),(998,7874,2018,'Génie Informatique','Ecole Supérieure de Technologie - Guelmim','2ème année post bac','14.24','Guelmim','Réussite'),(999,7874,2019,'Informatique Décisionnelle et Statistiques (IDS)','Ecole Supérieure de Technologie - Guelmim','3ème année post bac','12.96','Guelmim','Réussite'),(1000,7872,2016,'droit privé arabe','Faculté des Sciences Juridiques Economiques et Sociales mohammadia','3ème année post bac','11.97','Mohammadia','Réussite'),(1001,7872,2007,'Informatique','ISTA','2ème année post bac','12','Rabat','Réussite'),(1002,7873,2019,'Sciences économiques et gestion','Université Mohammed V - Rabat','3ème année post bac','15-16','Rabat','En cours'),(1003,7731,2006,'Technicien Géomètre Topographe','Institut des Techniciens Spécialisés en Génie Rural et Topographie','1ème année post bac','13.992','Meknès','Réussite'),(1004,7731,2007,'Technicien Géomètre Topographe','Institut des Techniciens Spécialisés en Génie Rural et Topographie','2ème année post bac','14.040','Meknès','Réussite'),(1006,7877,2018,'Licence professionnelle en SIG et la Gestion d\'espace','Faculte ibn tofail kenitra','3ème année post bac','13.167','Kenitra','Réussite'),(1007,7877,2015,'2eme annee technicien spécialisé des eaux et forets','Institut royal des techniciens spécialisés des eaux et forets','2ème année post bac','12.882','Salé','Réussite'),(1008,7877,2014,'1er annee technicien spécialisé des eaux et forets','Institut royal des techniciens spécialisés des eaux et forets','1ème année post bac','12.085','Salé','Réussite'),(1009,7883,2019,'SYSTÈME MÉCATRONIQUE ET EMBARQUE','FACULTE DE SIENCE DHAR MAHRAZ','1ème année post bac','12.41','FES','Réussite'),(1010,7748,2017,'diplome d\'etudes universitaires générales option science de la vie','université mohammed premier oujda faculté des sciences','2ème année post bac','10','Oujda','Réussite'),(1011,7748,2018,'Licence d\'etudes fondamentales en Biologie option physiologie et santé','université mohammed premier oujda faculté des sciences','3ème année post bac','10','Oujda','Réussite'),(1013,7886,2019,'Biologie Appliquée','Faculté polydisciplinaire taza','3ème année post bac','Pas encore','Taza','En cours'),(1014,7886,2018,'Science de Vie','Faculté polydisciplinaire taza','2ème année post bac','11,97','Taza','Réussite'),(1015,7748,2019,'Stage de formation : Service laboratoire central  « Microbiologie », Laboratoire de recherche « L’Unité de Génétique »   « Cytogénétique-Biologie Moléculaire-Microbiologie » , Apprentissage d\'une nouvelle langue «l\'allemand»','Centre Hospitalo-Universitaire MOHAMMED VI d’Oujda, Faculté de Médecine et de Pharmacie Oujda','1ème année post bac','00','oujda','Réussite'),(1016,7886,2017,'Science de Vie','Faculté polydisciplinaire taza','1ème année post bac','10,57','Taza','Réussite'),(1020,7891,2012,'Physique chimie','Lycée Azzouzia Marrakech','1ème année post bac','14.84','Marrakech','Réussite'),(1022,7891,2013,'Physique chimie','Lycée Azzouzia Marrakech','2ème année post bac','15','Marrakech','Réussite'),(1023,7891,2014,'Physique chimie','Lycée Azzouzia Marrakech','3ème année post bac','14.84','Marrakech','Réussite'),(1029,7696,2017,'Biologie, chimie, géologie','Faculté des sciences et techniques de fes','1ème année post bac','11,694','Fes','Réussite'),(1030,7696,2016,'Biologie, géologie, chimie','Fst de Fes','2ème année post bac','11,010','FES','Réussite'),(1031,7696,2018,'Bioprocedes hygiène et sécurité alimentaire(Bhsa)','Fst de Fes','3ème année post bac','13,698','FES','Réussite'),(1032,7892,2017,'science de la vie','FACULTÉ DES SCIENCES APPLIQUÉES - AIT MELLOUL','1ème année post bac','12.17','AIT MELLOUL','Réussite'),(1033,7892,2018,'DEUG en science de la vie','FACULTÉ DES SCIENCES APPLIQUÉES - AIT MELLOUL','2ème année post bac','12.52','AIT MELLOUL','Réussite'),(1034,7892,2019,'Biotechnologies et Amélioration des Plantes','FACULTÉ DES SCIENCES APPLIQUÉES - AIT MELLOUL','3ème année post bac','12.55','AIT MELLOUL','Réussite'),(1035,7895,2019,'1','Lmorabitin','1ème année post bac','12.67','Outat lhaj','En cours'),(1036,7785,2015,'SCIENCE DE LA TERRE ET DE L UNIVERS','UNIVERSITE MOHAMMED V RABAT','3ème année post bac','10.13','RABAT','Réussite'),(1039,7898,2019,'Biotechnologie et valorisation des Phyto ressources','Faculté des sciences et techniques Fès','3ème année post bac','11.26','Fès','Réussite'),(1040,7898,2017,'Biologie, géologie, chimie','Faculté des sciences et techniques Fès','2ème année post bac','10,46','Fès','Réussite'),(1041,7898,2016,'Biologie, géologie, chimie','Faculté des sciences et techniques Fès','1ème année post bac','10,34','Fès','Réussite'),(1042,7879,2019,'Licence sciences et techniques / Biotechnologie et Valorisation des phytoressources','Faculté des sciences et techniques de Fes','3ème année post bac','14,50','Fes','Réussite'),(1043,7899,2016,'génie mécanique et productique','EST','1ème année post bac','12.04','casablanca','Réussite'),(1044,7899,2017,'génie mécanique et productique','EST','2ème année post bac','12.57','casablanca','Réussite'),(1046,7899,2018,'mécatronique','EST','3ème année post bac','12.37','casablanca','Réussite'),(1047,7901,2018,'physiologie et santé','faculté des sciences et technique d\'Errachidia','3ème année post bac','12.60','Errachidia','Réussite'),(1049,7902,2016,'Gestion et assainissement liquide du milieu urbain','Universite hassan 2 Faculté des Sciences Ain chock casablanca','3ème année post bac','12;33','Casablanca','Réussite'),(1050,7902,2015,'technicien spécialisé Gestion et Maitrise de l\'eau','Institut des Techniciens spécialises en génie rural et topographie de Meknès','2ème année post bac','12;04','Meknes','Réussite'),(1051,7902,2014,'technicien spécialisé Gestion et Maitrise de l\'eau','Institut des Techniciens spécialises en génie rural et topographie de Meknès','1ème année post bac','10;57','Meknes','Réussite'),(1052,7906,2019,'physique option matériaux','Faculté des sciences Dhar El mahraz fes','3ème année post bac','Assez bien','fes','Réussite'),(1053,7906,2014,'physique et chimie','Quaraouyine','1ème année post bac','Assez bien','fes','Réussite'),(1054,7906,2018,'DEUG physique','Faculté des sciences Dhar El mahraz fes','2ème année post bac','Assez bien','fes','Réussite'),(1055,7907,2017,'Techniques de management','Ecole Supérieure de Technologies','1ème année post bac','14,33','BERRECHID','Réussite'),(1056,7907,2018,'Techniques de management','Ecole Supérieure de Technologies','2ème année post bac','14,57','BERRECHID','Réussite'),(1057,7915,2016,'Technicien Specialisé en gestion des entreprises','Institut spécialisé en technologie appliquée Hay Salam','1ème année post bac','16.56','Sale','Réussite'),(1058,7915,2017,'Technicien Specialisé en gestion des entreprises','Institut spécialisé en technologie appliquée Hay Salam','2ème année post bac','15.47','Sale','Réussite'),(1059,7915,2018,'Licence professionnelle Gestionnaire Comptable et Financière','Fsges ain chock','3ème année post bac','16.14','Casablanca','Réussite'),(1062,7551,2017,'MIP','FST ERRACHIDIA','1ème année post bac','11,77','ERRACHIDIA','Réussite'),(1063,7551,2018,'MIP','FST ERRACHIDIA','2ème année post bac','13,39','ERRACHIDIA','Réussite'),(1064,7551,2019,'physique/ sciences d\'ingénieurs','FST ERRACHIDIA','3ème année post bac','14,46','ERRACHIDIA','En cours'),(1065,7918,2019,'Analyses biologiques et contrôle de qualité','Faculté des sciences et techniques','3ème année post bac','13.98','Mohammedia','Réussite'),(1066,7917,2018,'Sciences de la vie','Université Sidi Mohamed ben Abdellah Faculté Polydisciplinaire de Taza','1ème année post bac','12.55','TAZA','Réussite'),(1067,7918,2018,'Biologie - chimie - géologie','Faculté des sciences et techniques','2ème année post bac','13.02','Mohammedia','Réussite'),(1069,7918,2017,'Biologie - chimie - géologie','Faculté des sciences et techniques','1ème année post bac','11.885','Mohammedia','Réussite'),(1071,7919,2017,'DEUST MIP','FSTM','1ème année post bac','11,47','MOHAMMEDIA','En cours'),(1072,7919,2018,'DEUST MIP','FSTM','2ème année post bac','10.53','MOHAMMEDIA','Réussite'),(1073,7920,2017,'Métiers de l\'informatique','Ecole Supérieure de Technologies','3ème année post bac','13.78','SAFI','Réussite'),(1074,7920,2016,'Génie informatique','Ecole Supérieure de Technologies','2ème année post bac','12.55','LAAYOUNE','Réussite'),(1075,7920,2015,'Génie informatique','Ecole Supérieure de Technologies','1ème année post bac','12.42','LAAYOUNE','Réussite'),(1076,7919,2019,'LST Génie des télécommunications','FSTM','3ème année post bac','11.42','MOHAMMEDIA','Réussite'),(1077,7926,2019,'Biologie Appliquee aux Productions Végétales','Faculté des sciences Semlalia Marrakech','3ème année post bac','Passable','MARRAKECH','En cours'),(1080,7926,2018,'Science de la vie','Faculté des sciences Semlalia Marrakech','2ème année post bac','10,76','MARRAKECH','Réussite'),(1081,7926,2017,'Science de la vie et de la terre','Faculté des sciences Semlalia Marrakech','1ème année post bac','11,48','MARRAKECH','Réussite'),(1082,7922,2016,'Biotechnologie et Microbiologie','Faculté polydisciplinaire Khouribga','3ème année post bac','14.63','Khouribga','Réussite'),(1083,7790,2017,'Licence Professionnelle d\'Enseignement Mathématiques','Ecole Normale Supérieure De Casablanca','1ème année post bac','11,8595','Casablanca','Réussite'),(1084,7790,2018,'Licence Professionnelle d\'Enseignement Mathématiques','Ecole Normale Supérieure De Casablanca','2ème année post bac','11,6','Casablanca','Réussite'),(1085,7790,2019,'Licence Professionnelle d\'Enseignement Mathématiquess','Ecole Normale Supérieure De Casablanca','3ème année post bac','13,5','Casablanca','Réussite'),(1086,7928,2011,'MANAGEMENT DU TOURISME','ENSA HOCIEMA','1ème année post bac','13.21','hociema','Réussite'),(1087,7928,2012,'MANAGEMENT DU TOURISME','ENSA HOCIEMA','2ème année post bac','13.33','hoceima','Réussite'),(1088,7928,2015,'ingénierie du tourisme','flsh marrakech','3ème année post bac','12.71','Marrakech','Réussite'),(1089,7925,2017,'management integre  -qualité -sécurité -environnement','universite sultan moulay slimane','3ème année post bac','10,94','ben mellal','Réussite'),(1090,7932,2019,'Ingénierie financière','FSJES ain sbaa','3ème année post bac','13,98','CASABLANCA','Réussite'),(1092,7937,2016,'topographie','Institut des Techniciens Spécialisés en Génie Rural et Topographie','1ème année post bac','13.68','Meknès','Réussite'),(1093,7937,2017,'topographie','Institut des Techniciens Spécialisés en Génie Rural et Topographie','2ème année post bac','12.61','Meknès','Réussite'),(1094,7924,2019,'Management des entreprises agricoles et agroalimentaaires','Faculté Polydisciplinaire Beni Mellal','3ème année post bac','14','BENI MELLAL','En cours'),(1095,7924,2018,'Qualité des produits animaux et d\'origine animale','Institut Royal des Techniciens Spécialisés en Elevage','2ème année post bac','14','KENITRA','Réussite'),(1096,7940,2019,'gestion','La Faculté des Sciences juridiques Économiques et Sociales d\' Agadir','1ème année post bac','10','Agadir','Réussite'),(1097,7940,2018,'gestion','La Faculté des Sciences juridiques Économiques et Sociales d\' Agadir','2ème année post bac','12.58','Agadir','Réussite'),(1098,7940,2017,'gestion','La Faculté des Sciences juridiques Économiques et Sociales d\' Agadir','3ème année post bac','13.41','Agadir','Réussite'),(1099,7938,1996,'BAC','ECOLE PRATIQUE DES MINES DE TOUISSSIT','1ème année post bac','12.84','MIDELT','Réussite'),(1100,7938,1997,'TOPOGRAPHIE','ECOLE PRATIQUE DES MINES DE TOUISSSIT','2ème année post bac','13.78','OUJDA','Réussite'),(1101,7944,2019,'Licence en physique option electronique','Fpl larache','3ème année post bac','11.69','Larache','Réussite'),(1102,7945,2017,'Urbanisme','Institut National d\'Aménagement et d\'Urbanisme','1ème année post bac','12.25','Rabat','Réussite'),(1103,7945,2018,'Urbanisme','Institut National d\'Aménagement et d\'Urbanisme','2ème année post bac','13.2','Rabat','Réussite'),(1105,7945,2019,'Urbanisme','Institut National d\'Aménagement et d\'Urbanisme','3ème année post bac','13.48','Rabat','Réussite'),(1106,7941,2017,'Science de l\'Ingénieur Réseau  et Télécommunication','FST','3ème année post bac','12.45','ERRACHIDIA','Réussite'),(1108,7948,2015,'Géoscience appliquée','FST Errachidia','3ème année post bac','11.04','Errachidia','Réussite'),(1110,7923,2019,'Licence Géomatique et géosciences appliquées','Faculté polydiciplinaire de taza','3ème année post bac','En cours','Taza','En cours'),(1111,7923,2018,'DUEG géomatique et géosciences appliquées','Faculté polydiciplinaire de taza','2ème année post bac','12.13','Taza','Réussite'),(1112,7923,2017,'Géomatique et géosciences appliquées','Faculté polydiciplinaire de taza','1ème année post bac','10.7','Taza','Réussite'),(1113,7949,2017,'Science Mathématique et Applications','Faculté des sciences de kenitra, université ibn tofail','3ème année post bac','12.64','Kenitra','Réussite'),(1115,7509,2016,'Gestion de l’Eau et Urbanisme','ENS Tétouan','3ème année post bac','14,74','Martil','Réussite'),(1116,7509,2015,'Gestion et Maîtrise de l’Eau','ITSGRT Meknès','2ème année post bac','14,18','Meknès','Réussite'),(1117,7509,2014,'Gestion et Maîtrise de l’Eau','ITSGRT Meknès','1ème année post bac','13,28','Meknès','Réussite'),(1119,7952,2015,'Biologie-chimie-Géologie','faculté du science et technique de Béni Mellal','1ème année post bac','10.21','Béni Mellal','Réussite'),(1120,7952,2016,'Biologie-Chimie-Geologie','faculté du science et technique de beni mellal','2ème année post bac','10.21','beni mellal','Réussite'),(1121,7951,2018,'Le SIG et Gestion de l\'Espace','Université Ibn Tofail','3ème année post bac','12.63','Kenitra','Réussite'),(1122,7951,2016,'Technicien Spécialisé  Gros Oeuvres','Institut Spécialisé de Technologie Appliquée','2ème année post bac','13.94','SIDI KACEM','Réussite'),(1123,7951,2015,'Technicien Spécialisé Gros Oeuvres','Institut Spécialisé de Technologie Appliquée','1ème année post bac','16.19','SIDI KACEM','Réussite'),(1126,7933,2017,'urbanisme','INAU','1ème année post bac','12.05','Rabat','Réussite'),(1127,7933,2018,'urbanisme','INAU','2ème année post bac','13.13','Rabat','Réussite'),(1128,7933,2019,'urbanisme','INAU','3ème année post bac','13.79','Rabat','Réussite'),(1132,7916,2017,'MIPC','FST béni Mellal','1ème année post bac','12,496','Béni Mellal','Réussite'),(1133,7916,2018,'MIPC','FST béni Mellal','2ème année post bac','12,935','Béni Mellal','Réussite'),(1134,7916,2019,'Licence génie Mathématiques','FST béni Mellal','3ème année post bac','En cours','Béni Mellal','En cours'),(1136,7732,2018,'Énergies renouvelables / énergies solaires et éoliennes','Faculté des sciences et techniques','3ème année post bac','11,61','Errachidia','Réussite'),(1137,7954,2019,'GÉOSCIENCES APPLIQUÉES','Faculté des  SCIENCES ET TECHNIQUES de Tanger','3ème année post bac','14.1135','Tanger','Réussite'),(1140,7954,2017,'BCG: BIOLOGIE-CHIMIE-GEOLOGIE','Faculté des  SCIENCES ET TECHNIQUES de Tanger','1ème année post bac','12.74','Tanger','Réussite'),(1141,7954,2018,'BCG: BIOLOGIE-CHIMIE-GEOLOGIE','Faculté des  SCIENCES ET TECHNIQUES de Tanger','2ème année post bac','11.275','Tanger','Réussite'),(1142,7959,2019,'Chimie organique','Omar ben elkhatab','3ème année post bac','15,69','TAMEGROUTE ZAGORA','Réussite'),(1143,7961,2018,'Genie civil','Fst settat','3ème année post bac','12','Settat','Réussite'),(1145,7946,2017,'Droit privé en arabe','faculté des sciences juridiques économiques et sociales salé','3ème année post bac','10.97','Salé','Réussite'),(1146,7961,2014,'Physique','Ecole jelferie','2ème année post bac','12','Mohmedia','Réussite'),(1147,7960,2017,'Sciences de la vie et de la terre','faculté des sciences Rabat','1ème année post bac','13,26','RABAT','Réussite'),(1148,7960,2018,'Sciences de la vie','faculté des sciences Rabat','2ème année post bac','11.44','RABAT','Réussite'),(1149,7960,2019,'biologie et santé','faculté des sciences Rabat','3ème année post bac','4,97','RABAT','En cours'),(1151,7962,2019,'eau et environnement: exploration et exploitation des ressources en eau','faculté des sciences et techniques Gueliz Marrakech','3ème année post bac','14.131','Marrakech','Réussite'),(1152,7957,2014,'Topographie','l\'institut des techniciens spécialisés en génie rural et topographie de meknès','1ème année post bac','14.21','Meknès','Réussite'),(1153,7957,2015,'cartographie géologie et géomatique','Ecole Normale Supérieure de Rabat','2ème année post bac','12.00','Rabat','Réussite'),(1154,7957,2016,'cartographie géologie et géomatique','Ecole Normale Supérieure de Rabat','3ème année post bac','12.81','Rabat','Réussite'),(1155,7963,2019,'physique','faculté des science rabat','3ème année post bac','11.75','Taroudant','Réussite'),(1157,7964,2019,'Gestion','institut national de l\'action sociale','3ème année post bac','14.21','Tanger','Réussite'),(1158,7964,2018,'Gestion','institut national de l\'action sociale','2ème année post bac','12.32','Tanger','Réussite'),(1159,7964,2017,'Gestion','institut national de l\'action sociale','1ème année post bac','12.24','Tanger','Réussite'),(1161,7966,2019,'Géologie','FST ERRACHIDIA','3ème année post bac','12','Errachidia','Réussite'),(1162,7967,2015,'SP','Lycée Ali Ben Barri','1ème année post bac','14.68','Taza','Réussite'),(1163,7967,2016,'Genie Civil','ISTP','2ème année post bac','13.31','Marrakech','Réussite'),(1164,7967,2018,'SIG GE','IBN TOFAYL','3ème année post bac','12.58','Kenitra','Réussite'),(1165,7950,2016,'BCG (biologie chimie géologie)','FST Mohammédia','1ème année post bac','11.15','Mohammédia','Réussite'),(1166,7950,2017,'BCG (biologie chimie géologie)','FST Mohammédia','2ème année post bac','10.06','Mohammédia','Réussite'),(1167,7958,2019,'Gestion comptable et financier','EST','3ème année post bac','14.33','SAFI','Réussite'),(1168,7950,2019,'Techniques d\'Analyses et Contrôle de Qualité','FST Mohammédia','3ème année post bac','12.25','Mohammédia','Réussite'),(1169,7958,2017,'Technique de management','EST','1ème année post bac','12.624','SAFI','Réussite'),(1170,7958,2018,'Technique de management','EST','2ème année post bac','14.34','SAFI','Réussite'),(1171,7975,2015,'Eaux et forets','Institut Royal des Techniciens Spécialisés des Eaux et Forêts','1ème année post bac','13,876','SALE','Réussite'),(1172,7975,2016,'Eaux et forets','Institut Royal des Techniciens Spécialisés des Eaux et Forêts','2ème année post bac','14,16','SALE','Réussite'),(1173,7975,2019,'Modélisation et Gestion de l\'Environnement','Ecole Supérieur de la Technologie','3ème année post bac','13,88','ESSAOUIRA','Réussite'),(1175,7978,2019,'Licence profesionnelle des svt','Ens de fes','3ème année post bac','11,765','FES','Réussite'),(1177,7980,2009,'ENERGETIQUE','L . TECHNIQUE','1ème année post bac','13.23','ERRACHIDIA','Réussite'),(1178,7980,2010,'ENERGETIQUE','L . TECHNIQUE','2ème année post bac','14.31','ERRACHIDIA','Réussite'),(1179,7980,2018,'SCIENCE DE L\'INGENIEUR OPTION INFORMATIQUE INDUSTRIELLE ET INSTRUMENTATIONS','FST ERRACHIDIA','3ème année post bac','13.29','ERRACHIDIA','Réussite'),(1180,7981,2018,'MIP','FSTE','2ème année post bac','10,23','ERRACHIDIA','Réussite'),(1183,7581,2017,'maths informatique physique','faculté des sciences et techniques','1ème année post bac','11.92','al hoceima','Réussite'),(1184,7581,2018,'maths informatique physique','faculté des sciences et techniques','2ème année post bac','10.66','al hoceima','Réussite'),(1185,7581,2019,'system de transmission et de télécommunication','faculté des sciences et techniques','3ème année post bac','15.13','al hoceima','Réussite'),(1186,7983,2019,'Mathématiques','Faculté des Sciences et Technique','3ème année post bac','11.501','Fès','Réussite'),(1188,7988,2015,'science physique','mohamadi','1ème année post bac','14,7','EL KSAR EL KEBIR','Réussite'),(1189,7988,2018,'M.I.P.C (DEUST)','Faculté de science et technique de Tanger','2ème année post bac','10,5','Tanger','Réussite'),(1190,7988,2019,'génie informatique (licence)','Faculté de science et technique de Tanger','3ème année post bac','12','Tanger','Réussite'),(1191,7989,2018,'Licence en gestion','Fsjes ibn zohr','3ème année post bac','11.25','Ait melloul','Réussite'),(1192,7992,2019,'Droit privé filière française','Fsjes oujda','3ème année post bac','13.33','Oujda-Angad','En cours'),(1193,7992,2018,'Droit','Fsjes oujda','2ème année post bac','13.33','Oujda-Angad','Réussite'),(1194,7992,2017,'Droit filière française','Fsjes oujda','1ème année post bac','13.14','Oujda-Angad','Réussite'),(1195,7995,2015,'Physique-chimie','facultés des science chouaib doukkali','1ème année post bac','11.30','EL JADIDA','Réussite'),(1196,7995,2016,'Physique','facultés des science chouaib doukkali','2ème année post bac','12.84','EL JADIDA','Réussite'),(1197,7995,2017,'Physique/Mécanique des fluides','facultés des science chouaib doukkali','3ème année post bac','13.73','EL JADIDA','Réussite'),(1198,7997,2019,'Licence professionnel en journalisme et média','FLSH ain chok','1ème année post bac','15','Casablanca','Réussite'),(1199,7997,2018,'Licence professionnel en journalisme et média','FLSH ain chok','2ème année post bac','15','Casablanca','En cours'),(1200,7997,2016,'technicien spécialiser en gestion des entreprises','ISTA hay hassani','3ème année post bac','13.42','Casablanca','Réussite'),(1201,7991,2019,'Petrologie et ressources minérales','Université de ngaoundere','3ème année post bac','11,87','Dschang','Réussite'),(1202,7865,2011,'Mathématique','fs Marrakech','2ème année post bac','12.36','Marrakech','Réussite'),(1203,7865,2014,'Mathématique','ENS Marrakech','3ème année post bac','10.94','Marrakech','Réussite'),(1204,7505,2017,'BIOLOGIE CHIMIE GÉOLOGIE','Faculté des Sciences et Techniques','1ème année post bac','15.03','ERRACHIDIA','Réussite'),(1205,7505,2018,'BIOLOGIE CHIMIE GÉOLOGIE','Faculté des Sciences et Techniques','2ème année post bac','13.00','ERRACHIDIA','Réussite'),(1206,7505,2019,'GÉOSCIENCES APPLIQUÉES','Faculté des Sciences et Techniques','3ème année post bac','13.00','ERRACHIDIA','En cours'),(1209,8001,2018,'PHYSIQUE FONDAMANTALE','CAMPUS UIVERSITAIRE IBN ZOHR','1ème année post bac','10.23','AIT MELLOUL','Réussite'),(1210,8001,2019,'PHYSIQUE FONDAMANTALE','CAMPUS UIVERSITAIRE IBN ZOHR','2ème année post bac','11.68','AIT MELLOUL','Réussite'),(1211,8005,2016,'Géographique','Ibno zohr agadir','3ème année post bac','10.84','Ouarzazate','En cours'),(1212,8008,2019,'Sciences de la vie et de la terre','ENS FES','3ème année post bac','11.00','Beni Mellal','Réussite'),(1213,8009,2019,'Licence en économie Et gestion','Faculté moulay ismail','3ème année post bac','14,116','Meknès','Réussite'),(1214,7640,2019,'Science de la vie','Faculté polydisciplinaire TAZA','3ème année post bac','12.70','TAZA','Réussite'),(1215,8009,1980,'Licence en économie Et gestion','Faculté moulay ismail','1ème année post bac','14,116','Meknès','Réussite'),(1216,8010,2019,'sciences de la vie et de la terre','Ecole Normale Supérieure Rabat','3ème année post bac','12,93','rabat','Réussite'),(1217,7526,2017,'Environnement et Techniques de l\'Eau','Ecole Supérieure de Technologie','1ème année post bac','12.93','Salé','Réussite'),(1218,7526,2018,'Environnement et Techniques de l\'Eau','Ecole Supérieure de Technologie','2ème année post bac','14.16','Salé','Réussite'),(1220,7526,2019,'Génie de l\'Eau et de l\'Environnement','Faculté des sciences et Techniques','3ème année post bac','14.44','Mohammedia','Réussite'),(1221,8015,2017,'1 ere année économie et gestion','FSJES Agadir','1ème année post bac','12.05','Agadir','Réussite'),(1222,8015,2018,'2 -ème année économie et gestion','FSJES Agadir','2ème année post bac','11.25','Agadir','Réussite'),(1223,8015,2019,'3 -ème année économie et gestion','FSJES Agadir','3ème année post bac','12.25','Agadir','En cours'),(1225,7593,2019,'Licence d\'excellence en sciences de gestion','Faculté des sciences Juridiques, Economiques et sociales - Rabat - Agdal','3ème année post bac','12.25','Rabat','Réussite'),(1226,7985,2011,'Smpc','Faculté des sciences ain chock','1ème année post bac','10.55','Casablanca','Réussite'),(1227,7985,2012,'Smp','Faculté des sciences ain chock','2ème année post bac','10.04','Casablanca','Réussite'),(1228,7985,2013,'Smp/ mécanique','Faculté des sciences ain chock','3ème année post bac','11.31','Casablanca','Réussite'),(1234,8017,2019,'Géomatique et aménagement du territoire','Faculté des sciences et technique beni mellal','3ème année post bac','12.32','Beni mellal','Echec'),(1235,8017,2018,'Biologie chimie géologie','Faculté des sciences et technique beni mellal','2ème année post bac','10.89','Beni mellal','Echec'),(1236,8017,2015,'Science de la vie','Faculté polydisciplinaire beni mellal','1ème année post bac','10.48','Beni mellal','Echec'),(1237,7911,2019,'Géomatique et aménagement du territoire','FST Beni_Mellal','3ème année post bac','14.29','Beni_Mellal','Réussite'),(1241,8018,2017,'Gestion et Maîtrise de L\'Eau','Institut des Techniciens Spécialisés en Mécanique Agricole et Equipement Rural de BOUKNADEL-SALE','1ème année post bac','16.865','BOUKNADEL-SALE','Réussite'),(1242,8018,2018,'Gestion et Maîtrise de L\'Eau','Institut des Techniciens Spécialisés en Mécanique Agricole et Equipement Rural de BOUKNADEL-SALE','2ème année post bac','16.865','BOUKNADEL-SALE','Réussite'),(1243,8019,2019,'modélisation statistique et informatique','université des science  Hassan II  AIN CHOK','3ème année post bac','12','casablanca','En cours'),(1244,8019,2018,'DEUP: modélisation statistique et informatique','université des science  Hassan II  AIN CHOK','2ème année post bac','11','casablanca','Réussite'),(1245,8019,2017,'BTS: Développement de système informatique','BTS Fés','1ème année post bac','12,96','Fes','Réussite'),(1246,7993,2013,'Biologie chimie Géologie','Faculté des Sciences et Techniques','1ème année post bac','11.01','ERRACHIDIA','Réussite'),(1247,7993,2014,'Biologie chimie Géologie','Faculté des Sciences et Techniques','2ème année post bac','11.21','ERRACHIDIA','Réussite'),(1248,7993,2017,'Géoscience Appliquée','Faculté des Sciences et Techniques','3ème année post bac','10.93','ERRACHIDIA','Réussite'),(1249,8023,2018,'Chimie organique','Campus Ait Melloul','3ème année post bac','12.64','Ait melloul','Réussite'),(1250,8025,2017,'Licence d\'Excellence en sciences de gestion','Faculté des sciences juridiques économiques et sociales AGDAL-Rabat','1ème année post bac','14,11','Rabat','Réussite'),(1252,8025,2018,'Licence d\'Excellence en sciences de gestion','Faculté des sciences juridiques économiques et sociales AGDAL-Rabat','2ème année post bac','13,94','Rabat','Réussite'),(1253,8025,2019,'Licence d\'Excellence en sciences de gestion','Faculté des sciences juridiques économiques et sociales AGDAL-Rabat','3ème année post bac','14,28','Rabat','Réussite'),(1254,8026,2017,'Licence d\'excellence en sciences de gestion','Faculté des sciences juridiques économiques et sociales Agdal','1ème année post bac','15,14','RABAT','Réussite'),(1256,8026,2018,'Licence d\'excellence en sciences de gestion','Faculté des sciences juridiques économiques et sociales Agdal','2ème année post bac','14,89','RABAT','Réussite'),(1257,8026,2019,'Licence d\'excellence en sciences de gestion','Faculté des sciences juridiques économiques et sociales Agdal','3ème année post bac','14,55','RABAT','Réussite'),(1259,8016,2015,'sciences de la terre et de l\'univers','université cadi ayyad','1ème année post bac','10','Marrakech','Réussite'),(1260,8024,2018,'SMC','FSR','3ème année post bac','12.95','Rabat','Réussite'),(1261,8016,2016,'sciences de la terre et de l\'univers','université cadi ayyad','2ème année post bac','11.84','Marrakech','Réussite'),(1262,8016,2017,'Géologie appliqueé','université cadi ayyad','3ème année post bac','11.87','Marrakech','Réussite'),(1263,7541,2017,'Gestion et maîtrise de l\'eau','Institut des techniciens spécialisés en mécanique agricole et équipements rural de Bouknadel','1ème année post bac','15,597','Bouknadel-sale','Réussite'),(1264,7541,2018,'Gestion et maîtrise de l\'eau','Institut des techniciens spécialisés en mécanique agricole et équipements rural de Bouknadel','2ème année post bac','15,597','Bouknadel-sale','Réussite'),(1265,7541,2019,'Gestion d\'assainissement liquide au milieu urbain','Faculté des sciences Ain chok','3ème année post bac','13,18','Casablanca','Réussite'),(1266,8031,2018,'Droit  public','Université Mohammed v souissi','3ème année post bac','Passable','Rabat','Réussite'),(1267,8035,2016,'informatique/génie logiciel','école supérieure de technologie','1ème année post bac','12.65','salé','Réussite'),(1268,8035,2017,'informatique/génie logiciel','école supérieure de technologie','2ème année post bac','14.18','salé','Réussite'),(1269,8035,2018,'informatique/système d\'informations et big data','école supérieure de technologie','3ème année post bac','13.07','salé','Réussite'),(1270,7744,2019,'Chimie','Université polydesciplinaire','3ème année post bac','Bien','Beni mellal','Réussite'),(1271,8039,2019,'science de la vie','faculté des sciences rabat','3ème année post bac','passable','Temara','Réussite'),(1272,8007,2014,'Mathematiques, Informatique, Physique et Chimie','faculte des sciences et techniques Beni Mellal','2ème année post bac','10,96','Beni Mellal','Réussite'),(1273,8007,2016,'informatique electronique et automatique','faculte des sciences et techniques Beni Mellal','3ème année post bac','10,49','Beni Mellal','Réussite'),(1274,8007,2012,'Mathematiques, Informatique, Physique et Chimie','faculte des sciences et techniques Beni Mellal','1ème année post bac','9,69','Beni Mellal','Réussite'),(1275,7976,2016,'Sciences économiques et gestion','Université cadi ayyad','1ème année post bac','9.922','Marrakech','Réussite'),(1276,7976,2017,'Sciences économiques et gestion','Université cadi ayyad','2ème année post bac','10.667','Marrakech','Réussite'),(1277,7976,2018,'Finance et banque','Université cadi ayyad','3ème année post bac','11.417','Marrakech','Réussite'),(1279,8044,2019,'Génie chimique','FST fés','3ème année post bac','14.52','Fes','Réussite'),(1280,8044,2018,'BCG','FST fés','2ème année post bac','10.75','Fes','Réussite'),(1281,8044,2017,'BCG','FST fés','1ème année post bac','11.5','Fes','Réussite'),(1282,8045,2019,'Sciences biologiques appliqués et santé /Option biologie géologie et chimie','Fst','3ème année post bac','13.358','Fes','Réussite'),(1283,8046,2017,'science économiques et gestion','faculté polydisciplinaire d\'Errachidia','1ème année post bac','11.80','Errachidia','Réussite'),(1284,8046,2018,'science économiques et gestion','faculté polydisciplinaire d\'Errachidia','2ème année post bac','12.83','Errachidia','Réussite'),(1285,8046,2019,'science économiques et gestion','faculté polydisciplinaire d\'Errachidia','3ème année post bac','13.16','Errachidia','Réussite'),(1286,8047,2017,'Droit en langue française','Fsjes','3ème année post bac','10','Agadir','En cours'),(1287,7881,2019,'Biotechnologie et Amélioration des plantes','Faculté des sciences Agadir','3ème année post bac','10','Zagoura','En cours'),(1288,8049,2012,'Licence en Sciences de la terre et d\'Univers','Faculté des sciences Ben M\'Sik','3ème année post bac','10.85','CASABLANCA','Réussite'),(1289,8049,2014,'Master en géologie appliquée','Faculté des sciences Ben M\'Sik','1ème année post bac','12.74','CASABLANCA','Réussite'),(1290,8049,2018,'Diplôme de technicien spécialisé génie civil (Spécialité : Travaux publics)','INSTITUT SPÉCIALISÉ DU BÂTIMENT ET DES TRAVAUX PUBLICS, Casablanca','2ème année post bac','13.12','CASABLANCA','Réussite'),(1291,8050,2017,'smp/physique','fpo','1ème année post bac','13.72','ouarzazate','Réussite'),(1292,8050,2018,'smp/physique','fpo','2ème année post bac','10.96','Ouarzazate','Réussite'),(1293,8050,2019,'smp/physique','fpo','3ème année post bac','pas encore','Ouarzazate','En cours'),(1294,7984,2019,'Sage femme','ISPITS','3ème année post bac','14','Safi','Réussite'),(1295,7913,2019,'GEOMATIQUE ET AMENAGEMENT DU TERRITOIRE','FACULTE DES SCIENCES ET TECHNIQUES','3ème année post bac','14.54','BENI MELLAL','Réussite'),(1296,8054,2017,'Biologie chimie geologie','Faculté des sciences et techniques Gueliz-Marrakech','1ème année post bac','12,737','marrakech','Réussite'),(1297,8054,2018,'Biologie chimie geologie','Faculté des sciences et techniques Gueliz-Marrakech','2ème année post bac','13,106','marrakech','Réussite'),(1298,8054,2019,'licence sciences et techniques BIO-ANALYSES ENVIRONNEMENTALES','Faculté des sciences et techniques Gueliz-Marrakech','3ème année post bac','12,975','marrakech','Réussite'),(1299,8055,2019,'Math et application','Université abdelmalek essaâdi','3ème année post bac','Passable','Tetouan','En cours'),(1300,8053,2019,'sciences de l\'ingenieur','faculte des sciences et techiques','1ème année post bac','12','khenifra','En cours'),(1301,8059,2014,'technicien spécialisé géomètre topographe','Institut Spécialisé de Technologie Appliquée','1ème année post bac','12.81','Fés','Réussite'),(1302,8059,2015,'technicien spécialisé géomètre topographe','Institut Spécialisé de Technologie Appliquée','2ème année post bac','13.03','Fés','Réussite'),(1303,8059,2018,'licence professionnelle en SIG et gestion de l\'espace','Faculté des Lettres et des Sciences Humaines','3ème année post bac','12.85','Kénitra','Réussite'),(1304,8061,2015,'Aménagement du Territoire et Environnement','Ecole Normale Supérieure','1ème année post bac','12.98','Martil','Réussite'),(1305,8061,2016,'Aménagement du Territoire et Environnement','Ecole Normale Supérieure','2ème année post bac','13.02','Martil','Réussite'),(1306,8061,2018,'Modélisation et Gestion d\'Environnement','Ecole Supérieure de Technologie','3ème année post bac','11.87','Essaouira','Réussite'),(1308,8062,2016,'sciences de la vie','faculté polydisciplinaire','2ème année post bac','10.43','KHOURIBGA','Réussite'),(1309,8062,2018,'Biotechnologie et Microbiologie','faculté polydisciplinaire','3ème année post bac','12.80','KHOURIBGA','Réussite'),(1310,8062,2015,'sciences de la vie','faculté polydisciplinaire','1ème année post bac','11.21','KHOURIBGA','Réussite'),(1311,8063,2019,'economie','faculté des sciences juridiques economiques et sociales','3ème année post bac','13','fés','Réussite'),(1313,8065,2019,'Économie et gestion','Université Hassan 2 Casablanca','3ème année post bac','13','Casablanca','Réussite'),(1314,8064,2019,'Informatique','FST','3ème année post bac','11.948','Beni Mellal','Réussite'),(1315,8032,2019,'Biologie appliquée','BCG','3ème année post bac','10','AL-HOCEIMA','En cours'),(1316,8068,2019,'science de la matière physique','faculté des sciences oujda','3ème année post bac','12','Oujda','En cours'),(1317,8068,2018,'science de la matière physique','faculté des sciences oujda','2ème année post bac','12','Oujda','En cours'),(1318,8068,2015,'science de la matière physique','faculté des sciences oujda','1ème année post bac','11.55','Oujda','Réussite'),(1319,8066,2019,'MIASI','F.S.T.GUILIZ MARRAKECH','3ème année post bac','13,953','MARRAKECH','Réussite'),(1320,8066,2018,'MIP','F.S.T.GUILIZ MARRAKECH','2ème année post bac','11,556','MARRAKECH','Réussite'),(1324,8070,2017,'Biologie Chimie Géologie','faculté des sciences et techniques Marrakech','1ème année post bac','12,194','Marrakech','Réussite'),(1325,8070,2018,'Biologie Chimie Géologie','faculté des sciences et techniques Marrakech','2ème année post bac','12,251','Marrakech','Réussite'),(1326,8070,2019,'Géologie appliquée aux ressources minières','faculté des sciences et techniques Marrakech','3ème année post bac','13,53','Marrakech','Réussite'),(1327,8072,2019,'pc','tarik bn ziad','1ème année post bac','11.69','AZROU','En cours'),(1328,8073,2012,'préparateur en pharmacie','IFCS Rabat','1ème année post bac','11.16','Rabat','Réussite'),(1329,8073,2013,'préparateur en pharmacie','IFCS Rabat','2ème année post bac','11.11','Rabat','Réussite'),(1330,8073,2014,'préparateur en pharmacie','IFCS Rabat','3ème année post bac','12.21','Rabat','Réussite'),(1332,7878,2007,'technicien spécialisé en urbanisme, architecture, construction et génie civil','iftsau meknes','1ème année post bac','12.45','meknes','Réussite'),(1333,7878,2019,'geo-information et modélisation du territoire','faculté des sciences Meknès','2ème année post bac','12.46','meknes','Réussite'),(1337,8040,2015,'Géomètre Topographe','ISTA OFPPT KENITRA','2ème année post bac','14.31','KENITRA','Réussite'),(1338,8040,2014,'Géomètre Topographe','ISTA OFPPT KENITRA','1ème année post bac','13.31','KENITRA','Réussite'),(1339,8040,2018,'LICENCE PROFESSIONNELLE GEO-INFORMATION ET MODELISATION DU TERRITOIRE','Faculté des Sciences de Meknès','3ème année post bac','12.53','MEKNES','Réussite'),(1340,7987,2018,'driot privé','universite mohamed V suissi','3ème année post bac','10.50','rabat','Réussite'),(1341,8083,2015,'SCIENCE PHISIQUE','LYCEE ABI BAKER ESSIDIK','1ème année post bac','15.06','RABAT','Réussite'),(1345,8085,2017,'sciences des mathématiques','École normale supérieure Rabat','1ème année post bac','11.85','rabat','Réussite'),(1346,8084,2017,'sciences des mathématiques','Ecole Normale Supérieure','1ème année post bac','11.65','Rabat','Réussite'),(1347,8085,2018,'sciences des mathématiques','École normale supérieure Rabat','2ème année post bac','12.145','Rabat','Réussite'),(1348,8084,2018,'sciences des mathématiques','Ecole Normale Supérieure','2ème année post bac','12.045','Rabat','Réussite'),(1349,8085,2019,'sciences des mathématiques','École normale supérieure Rabat','3ème année post bac','12.995','Rabat','Réussite'),(1350,8084,2019,'sciences des mathématiques','Ecole Normale Supérieure','3ème année post bac','12.535','Rabat','Réussite'),(1351,8086,2014,'Techniques des réseaux informatiques','ista essaouira','1ème année post bac','10.07','Essaouira','Réussite'),(1352,8086,2015,'Techniques des réseaux informatiques','ista essaouira','2ème année post bac','13.07','Essaouira','Réussite'),(1353,8086,2017,'Modélisation et gestion de l\'environnement','ista essaouira','3ème année post bac','12.88','Essaouira','Réussite'),(1354,8088,2019,'DROIT ARABE','FSJES AIT MELLOUL','3ème année post bac','11.68','AGADIR','Réussite'),(1355,8058,2019,'science physique','FACULTE DES SCIENCES APPLIQUEES - AIT MELLOUL','3ème année post bac','11,45','Agadir','Réussite'),(1356,8082,2019,'Sciences de la Vie','Faculté des Sciences Appliquées Ait-Melloul','3ème année post bac','12.005','AGADIR','Réussite'),(1358,8092,2018,'Licence en Droit des Affaires','Université Med 5, la FSJES , Agdal','3ème année post bac','12.65','Rabat','Réussite'),(1362,8095,2008,'Gestion et maîtrise d\'eau','Institut des techniciens spécialisés en mécanique agricole et équipements rural de bouknadel','1ème année post bac','11.76','Bouknadel','Réussite'),(1363,8095,2010,'Gestion et maîtrise d\'eau','Institut des techniciens spécialisés en mécanique agricole et équipements rural de bouknadel','2ème année post bac','11.13','Bouknadel','Réussite'),(1364,8095,2011,'Gestion d\'assainissement en milieu urbain','Faculté de sciences ain chock','3ème année post bac','11.07','Casablanca','Réussite'),(1365,8096,2015,'GEOGRAPHIE','F.L.S.H IBN TOFAIL','3ème année post bac','11.00','KENITRA','Réussite'),(1367,8097,2017,'Science de la vie','Faculté polydisciplinaire','1ème année post bac','12.36','Beni mellal','Réussite'),(1368,8097,2018,'Science de la vie','Faculté polydisciplinaire','2ème année post bac','12.13','Beni mellal','Réussite'),(1369,8097,2019,'Science de la vie','Faculté polydisciplinaire','3ème année post bac','12','Beni mellal','En cours'),(1370,8087,2017,'Biologie géologie chimie','Faculté de Sciences et Techniques','1ème année post bac','10.23','MARRAKECH','Réussite'),(1371,8087,2018,'Biologie géologie chimie','Faculté de Sciences et Techniques','2ème année post bac','11.78','MARRAKECH','Réussite'),(1372,8087,2019,'Biotechnologie des Plantes','Faculté de Sciences et Techniques','3ème année post bac','12.613','MARRAKECH','Réussite'),(1373,7882,2005,'Sciences mathématiques et informatiques','FSR université mohamed 5','1ème année post bac','11.69','Rabat','Réussite'),(1374,7882,2007,'Sciences mathématiques et informatiques','FSR université mohamed 5','2ème année post bac','10.86','Rabat','Réussite'),(1375,7882,2008,'Sciences mathématiques et informatiques','FSR université mohamed 5','3ème année post bac','11.21','Rabat','Réussite'),(1376,7712,2016,'math informatique physique chimie','faculté des sciences et techniques  Marrakech (FSTG)','1ème année post bac','10.524','Marrakech','Réussite'),(1377,7712,2017,'math informatique physique chimie','faculté des sciences et techniques  Marrakech (FSTG)','2ème année post bac','10.232','Marrakech','Réussite'),(1378,7712,2019,'informatique électronique électrotechnique automatique','faculté des sciences et techniques  Marrakech (FSTG)','3ème année post bac','11.926','Marrakech','Réussite'),(1379,8100,2019,'Mathématique informatique physique chimie','Faculté de sciences et technique Tanger','2ème année post bac','10,7','Tanger','Réussite'),(1380,8100,2018,'Génie des procédés','Faculté de sciences et technique Tanger','3ème année post bac','12,89','Tanger','En cours'),(1381,8101,2019,'Génie civil','ESTS','3ème année post bac','13,155','Salé','Réussite'),(1382,8101,2017,'Génie civil','ESTS','1ème année post bac','12,49','Salé','Réussite'),(1383,8101,2018,'Génie civil','ESTS','2ème année post bac','13,07','Salé','Réussite'),(1385,8110,2016,'sciences de la vie et la terre','ens de fes','1ème année post bac','12.43','fes','Réussite'),(1386,8110,2017,'sciences de la vie et la terre','ens de fes','2ème année post bac','12.50','fes','Réussite'),(1387,8110,2018,'sciences de la vie et la terre','ens de fes','3ème année post bac','13.57','fes','Réussite'),(1388,8089,2019,'Licence professionnelle en Systèmes d’Information Géographiques et Gestion de l’Espace','Université Ibn Tofail','3ème année post bac','13.83','Kenitra','Réussite'),(1389,8089,2017,'Technicien Spécialisé Géomètre Topographe','Institut Spécialisé de Technologie Appliqué (ISTA)','2ème année post bac','13.66','Fès','Réussite'),(1390,8089,2016,'Technicien Spécialisé Géomètre Topographe','Institut Spécialisé de Technologie Appliqué (ISTA)','1ème année post bac','12.34','Fès','Réussite'),(1391,8093,2018,'Mecanique des fluides et transferts thermiques','FST ERRACHIDIA','3ème année post bac','11.70','ERRACHIDIA','Réussite'),(1392,8093,2017,'MATH_INFORMATIQUE_PHYSIQUE','FST ERRACHIDIA','2ème année post bac','10.81','ERRACHIDIA','Réussite'),(1393,8093,2014,'PHYSIQUE','ABI KACEM','1ème année post bac','13.43','Skoura Ouarzazate','Réussite'),(1394,8111,2019,'Licence en informatique','université chouaib doukkali faculté des sciences','1ème année post bac','11.30','EL JADIDA','Réussite'),(1395,8112,2019,'physilogie et santé','fst errachidia','3ème année post bac','passable','errachidia','En cours'),(1396,8113,2013,'technicien spécialisé géomètre topographe','ISTA saniat rmel','1ème année post bac','11,89','tetouan','Réussite'),(1397,8113,2014,'technicien spécialisé géomètre topographe','ISTA saniat rmel','2ème année post bac','10','Tetouan','Réussite'),(1398,8117,2019,'science physique','faculté du science d\'eljadida','3ème année post bac','en cours','azemmour','En cours'),(1399,8118,2018,'sciences économiques et gestion','faculté polydisciplinaire errachidia','3ème année post bac','16,52','Errachidia','Réussite'),(1400,8119,2016,'Sciences mathématiques et application','Faculté des sciences de meknes','3ème année post bac','assez bien','Khenifra','Réussite'),(1401,7536,2016,'Ingénierie Territoriale','Faculté des lettres et des sciences humaines Marrakech','3ème année post bac','12.98','Marrakech','Réussite'),(1407,8043,2015,'URBANISME, ARCHITECTURE, GENIE CIVIL ET CONSTRUCTION','Institut de Formation des Techniciens Spécialisés en Architecture et en Urbanisme IFTSAU Meknès','2ème année post bac','17.26','Meknès','Réussite'),(1408,8043,2014,'URBANISME, ARCHITECTURE, GENIE CIVIL ET CONSTRUCTION','Institut de Formation des Techniciens Spécialisés en Architecture et en Urbanisme IFTSAU Meknès','1ème année post bac','17.21','Meknès','Réussite'),(1409,8043,2016,'Sciences et Technologies de l\'Assainissement des Déchets Liquides et Solides','Faculté des Sciences Semlalia Marrakech','3ème année post bac','12.122','Marrakech','Réussite'),(1410,8122,2019,'SMP','FSO','3ème année post bac','13.66','OUJDA','Réussite'),(1411,8121,2019,'License de l\'enseignement des mathématiques','Ecole Normale Supérieure','3ème année post bac','14.09','Rabat','Réussite'),(1412,8121,2018,'License de l\'enseignement des mathématiques','Ecole Normale Supérieure','2ème année post bac','12.92','Rabat','Réussite'),(1414,8121,2017,'License de l\'enseignement des mathématiques','Ecole Normale Supérieure','1ème année post bac','10.87','Rabat','Réussite'),(1415,8105,2019,'Procédés et Analyses Physico-Chimiques','Faculté polydisciplinaire de taza','3ème année post bac','11','Taza','En cours'),(1416,8124,2019,'Chimie physique','Campus ait melloul des sciences appliquees','3ème année post bac','11.83','Ouled Teïma','Réussite'),(1419,8126,2012,'Sc mathématiques','Lycée ibn khaldoune el jadida','1ème année post bac','13','El jadida','Réussite'),(1420,8126,2018,'Deup en mathématiques','Ens rabat','2ème année post bac','10','Rabat','Réussite'),(1421,8126,2019,'Licence professionnelle d\'enseignement mathématiques','Ens rabat','3ème année post bac','12','Rabat','Réussite'),(1423,7969,2017,'sciences mathématiques et informatique','faculté polydisciplinaire de Ouarzazate','1ème année post bac','12,04','Ouarzazate','Réussite'),(1424,7969,2018,'sciences mathématiques et informatique','faculté polydisciplinaire de Ouarzazate','2ème année post bac','13,42','Ouarzazate','Réussite'),(1425,7969,2019,'sciences mathématiques et informatique','faculté polydisciplinaire de Ouarzazate','3ème année post bac','12,85','Ouarzazate','Réussite'),(1429,8128,2019,'Bioprocede hygienne et sécurité alimentaire','FST FES','3ème année post bac','11.64','FES','Réussite'),(1430,8128,2018,'BCG','FST FES','2ème année post bac','11.45','FES','Réussite'),(1431,8128,2017,'BCG','FST FES','1ème année post bac','11.61','FES','En cours'),(1432,8131,2018,'Économie Et Gestion','Faculté Polydisciplinaire de Safi','3ème année post bac','12.26','Safi','Réussite'),(1433,8133,2017,'INFIRMIER EN SOINS D\'URGENCE ET SOINS INTENSIFS','Instituts supérieurs des professions infirmières et techniques de santé','3ème année post bac','12.9','SALE','Réussite'),(1434,8134,2019,'Licence en économie et gestion','FSJES Rabat','3ème année post bac','14.50','Rabat','En cours'),(1435,8135,2017,'svt','ens','1ème année post bac','13.50','RABAT','Réussite'),(1436,8135,2018,'deup en svt','ens','2ème année post bac','13.11','RABAT','Réussite'),(1437,8135,2019,'licence en svt','ens','3ème année post bac','14.25','RABAT','Réussite'),(1442,8140,2016,'physique','sidi lhaj lehbib','2ème année post bac','10.35','AGADIR','Réussite'),(1443,8141,2019,'SCIENCE LA VIE ET LA TERRE','HASSAN 2','1ème année post bac','12.15','TINEJDAD','Réussite'),(1444,8141,2018,'BIOLOGIE CHIMIE GEOLOGIE','FACULTÉ DES SCIENCES ET TECHNIQUES ERRACHIDIA','2ème année post bac','10.77','ERRACHIDIA','Réussite'),(1446,8144,2018,'Enseignement des Mathématiques','Ecole Normale Supérieure','2ème année post bac','14.24','Rabat','Réussite'),(1447,8144,2017,'Enseignement des Mathématiques','Ecole Normale Supérieure','1ème année post bac','11.66','Rabat','Réussite'),(1448,8144,2019,'Enseignement des Mathématiques','Ecole Normale Supérieure','3ème année post bac','12.99','Rabat','Réussite'),(1449,8145,2018,'Licence en de la matière Chimie','Faculté des sciences rabat','3ème année post bac','Passable','Temara','Réussite'),(1452,7588,2019,'Gestion des entreprises','FSJES MARRAKECH','3ème année post bac','00.00','AMIZMIZ, MARRAKECH','En cours'),(1455,8149,2016,'Biologie,chimie,geologie','Facultè des sciences et technique à marrakech','1ème année post bac','10.19','MARRAKECH','Réussite'),(1456,8149,2017,'Biologie,chimie,geologie','Facultè des sciences et technique à marrakech','2ème année post bac','10.63','MARRAKECH','Réussite'),(1457,8149,2018,'Gèologie appliquèe aux ressources minières','Facultè des sciences et technique à marrakech','3ème année post bac','12.25','MARRAKECH','Réussite'),(1460,8150,2017,'biologie chimie géologie','FACULTE DES SCIENCES ET TECHNIQUES MARRAKECH','1ème année post bac','13.48','MARRAKECH','Réussite'),(1461,8148,2015,'Sciences Mathématiques Informatique et Applications','Faculté Polydisciplinaire de Ouarzazate','1ème année post bac','-','Ouarzazate','Echec'),(1462,8150,2018,'biologie chimie géologie','FACULTE DES SCIENCES ET TECHNIQUES MARRAKECH','2ème année post bac','14.17','MARRAKECH','Réussite'),(1463,8148,2016,'Sciences Mathématiques Informatique et Applications','Faculté Polydisciplinaire de Ouarzazate','2ème année post bac','11.32','Ouarzazate','Réussite'),(1464,8148,2017,'Sciences Mathématiques Informatique et Applications','Faculté Polydisciplinaire de Ouarzazate','3ème année post bac','11.85','Ouarzazate','Réussite'),(1465,8150,2019,'EAU ET ENVIRONNEMENT','FACULTE DES SCIENCES ET TECHNIQUES MARRAKECH','3ème année post bac','14.99','MARRAKECH','Réussite'),(1466,8152,2018,'CHIMIE DES MATÉRIAUX','FACULTÉ DES SCIENCES SEMLALIA MARRAKECH','3ème année post bac','11,71','MARRAKECH','Réussite'),(1467,8153,2016,'Topographie','Institut des Techniciens spécialisés en Génie Rural et Topographie de Meknès','1ème année post bac','16.37','Meknès','Réussite'),(1468,8153,2017,'Topographie','Institut des Techniciens spécialisés en Génie Rural et Topographie de Meknès','2ème année post bac','16.01','Meknès','Réussite'),(1469,8153,2018,'Licence Professionnelle en Géo-Information et Modélisation du Territoire','Faculté de sciences Moulay Ismail','3ème année post bac','12.47','Meknès','Réussite'),(1470,8155,2012,'bacaloriat','lala salma rissani','1ème année post bac','12.07','rissani','Réussite'),(1471,8155,2015,'deust','fst errachidia','2ème année post bac','10.87','errachidia','En cours'),(1472,8155,2016,'liscence gèoscience appliquè','fst errachidia','3ème année post bac','11.75','errachidia','Réussite'),(1473,8156,2016,'TECHNICIEN SPECIALISE EN GEOMETRE DE TOPOGRAPHE','ISTA LAMKENESSIA','1ème année post bac','15.87','SALE','Réussite'),(1474,8156,2017,'TECHNICIEN SPECIALISE EN GEOMETRE DE TOPOGRAPHE','ISTA LAMKENESSIA','2ème année post bac','15.31','SALE','Réussite'),(1475,8156,2018,'LICENCE PROFESSIONNELLE EN SIG ET GESTION DE L\'ESPACE','FACULTE DES LETTRES ET DES SCIENCES  HUMAINES IBN TOFAIL','3ème année post bac','12.64','KENITRA','Réussite'),(1476,8157,2007,'Urbanisme,Architecture, Construction et Génie civil; option: Accompagnement social des programmes de l\'urbanisme de l\'habitat et du développement durable.','IFTSAU','1ème année post bac','14.69','meknes','Réussite'),(1477,8157,2008,'Urbanisme,Architecture, Construction et Génie civil; option: Accompagnement social des programmes de l\'urbanisme de l\'habitat et du développement durable.','IFTSAU','2ème année post bac','15.63','meknes','Réussite'),(1478,8157,2012,'GÉO-INFORMATION ET MODÉLISATION DU TERRITOIRE','faculté des sciences','3ème année post bac','12','meknes','Réussite'),(1479,8158,2017,'science de la vie et de la terre','Faculté des sciences EL JADIDA','1ème année post bac','12,555','EL-JADIDA','Réussite'),(1480,8158,2018,'science de la vie et de la terre','Faculté des sciences EL JADIDA','2ème année post bac','11,313','EL-JADIDA','Réussite'),(1481,8159,2015,'TOPOGRAPHIE','Institut des techniciens spécialisés en génie rural et Topographie','1ème année post bac','14.89','meknes','Réussite'),(1482,8159,2017,'TOPOGRAPHIE','Institut des techniciens spécialisés en génie rural et Topographie','2ème année post bac','15.34','meknes','Réussite'),(1483,8159,2018,'Géo-Information et Modélisation du Territoire','FS de Meknès','3ème année post bac','12.03','meknes','Réussite'),(1484,8160,2019,'SMP','Faculté des sciences Université Chouaib Doukkali','3ème année post bac','11','El Jadida','En cours'),(1485,8160,2018,'SMP','Faculté des sciences Université Chouaib Doukkali','2ème année post bac','11.4','El Jadida','Réussite'),(1486,8160,2016,'SMP','Faculté des sciences Université Chouaib Doukkali','1ème année post bac','12.4','El Jadida','Réussite'),(1487,8162,2019,'Master Sciences et Technologie Agroalimentaire','Faculté des sciences de Rabat','3ème année post bac','13','Rabat','En cours'),(1489,8166,2016,'gestion des entreprises','jbel lakhdar','1ème année post bac','15.18','MARRAKECH','Réussite'),(1490,8166,2018,'gestion des entreprises','jbel lakhdar','2ème année post bac','14.83','MARRAKECH','Réussite'),(1491,8166,2019,'commerce gestion','L\'université privée  de marrakech','3ème année post bac','.','MARRAKECH','En cours'),(1492,8167,2016,'Licence Professionnelle en Géo-information et Modélisation du Territoire','Faculté des sciences Mouly Ismail Meknès','3ème année post bac','12.52','Meknès','Réussite'),(1493,8167,2012,'Géométre Topographe','L\'institut Spécialisé du Bâtiment et Travaux publics','1ème année post bac','13.83','Errachidia','Réussite'),(1494,8167,2013,'Géométre Topographe','L\'institut Spécialisé du Bâtiment et Travaux publics','2ème année post bac','16.54','Errachidia','Réussite'),(1495,8168,2019,'Licence d\'enseignement des mathématiques','École normale supérieure','3ème année post bac','11.36','Rabat','Réussite'),(1496,8164,2015,'SMP','faculté des sciences mohammed premier oujda','1ème année post bac','12.5','oujda','Réussite'),(1497,8164,2016,'SMP','faculté des sciences mohammed premier oujda','2ème année post bac','10.5','oujda','Réussite'),(1498,8164,2019,'SMP','faculté des sciences mohammed premier oujda','3ème année post bac','11.45','oujda','Réussite'),(1499,8170,2018,'Géoscience appliquée','Fst','3ème année post bac','12,98','Errachidia','Réussite'),(1501,8170,2017,'BCG','Fst','2ème année post bac','12,64','Errachidia','Réussite'),(1502,8170,2016,'BCG','Fst','1ème année post bac','11,98','Errachidia','Réussite'),(1503,8147,2019,'Géomatique et Aménagement du Territoire','FST Béni Mellal','3ème année post bac','15,208','Béni Mellal','Réussite'),(1506,8172,2017,'Science de la vie','FACULTÉ DES SCIENCES APPLIQUÉES','1ème année post bac','12.37','AIT MELLOUL','Réussite'),(1507,8172,2018,'Science de la vie','FACULTÉ DES SCIENCES APPLIQUÉES','2ème année post bac','12.04','AIT MELLOUL','Réussite'),(1508,8172,2019,'Licence fondamentale en Biologie','FACULTÉ DES SCIENCES APPLIQUÉES','3ème année post bac','13.42','AIT MELLOUL','Réussite'),(1510,8173,2019,'gestion option administration et gestion d\'entreprise','fsjes agdal','3ème année post bac','12,66','Rabat','Réussite'),(1511,8173,2018,'economie et gestion','fsjes agdal','2ème année post bac','12,38','Rabat','Réussite'),(1512,8173,2017,'economie et gestion','fsjes sale','1ème année post bac','12,88','Sale','Réussite'),(1513,8174,2019,'Mainatenance et Application des Usines et Réseaux d\'Eau','IUT du Limousin','3ème année post bac','12.14','La Souterraine','Réussite'),(1514,8174,2018,'Génie Civil','Institut Spécialisé des Travaux Publics','2ème année post bac','13.89','Marrakech','Réussite'),(1515,8174,2017,'Génie Civil','Institut Spécialisé des Travaux Publics','1ème année post bac','13.03','Marrakech','Réussite'),(1516,7531,2019,'science d\'ingénieur option informatique industrielle et instrumentation','Faculté science et technique','3ème année post bac','12.05','Errachidia','Réussite'),(1518,8118,2016,'sciences économiques et gestion','faculté polydisciplinaire errachidia','1ème année post bac','15.9','Errachidia','Réussite'),(1519,8118,2017,'sciences économiques et gestion','faculté polydisciplinaire errachidia','2ème année post bac','17,08','Errachidia','Réussite'),(1522,8176,2016,'SCIENCE ECONOMIE ET GESTION','FSJES HASSAN 2 AIN CHOCK','3ème année post bac','11.60','CASABLANCA','Réussite'),(1523,8176,2015,'SCIENCE ECONOMIE ET GESTION','FSJES HASSAN 2 AIN CHOCK','2ème année post bac','11.65','Casablanca','Réussite'),(1525,8178,2013,'Environment et technique de l\'eau','École supérieure de technologie salé','1ème année post bac','12.74','Salé','Réussite'),(1526,8178,2014,'Environment et technique de l\'eau','École supérieure de technologie salé','2ème année post bac','13.15','Salé','Réussite'),(1527,8178,2015,'Sciences et technologies de l\'assainissement liquides et solides','Faculté des sciences samlalia marrakech','3ème année post bac','12.32','Marrakech','Réussite'),(1531,8181,2011,'Baccalauréat Sciences physiques et chimie','Lycée SALAH EDDINE EL AYOUBI TINGHIR','1ème année post bac','16.26','TINGHIR','Réussite'),(1532,8181,2013,'DEUST MATHEMATHIQUE INFORMATIQUE PHYSIQUE (MIP)','FST ERRACHIDIA','2ème année post bac','11.84','ERRACHIDIA','Réussite'),(1533,8181,2014,'LICENCE EN SCIENCES DE l\'INGENIEUR','FST ERRACHIDIA','3ème année post bac','11.81','ERRACHIDIA','Réussite'),(1535,7533,2018,'Cartographie, Géologie et Géomatique','Ecole Normale Supérieure de Rabat','3ème année post bac','13.74','RABAT','Réussite'),(1536,7533,2014,'Géomètre Topographe','ISTA','1ème année post bac','12.80','TEMARA','Réussite'),(1537,7533,2015,'Géomètre Topographe','ISTA','2ème année post bac','13.45','TEMARA','Réussite'),(1540,8165,2017,'SMPC','FACULTE DES SCIENCES','1ème année post bac','12.8215','OUJDA','Réussite'),(1541,8165,2018,'SMP','FACULTE DES SCIENCES','2ème année post bac','15.315','OUJDA','Réussite'),(1542,8165,2019,'SMP','FACULTE DES SCIENCES','3ème année post bac','14.0105','OUJDA','Réussite'),(1543,8184,2019,'Protection de l\'environnement','FST Settat','3ème année post bac','14.41','Casablanca','Réussite'),(1544,8185,2016,'DEUST BCG','faculté des sciences et techniques Settat','1ème année post bac','10.22','Settat','Réussite'),(1545,8185,2018,'DEUST BCG','faculté des sciences et techniques Settat','2ème année post bac','10.22','Settat','Réussite'),(1546,8185,2019,'Licence sciences et techniques Protection de l\'Environnement','faculté des sciences et techniques Settat','3ème année post bac','15.106','Settat','Réussite'),(1547,8186,2019,'Sciences mathématiques et informatique','Université hassan 2','3ème année post bac','12','Casablanca','Réussite'),(1548,8182,2014,'Topographie','INSTITUT DES TECHNICIENS SPÉCIALISÉS EN GÉNIE RURAL ET TOPOGRAPHIE','1ème année post bac','13.05','MEKNES','Réussite'),(1549,8182,2015,'Topographie','INSTITUT DES TECHNICIENS SPÉCIALISÉS EN GÉNIE RURAL ET TOPOGRAPHIE','2ème année post bac','12.68','MEKNES','Réussite'),(1550,8182,2018,'Cartographie, Géologie et Géomatique','Ecole Normale Supérieure','3ème année post bac','11.66','RABAT','Réussite'),(1551,8188,2011,'ECONOMIE ET GESTION','FSJES FES','1ème année post bac','12,56','FES','Réussite'),(1552,8188,2012,'ECONOMIE ET GESTION','FSJES FES','2ème année post bac','13,27','FES','Réussite'),(1553,8188,2013,'ECONOMIE ET GESTION','FSJES FES','3ème année post bac','13,53','FES','Réussite'),(1555,8190,2019,'Licence professionnelle en management des entreprises agricoles et agroalimentaires','la Faculté Polydisciplinaire Béni Mellal','3ème année post bac','14.5','Béni Mellal','En cours'),(1556,8190,2018,'Technicien spécialisé en élevage des ruminants','Institut des techniciens spécialisés en agriculture','2ème année post bac','16.44','Fquih Ben Saleh','Réussite'),(1558,7594,2019,'Géosciences appliques','Géoscience appliquée','3ème année post bac','11.90','Érrachidia','En cours'),(1559,7594,2018,'Biologique chimie géologie','Deust','2ème année post bac','11.40','Errachidia','En cours'),(1560,8193,2017,'Mathématique Informatique Physique','Faculté des sciences et thechniques','2ème année post bac','11.62','Errachidia','Réussite'),(1561,8193,2019,'Mathématique Analyse Numérique','Faculté des sciences et techniques','3ème année post bac','12.52','Errachidia','Réussite'),(1563,8195,2015,'télécommunication','ISTA','1ème année post bac','très bien','rabat','Réussite'),(1564,8195,2018,'cartographie géologique et géomatique','ENS rabat','2ème année post bac','passable','rabat','Réussite'),(1565,8195,2019,'cartographie géologique et géomatique','ENS rabat','3ème année post bac','passable','rabat','Réussite'),(1566,8194,2019,'Cartographie Géologie et Géomatique','ENS Rabat','3ème année post bac','13.30','Rabat','Réussite'),(1567,7650,2019,'topographie cartographie et géologie','Ecole Normale Supérieure','1ème année post bac','13','Rabat','Réussite'),(1568,8197,2019,'biotechnologie micobienne','facultè de science dha al mahraz','3ème année post bac','14','fes','Réussite'),(1569,7560,2019,'Génie Civil','Ecole Supérieur de Technologie','3ème année post bac','13.18','Salé','Réussite'),(1573,8028,2017,'Mathématique Appliquée  / Mathématique Appliquée','Faculté des sciences Ibno Zohr D\'agadir','1ème année post bac','12.46','Agadir','Réussite'),(1574,8028,2018,'Mathématique Appliquée  / Mathématique Appliquée','Faculté des sciences Ibno zohr D\'agadir','2ème année post bac','12.395','Agadir','Réussite'),(1575,8028,2019,'Mathématique Appliquée  / Mathématique Appliquée','Faculté des sciences Ibno zohr D\'agadir','3ème année post bac','13.665','Agadir','Réussite'),(1578,8201,2016,'Maths, Physique, Chimie et Informatique','Faculté des Sciences et Techniques de Tanger','1ème année post bac','10,231','Tanger','Réussite'),(1579,8201,2017,'Maths, Physique, Chimie et Informatique','Faculté des Sciences et Techniques de Tanger','2ème année post bac','10,616','Tanger','Réussite'),(1582,8201,2019,'Génie Civil','Faculté des Sciences et Techniques de Tanger','3ème année post bac','10,433','Tanger','Réussite'),(1583,8104,2015,'Geologie appliquée','Institut des mines de Marrakech','1ème année post bac','13.71','Marrakech','Réussite'),(1584,8104,2016,'Geologie appliquée','Institut des mines de Marrakech','2ème année post bac','15.11','Marrakech','Réussite'),(1585,8104,2017,'Geologie appliquée aux ressources minières','Institut des mines de Marrakech','3ème année post bac','15.35','Marrakech','Réussite'),(1586,8204,2018,'Géologie appliquée aux ressources minières','Faculté des sciences et techniques','3ème année post bac','10.73','Marrakech','Réussite'),(1587,8205,2016,'Mathématiques et informatique','FST SETTAT','3ème année post bac','12','SETTAT','Réussite'),(1588,8205,2013,'INFORMATIQUE','ENS','2ème année post bac','14.72','TETOUAN','Réussite'),(1589,8204,2015,'Deust bcg','Faculté des sciences et techniques Marrrakech','2ème année post bac','10.57','Marrakech','Réussite'),(1590,8205,2012,'INFORMATIQUE','ENS','1ème année post bac','13.46','TETOUAN','Réussite'),(1591,8206,2019,'Science physique','Faculté polydisplinaire taza','1ème année post bac','10.90','Taza','Réussite'),(1592,8204,2014,'Deust-Bcg','Faculté des sciences et techniques-Marrakech','1ème année post bac','10.77','Marrakech','Réussite'),(1594,8207,2018,'Biologie Chimie Géologie (BCG)','Faculté des Sciences et Techniques','2ème année post bac','11.63','Al-Hoceima','Réussite'),(1595,8207,2019,'Génie de l\'Eau et de l\'Environnement','Faculté des Sciences et Techniques','3ème année post bac','13.76','Al-Hoceima','Réussite'),(1596,8207,2017,'Biologie Chimie Géologie (BCG)','Faculté des Sciences et Techniques','1ème année post bac','10.94','Al-Hoceima','Réussite'),(1601,8209,2019,'Génie civil','Ecole Nationale des Sciences Appliquées','3ème année post bac','15.43','Oujda','Réussite'),(1602,8209,2018,'Génie civil','Ecole Nationale des Sciences Appliquées','2ème année post bac','14.67','Oujda','Réussite'),(1603,8209,2017,'Génie civil','Ecole Nationale des Sciences Appliquées','1ème année post bac','15.55','Oujda','Réussite'),(1604,7715,2016,'MIP','FST ERRACHIDIA','1ème année post bac','13.49','ERRACHIDIA','Réussite'),(1605,7715,2018,'MIP','FST ERRACHIDIA','2ème année post bac','13.815','ERRACHIDIA','Réussite'),(1606,7715,2019,'physique de sciences de l\'ingénieur / informatique industrielle et instrumentation','FST ERRACHIDIA','3ème année post bac','15.315','ERRACHIDIA','En cours'),(1608,8192,2018,'Mathèmatiques appliquées','FST','3ème année post bac','11.85','ERRACHIDIA','Réussite'),(1610,8210,2017,'Svt','FSR','1ème année post bac','12.66','RABAT','Réussite'),(1611,8210,2018,'Biologie','FSR','2ème année post bac','11.66','RABAT','Réussite'),(1612,8210,2019,'Biologie santé','FSR','3ème année post bac','12.05','RABAT','En cours'),(1613,7754,2016,'BCG','Facultes des sciences et techniques d\'Errachidia','1ème année post bac','11.33','Errachidia','Réussite'),(1614,7754,2017,'BCG','Facultes des sciences et techniques d\'Errachidia','2ème année post bac','11.34','Errachidia','Réussite'),(1615,7754,2019,'Géosciences appliquées','Facultes des sciences et techniques d\'Errachidia','3ème année post bac','12.74','Errachidia','Réussite'),(1616,8212,2017,'Génie Mécanique','FSTS','3ème année post bac','14.60','settat','Réussite'),(1624,8215,2016,'Topographie','Institut des Techniciens Spécialisés en Génie Rural et Topographie','1ème année post bac','14.21','Meknès','Réussite'),(1625,8215,2017,'LP SIG et gestion d\'espace','Faculté des Lettres et des Sciences Humaines de kénitra','2ème année post bac','12.58','kénitra','Réussite'),(1626,8215,2018,'LP SIG et gestion d\'espace','Faculté des Lettres et des Sciences Humaines de kénitra','3ème année post bac','13','kénitra','Réussite'),(1628,8216,2018,'sciences mathématique et informatique','faculté des sciences ben m\'sik','2ème année post bac','12,86','Casablanca','Réussite'),(1629,8216,2019,'sciences mathématique et informatique','faculté des sciences ben m\'sik','3ème année post bac','13,48','Casablanca','Réussite'),(1631,8127,2019,'Science de la matière chimie','Faculté des sciences rabat','3ème année post bac','11.50','RABAT','En cours'),(1632,8127,2018,'Science de la matière chimie','Faculté des sciences rabat','2ème année post bac','10.14','RABAT','Réussite'),(1633,8127,2017,'Science de la matière chimie','Faculté des sciences rabat','1ème année post bac','11.44','RABAT','Réussite'),(1634,7829,2017,'Science de la matière physique-chimie','Université mohammed premier','1ème année post bac','12,696','Oujda','Réussite'),(1635,7829,2018,'Science de la matière physique','Université mohammed premier','2ème année post bac','12,364','Oujda','Réussite'),(1636,7829,2019,'Science de la matière physique','Université mohammed premier','3ème année post bac','12,97','Oujda','Réussite'),(1637,8220,2019,'smp','faculté des sciences','1ème année post bac','12','AIN EL AOUDA','Réussite'),(1639,8224,2010,'Gestion financière et comptable','ENCG','3ème année post bac','13.24','El Jadida','Réussite'),(1640,8224,2009,'Gestion financière et comptable','ENCG','2ème année post bac','12.06','El Jadida','Réussite'),(1641,8224,2008,'Gestion','ENCG','1ème année post bac','10.98','El Jadida','Réussite'),(1642,8225,2014,'TOPOGRAPHIE','ITSGRT Meknés','1ème année post bac','12.38','Meknés','Réussite'),(1644,8225,2015,'TOPOGRAPHIE','ITSGRT Meknés','2ème année post bac','13.12','Meknés','Réussite'),(1646,8225,2016,'Géomatique','faculté des sciences Meknès','3ème année post bac','11.21','Meknès','Réussite'),(1647,8199,2017,'Aménagement du territoire et environnement','École Normale Supérieure de Tetouan','1ème année post bac','12.65','TETOUAN','Réussite'),(1648,8199,2018,'Aménagement du territoire et environnement','École Normale Supérieure de Tetouan','2ème année post bac','13.39','TETOUAN','Réussite'),(1650,8199,2016,'Ingénierie Territoriale','Faculte des Lettres et Sciences Humaines de Marrakech','3ème année post bac','Nous sommes en train de terminer les examens,  donc nous ne connaissons pas les points du sixième semestre , et ce retard est dû à la pandémie et au crise sanitaire  que traverse notre pays et le monde entier, alors une fois les notes sont affichées je vo','Marrakech','En cours'),(1658,8200,2015,'PREMIERE ANNE DE  LICENCE PHYSIQUE','fs el jadida','1ème année post bac','14','EL JADIDA','Réussite'),(1659,8200,2016,'DEUG DE PHYSIQUE','fs el jadida','2ème année post bac','13,84','EL JADIDA','Réussite'),(1660,8227,2019,'Licence professionnelle Ingeniere des systemes informatiques et logiciels','Ecole Supérieure de Technologie','3ème année post bac','13.08','Essaouira','Réussite'),(1661,8200,2017,'LICENCE PHYSIQUE','fs el jadida','3ème année post bac','13,26','EL JADIDA','Réussite'),(1662,8227,2018,'DUT en Génie logiciel et réseau','Ecole Supérieure de Technologie','2ème année post bac','13.36','Essaouira','Réussite'),(1663,8227,2017,'DUT en Génie logiciel et réseau','Ecole Supérieure de Technologie','1ème année post bac','13.08','Essaouira','Réussite'),(1664,8228,2019,'SCIENCE DE LA MATIER PHYSIQUE','OUARZAZATE','3ème année post bac','10.32','OUARZAZATE','En cours'),(1665,8229,2019,'Droit en langue française','FSJES EL JADIDA','3ème année post bac','14.02','EL JADIDA','Réussite'),(1667,8230,2019,'cartographie, géologie et géomatique','UNIVERSITÉ MOHAMMED 5 DE RABAT','3ème année post bac','12.59','RABAT','Réussite'),(1671,8219,2015,'Technicien spécialisé en topographie','Institut des techniciens spécialisés en génie rural et topographie Meknès','1ème année post bac','15.15','Meknès','Réussite'),(1672,8219,2016,'Technicien spécialisé en topographie','Institut des techniciens spécialisés en génie rural et topographie Meknès','2ème année post bac','15.24','Meknès','Réussite'),(1673,8219,2018,'Licence professionnelle en cartographie Géologie et Géomatique','École normal supérieure de rabat','3ème année post bac','11.57','Rabat','Réussite'),(1675,8232,2015,'Gestion et maitrise de l\'eau','institut des techniciens spécialisés en genie rural et topographie a meknes','1ème année post bac','13.95','Meknes','Réussite'),(1676,8232,2016,'Gestion et maitrise de l\'eau','institut des techniciens spécialisés en genie rural et topographie a meknes','2ème année post bac','13.27','Meknes','Réussite'),(1678,8232,2019,'Cartographie Géologie Géomatique','Ecole Normale Supérieure à Rabat','3ème année post bac','12.99','Rabat','Réussite'),(1679,8233,2016,'SCIENCES DE LA TERRE ET DE L’UNIVERS','FACULTÉ DES SCIENCES AGADIR','1ème année post bac','11.40','AGADIR','Réussite'),(1680,8233,2018,'SCIENCES DE LA TERRE ET DE L’UNIVERS','FACULTÉ DES SCIENCES AGADIR','2ème année post bac','11.51','AGADIR','Réussite'),(1681,8233,2019,'SCIENCES DE LA TERRE ET DE L’UNIVERS','FACULTÉ DES SCIENCES AGADIR','3ème année post bac','12.03','AGADIR','Réussite'),(1682,7620,2017,'Sciences Mathématiques et Applications','Faculté des Sciences de Rabat','1ème année post bac','13.76','RABAT','Réussite'),(1684,7620,2018,'Sciences Mathématiques et Applications','Faculté des Sciences de Rabat','2ème année post bac','12.95','RABAT','Réussite'),(1685,7620,2019,'Sciences Mathématiques et Applications','Faculté des Sciences de Rabat','3ème année post bac','en cours','RABAT','En cours'),(1686,8234,2017,'Sciences mathèmatiques est application','Facultè des sciences de rabat','1ème année post bac','12,020','Rabat','Réussite'),(1687,8234,2018,'Sciences mathèmatiques est application','Facultè des sciences de rabat','2ème année post bac','12,48','Rabat','Réussite'),(1688,8234,2019,'Sciences mathèmatiques est application','Facultè des sciences de rabat','3ème année post bac','En cours','Rabat','En cours'),(1694,8075,2016,'SMIA','Faculté des sciences de Rabat','1ème année post bac','12.54','RABAT','Réussite'),(1695,8075,2018,'SMI','Faculté des sciences de Rabat','2ème année post bac','13.61','RABAT','Réussite'),(1696,8075,2019,'SMI','Faculté des sciences de Rabat','3ème année post bac','15.16','RABAT','En cours'),(1697,8235,2009,'TOPOGRAPHIE','ITSGRT MEKNES','1ème année post bac','13.99','MEKNES','Réussite'),(1698,8235,2010,'TOPOGRAPHIE','ITSGRT MEKNES','2ème année post bac','15.39','MEKNES','Réussite'),(1699,8235,2018,'LICENCE EN GEO-INFORMATION ET MODELISATION DU TERRITOIRE','Faculté des sciences de Meknès','3ème année post bac','12.495','MEKNES','Réussite'),(1700,8239,2017,'SMIA','FSR','1ème année post bac','10.43','RABAT','Réussite'),(1701,8239,2018,'SMI','FSR','2ème année post bac','11.21','RABAT','Réussite'),(1702,8242,2019,'Génie de l\'eau et de l\'environnement','FST MOHAMMADIA','3ème année post bac','11.22','Mohammedia','Réussite'),(1703,8244,2012,'batiment','BTS rabat','1ème année post bac','15.20','Rabat','Réussite'),(1704,8244,2013,'batiment','BTS rabat','2ème année post bac','15.35','Rabat','Réussite'),(1706,8244,2015,'Génie Civil','Est Salé','3ème année post bac','13.46','Salé','Réussite'),(1707,8246,2017,'mathematique','Ecole normale supérieure','1ème année post bac','10,97','Rabat','Réussite'),(1708,8246,2018,'mathematique','Ecole normale supérieure','2ème année post bac','12,19','Rabat','Réussite'),(1709,8246,2019,'mathematique','Ecole normale supérieure','3ème année post bac','13,2','Rabat','Réussite'),(1710,7987,2017,'driot privé','universite mohamed V suissi','1ème année post bac','10.50','rabat','Réussite'),(1711,7562,2015,'Science physique','Ibn sina','2ème année post bac','13.44','Berkane','Réussite'),(1712,8245,2016,'Géologie Appliquée','Institut des Mines de Marrakech','1ème année post bac','14,37','Marrakech','Réussite'),(1714,8245,2017,'Géologie Appliquée','Institut des Mines de Marrakech','2ème année post bac','14,70','Marrakech','Réussite'),(1715,8245,2018,'Géologie Appliquée aux Ressources Minières','Faculté des Sciences et Techniques Guéliz','3ème année post bac','13,83','Marrakech','Réussite'),(1716,8194,2015,'Gestion et maîtrise de l\'eau','Institut des techniciens spécialisés en génie rurale et topographie Meknès','1ème année post bac','12.44','Meknes','Réussite'),(1717,8194,2017,'Gestion et maîtrise de l\'eau','Institut des techniciens spécialisés en génie rurale et topographie Meknès','2ème année post bac','12.10','Meknes','Réussite'),(1719,8252,2015,'MP (Mathématiques et physiques)','GPGE (Salmane al farissi)','2ème année post bac','12','Sale','Réussite'),(1720,8251,2012,'Génie Thermique et Energie','ENSET','1ème année post bac','12.58','Rabat','Réussite'),(1721,8251,2013,'Génie Thermique et Energie','ENSET','2ème année post bac','13.92','Rabat','Réussite'),(1722,8251,2014,'Energies Renouvelables et Efficacité Énergétique','EST','3ème année post bac','14.92','Fes','Réussite'),(1723,8252,2018,'Sciences Mathématiques et Applications','Faculté des Sciences Rabat','3ème année post bac','10,71','Rabat','Réussite'),(1724,7645,2019,'physique energetique','fs sciences semlalia','1ème année post bac','13.55','marrakech','Réussite'),(1728,8256,2016,'Génie civil','Institut spécialisé des travaux publics','1ème année post bac','15.59','Agadir','Réussite'),(1729,8256,2017,'Génie civil','Institut spécialisé des travaux publics','2ème année post bac','15.59','Agadir','Réussite'),(1730,8256,2019,'Génie civil','Faculté de sciences Ain shock','3ème année post bac','14.36','Casablanca','Réussite'),(1735,8258,2019,'Géologie Appliquée','Faculté de sciences Semlaliya','3ème année post bac','11,441','Marrakech','Réussite'),(1736,8255,2017,'droit privé section française','FSJES Meknès','1ème année post bac','11.82','Meknès','Réussite'),(1737,8255,2018,'droit privé section française','FSJES Meknès','2ème année post bac','12.33','Meknès','Réussite'),(1738,8255,2019,'droit privé section française','FSJES Meknès','3ème année post bac','13.25','Meknès','Réussite'),(1739,8259,2019,'Licence Professionnel Agroressources Végétales et Entrepreneuriat','Université Cheikh Anta Diop de Dakar','3ème année post bac','non disponible','Dakar','En cours'),(1740,8259,2018,'Licence 3 en Biologie, Chimie et Géosciences/ Sciences de la vie et de la terre','Université Cheikh Anta Diop de Dakar','2ème année post bac','10.02','Dakar','Réussite'),(1741,8259,2017,'Licence 3 en Biologie, Chimie et Géosciences/ Sciences de la vie et de la terre','Université Cheikh Anta Diop de Dakar','1ème année post bac','pas disponible','Dakar','Echec'),(1743,7853,2016,'STU','FS AGADIR','1ème année post bac','12.19','AGADIR','Réussite'),(1744,7853,2018,'STU','FS AGADIR','2ème année post bac','13.43','AGADIR','Réussite'),(1745,7853,2019,'STU','FS AGADIR','3ème année post bac','12.5','AGADIR','En cours'),(1746,8260,2015,'licence en agronomie/Génie Rurale','Ecole supérieure et technique d\'ingénierie en agronome et milieu rural','1ème année post bac','13.26','Leon, Espagne','Réussite'),(1747,8261,2019,'sciences de la vie et de la terre','Ecole Normale Supérieure','3ème année post bac','11.44','rabat','Réussite'),(1749,8013,2017,'mathématiques informatique physique','fst settat','1ème année post bac','11.44','settat','Réussite'),(1750,8013,2018,'mathématiques informatique physique','fst settat','2ème année post bac','9.915','settat','Réussite'),(1751,8013,2019,'mathématiques','ens rabat','3ème année post bac','12.065','rabat','Réussite'),(1752,8262,2019,'MÉTROLOGIE QUALITÉ SÉCURITÉ ENVIRONNEMENT','ES','3ème année post bac','14.22','SAFI','Réussite'),(1753,8231,2015,'techniciens spécialisé en topographie','institut des techniciens spécialisé en génie rural et topographie','1ème année post bac','14.03','MEKNES','Réussite'),(1754,8231,2016,'techniciens spécialisé en topographie','institut des techniciens spécialisé en génie rural et topographie','2ème année post bac','14.85','MEKNES','Réussite'),(1755,8231,2018,'cartographie géologie et géomatique','école normale supérieure','3ème année post bac','12.06','RABAT','Réussite'),(1756,8264,2014,'sciences mathématiques A','ibn soulaiman roudani','1ème année post bac','11.04','taroudant','Réussite'),(1757,8264,2018,'sciences mathématiques et applications','ibn zohr','2ème année post bac','10.17','Agadir','Réussite'),(1758,8264,2019,'sciences mathématiques et applications','ibn zohr','3ème année post bac','11.25','Agadir','Réussite'),(1760,8266,2017,'Mathématiques informatiques physiques','Faculté des science et techniques d\'Errachidia','1ème année post bac','10.58','Errachidia','Réussite'),(1761,8266,2018,'Deust Mathématiques informatiques physiques','Faculté des science et techniques d\'Errachidia','2ème année post bac','10.28','Errachidia','Réussite'),(1762,8266,2019,'Physique-Energétique','Faculté des science et techniques d\'Errachidia','3ème année post bac','12.23','Errachidia','Réussite'),(1763,8161,2015,'Topographie','Institut des techniciens spécialisés en génie rural et topographie','1ème année post bac','14.21','Meknes','Réussite'),(1764,8161,2016,'Topographie','Institut des techniciens spécialisés en génie rural et topographie','2ème année post bac','15.37','Meknes','Réussite'),(1765,8161,2019,'Cartographie, géologie et géomatique','Ecole Normale Supérieure','3ème année post bac','12.65','Rabat','Réussite'),(1767,8143,2017,'Urbanisme','Institut national d\'aménagement et d\'urbanisme','1ème année post bac','12,41','Rabat','Réussite'),(1770,8143,2018,'Urbanisme','Institut national d\'aménagement et d\'urbanisme','2ème année post bac','12,94','Rabat','Réussite'),(1771,8269,2017,'Science économique et gestion','Faculté des sciences juridiques et économiques Agdal','1ème année post bac','10.96','Rabat','Réussite'),(1772,8143,2019,'Urbanisme','Institut national d\'aménagement et d\'urbanisme','3ème année post bac','14,95','Rabat','Réussite'),(1773,8269,2018,'Science économique et gestion','Faculté des sciences juridiques et économiques Agdal','2ème année post bac','10.25','Rabat','Réussite'),(1774,8269,2019,'Administration et gestion des entreprises','Faculté des sciences juridiques et économiques Agdal','3ème année post bac','12.96','Rabat','Réussite'),(1777,8270,2018,'Science Mathématique-Informatique','Abdelmalek Essaâdi','2ème année post bac','11.05','Tétouan','Réussite'),(1779,8271,2017,'SMPC','faculté polydisciplinaire','1ème année post bac','10.893','Beni Mellal','Réussite'),(1780,8271,2018,'SMP','faculté polydisciplinaire','2ème année post bac','10.104','Beni Mellal','Réussite'),(1781,8271,2019,'SMP - parcours : Electronique','faculté polydisciplinaire','3ème année post bac','pas encore','Beni Mellal','En cours'),(1785,8274,2016,'Mathématiques','Ecole normale supérieure','1ème année post bac','11.15','Fes','Réussite'),(1786,8274,2018,'Mathématiques','Ecole normale supérieure','2ème année post bac','11.58','Fes','Réussite'),(1787,8274,2019,'Mathématiques','Ecole normale supérieure','3ème année post bac','11.40','Fes','En cours'),(1789,8275,2019,'LSTMA','FACULTE DES SCIENCES ET TECHNIQUES ERRACHIDIA','3ème année post bac','12','ARFOUD','En cours'),(1791,8275,2018,'MIP','FACULTE DES SCIENCES ET TECHNIQUES ERRACHIDIA','2ème année post bac','12,01','ARFOUD','Réussite'),(1792,8275,2017,'MIP','FACULTE DES SCIENCES ET TECHNIQUES ERRACHIDIA','1ème année post bac','12,075','ARFOUD','Réussite'),(1793,8270,2017,'science Mathématique-Informatique et Application','Moulay Ismail','1ème année post bac','10.31','Meknes','Réussite'),(1794,8276,2012,'Gestion et Maîtrise de l\'Eau','Institut des Techniciens Spécialisés en Mécanique Agricole et l\'Equipement Rural de BOUKNADEL','1ème année post bac','14.197','Salé','Réussite'),(1795,8276,2013,'Gestion et Maîtrise de l\'Eau','Institut des Techniciens Spécialisés en Mécanique Agricole et l\'Equipement Rural de BOUKNADEL','2ème année post bac','13.715','Salé','Réussite'),(1796,8270,2019,'Science Mathématique-Informatique','Abdelmalek Essaâdi','3ème année post bac','en cours','Tétouan','En cours'),(1797,8277,2019,'SYSTEME INFORMATIQUE EMBARQUEE','Faculté des Sciences Appliquées - Ait Melloul','3ème année post bac','13.07','AGADIR','Réussite'),(1798,8277,2013,'TECHNIQUE DES RESEAUX INFORMATIQUE','ISTA','1ème année post bac','12.27','LAAYOUNE','Réussite'),(1799,8277,2014,'TECHNIQUE DES RESEAUX INFORMATIQUE','ISTA','2ème année post bac','15.83','LAAYOUNE','Réussite'),(1800,8276,2014,'Gestion d\'Assainissement Liquide en Milieu Urbain','Faculté des Sciences Ain Chok','3ème année post bac','13.96','Casablanca','Réussite'),(1801,8278,2015,'GESTION DE LA PRODUCTION','ESITH','1ème année post bac','14.81','CASABLANCA','En cours'),(1802,8278,2016,'GESTION DE LA PRODUCTION','ESITH','2ème année post bac','11.55','CASABLANCA','En cours'),(1803,8278,2017,'GESTION DE LA PRODUCTION','ESITH','3ème année post bac','10.74','CASABLANCA','Réussite'),(1804,8280,2017,'Génie agrobiologique','Ecole supérieure de technologie de Laayoune','1ème année post bac','13.28','Laâyoune','Réussite'),(1805,8280,2018,'Génie agrobiologique','Ecole supérieure de technologie de Laayoune','2ème année post bac','15.72','Laâyoune','Réussite'),(1806,8280,2019,'Modélisation et gestion de l\'environnement','Ecole supérieure de technologie d\'Essaouira','3ème année post bac','14.006','Laâyoune','Réussite'),(1807,8238,2019,'mathématiques','Ecole Normale Supérieure','3ème année post bac','12.26','CASABLANCA','Réussite'),(1808,8238,2017,'Mathématiques','Ecole Normale Supérieure','1ème année post bac','10.68','Casablanca','Réussite'),(1809,8238,2018,'Mathématiques','Ecole Normale Supérieure','2ème année post bac','11.35','Casablanca','Réussite'),(1811,8281,2017,'MANAGEMENT','EST FES','1ème année post bac','12.204','FES','Réussite'),(1812,8281,2018,'MANAGEMENT','EST FES','2ème année post bac','13.017','FES','Réussite'),(1814,8282,2002,'MANAGEMENT CULTUREL','UNIVERSITE HASSAN II MOHAMMEDIA','2ème année post bac','13.81','MOHAMMEDIA','Réussite'),(1815,8282,2014,'MANAGEMENT PUBLIC','ISCAE','1ème année post bac','14','RABAT','En cours'),(1816,7560,2010,'Géométrie Topographie','ISTA Témara','1ème année post bac','12.76','Témara','Réussite'),(1817,7560,2011,'Géométrie Topographie','ISTA Témara','2ème année post bac','12.38','Témara','Réussite'),(1818,8265,2019,'éléctronique et télécommunication','faculté des science appliques ait melloul agadir','3ème année post bac','12.20','AGADIR','Réussite'),(1820,8287,2017,'Mathématique Informatique Physique','Faculté des sciences et techniques Errachidia','1ème année post bac','11.385','ERRACHIDIA','Réussite'),(1821,8265,2018,'science physique','faculté des science appliques ait melloul agadir','2ème année post bac','14.18','AGADIR','Réussite'),(1822,8287,2018,'Mathématique Informatique Physique','Faculté des sciences et techniques Errachidia','2ème année post bac','13.465','ERRACHIDIA','Réussite'),(1823,8265,2017,'science physique','faculté des science appliques ait melloul agadir','1ème année post bac','11.42','AGADIR','Réussite'),(1824,8287,2019,'Sciences de l\'ingénieur Informatique Industriel','Faculté des sciences et techniques Errachidia','3ème année post bac','15','ERRACHIDIA','Réussite'),(1825,8253,2014,'SVT','Lycée public','1ème année post bac','15.69','Inzgane Ait melloul _AGADIR','Réussite'),(1826,8253,2015,'Génie civil','Institut Spécialisé des Travaux Publics','2ème année post bac','14.33','AGADIR','Réussite'),(1827,8253,2016,'Génie civil','Institut Spécialisé des Travaux Publics','3ème année post bac','14.33','AGADIR','Réussite'),(1828,8289,2019,'Géoressources et Environnement','Faculté des sciences et techniques fès','3ème année post bac','11.55','fès','Réussite'),(1829,7987,2016,'driot privé','universite mohamed V suissi','2ème année post bac','10.50','rabat','Réussite'),(1830,8289,2018,'Biologie-chimie- géologie (BCG)','Faculté des sciences et techniques fès','2ème année post bac','9.78','fès','Réussite'),(1831,8289,2017,'Biologie-chimie- géologie (BCG)','Faculté des sciences et techniques fès','1ème année post bac','10.81','fès','Réussite'),(1832,8290,2015,'Math informatique physique chimie','FSTT','1ème année post bac','11.15','Tanger','Réussite'),(1833,8290,2016,'Math informatique physique chimie','FSTT','2ème année post bac','10','Tanger','Réussite'),(1834,8290,2017,'Génie des procédés','FSTT','3ème année post bac','11.746','Tanger','Réussite'),(1835,8293,2014,'Techniques de Managament','Ecole Supérieure de Technologie','1ème année post bac','12.22','Laâyoune','Réussite'),(1836,8293,2015,'Techniques de Managament','Ecole Supérieure de Technologie','2ème année post bac','12.17','Laâyoune','Réussite'),(1838,8293,2016,'Techniques Financières et Bancaires','FSJES - Ain Chock','3ème année post bac','11.45','Casablanca','Réussite'),(1839,8291,2013,'topographie','institut des techniciens spécialisés en génie rural et de topographie de Meknés','1ème année post bac','13,50','Meknés','Réussite'),(1840,8291,2014,'topographie','institut des techniciens spécialisés en génie rural et de topographie de Meknés','2ème année post bac','13,27','Meknés','Réussite'),(1841,8291,2016,'cartographie, géologie et géomatique','Ecole normale supérieure; université Mohammed V de Rabat','3ème année post bac','12,16','Rabat','Réussite'),(1842,8294,2009,'ELECTROTECHNIQUE','Lycée My Abdellah','1ème année post bac','10.79','Sidi Kacem','Réussite'),(1843,8294,2010,'ELECTROTECHNIQUE','Lycée My Abdellah','2ème année post bac','11.27','Sidi Kacem','Réussite'),(1845,8295,2019,'géologie appliquée','fssm','1ème année post bac','passable','marrakech','Réussite'),(1846,8294,2012,'TECHNIQUES DES SYSTÈMES ÉLECTRONIQUES ET INFORMATIQUES','Faculté des Sciences Dhar El Mahraz','3ème année post bac','11.24','Fès','Réussite'),(1847,8285,2017,'Licence génie de l\'eau et de l\'environnement','Facultés des sciences et techniques Mohammedia','1ème année post bac','13.58','Mohammedia','Réussite'),(1848,8285,2018,'Master Science et gestion de l\'environnement','Facultés des sciences et techniques Mohammedia','2ème année post bac','13.22','Mohammedia','Réussite'),(1849,8285,2019,'Master 2  Science et gestion de l\'environnement','Facultés des sciences et techniques Mohammedia','3ème année post bac','14.45','Mohammedia','Réussite'),(1850,8298,2012,'Gestion et maitrise de l\'eau','Institut des techniciens spécialisés en mécanique agricole et équipement rural de Bouknadel','1ème année post bac','12.81','Rabat-Salé','Réussite'),(1851,8298,2013,'Gestion et maitrise de l\'eau','Institut des techniciens spécialisés en mécanique agricole et équipement rural de Bouknadel','2ème année post bac','11.98','Rabat-Salé','Réussite'),(1852,8297,2013,'Topographie','Institut des Techniciens Spécialisés en Génie Rural et Topographie','1ème année post bac','15,15','meknès','Réussite'),(1853,8297,2017,'LP SIG et gestion de l\'espace','Faculté des Lettres et des Sciences Humaines Ibn Tofail','2ème année post bac','11,79','kénitra','Réussite'),(1854,8297,2018,'LP SIG et gestion de l\'espace','Faculté des Lettres et des Sciences Humaines Ibn Tofail','3ème année post bac','13,25','kénitra','Réussite'),(1855,7934,2019,'Diplome licence professionnelle : Système d’information géographique et gestion d’espace (SIG.GE).','Faculté Ibn Tofail Kénitra','3ème année post bac','13,16','kénitra','Réussite'),(1856,7934,2016,'1er année : Diplôme technicien spécialisé géomètre topographe.','Ecole Mohamed 6 de formation dans les métiers  du bâtiment  et des travaux publics Settat.','1ème année post bac','14,19','Settat','Réussite'),(1857,7934,2017,'2éme année : Diplôme technicien spécialisé géomètre topographe.','Ecole Mohamed 6 de formation dans les métiers  du bâtiment  et des travaux publics Settat.','2ème année post bac','15,77','Settat','Réussite'),(1858,7835,2018,'Droit privé','Université Mohammed V, Rabat, Souissi','3ème année post bac','10,52','Rabat','Réussite'),(1860,8300,2017,'Topographie','Institut des Techniciens Spécialisés en Génie Rural et Topographie','1ème année post bac','14,92','meknès','Réussite'),(1861,8300,2018,'LP SIG et gestion de l\'espace','Faculté des Lettres et des Sciences Humaines Ibn Tofail','2ème année post bac','13,08','kénitra','Réussite'),(1862,8300,2019,'LP SIG et gestion de l\'espace','Faculté des Lettres et des Sciences Humaines Ibn Tofail','3ème année post bac','13','kénitra','Réussite'),(1863,8282,2001,'ECONOMIE D\'ENTRPRISE','FACULTE DE DROIT SOUISSI','3ème année post bac','11.33','RABAT','Réussite'),(1864,8302,2010,'technicien topographe','ECOLE PRATIQUE DES MINES DE TOUISSIT','1ème année post bac','13.23','Touissit','Réussite'),(1865,8302,2011,'technicien topographe','ECOLE PRATIQUE DES MINES DE TOUISSIT','2ème année post bac','13.21','Touissit','Réussite'),(1866,8302,2012,'CARTOGRAPHIE ET GEOMATIQUE APPLIQUEE','FACULTE DES SCIENCE D\'AGADIR','3ème année post bac','13.90','AGADIR','Réussite'),(1868,8301,2016,'Géo-Information et Modélisation du Territoire','Faculté des sciences Université Moulay Ismail Meknès','3ème année post bac','11,53','Meknès','Réussite'),(1869,8183,2017,'Sciences Mathématiques et Applications','Faculté des Sciences de Rabat','1ème année post bac','13.095','Rabat','Réussite'),(1870,8183,2018,'Sciences Mathématiques et Applications','Faculté des Sciences de Rabat','2ème année post bac','14.575','Rabat','Réussite'),(1871,8301,2007,'Urbanisme et Architecture','IFTAU - Meknès','2ème année post bac','11,93','Meknès','Réussite'),(1872,8304,2019,'SCIENCES AGROALIMENTAIRES & TECHNIQUES DE COMMERCES','Faculté des Sciences et Techniques D\'ALHOCEIMA','3ème année post bac','13.99','AL HOCEIMA','Réussite'),(1873,8301,2006,'Urbanisme et Architecture','IFTAU - Meknès','1ème année post bac','10,75','Meknès','Réussite'),(1874,8306,2019,'chimie physique','FSA','1ème année post bac','11.7','AGADIR','Réussite'),(1876,8308,2017,'Sciences de la vie et de la terre','Faculté des sciences semlalia','1ème année post bac','10.47','Marrakech','Réussite'),(1878,8308,2018,'Sciences de la terre et univers','Faculté des sciences semlalia','2ème année post bac','12.89','Marrakech','Réussite'),(1879,8308,2019,'Géologie appliquée','Faculté des sciences semlalia','3ème année post bac','12.5','Marrakech','Réussite'),(1880,8307,2019,'Cartographie géologie et géomatique','Ens','3ème année post bac','11.21','Rabat','Réussite'),(1882,8309,2019,'sciences mathématiques et informatique option base de données','faculté des sciences hassan 2 ain chock casablanca','3ème année post bac','11,41','casablanca','Réussite'),(1883,8303,2019,'Biomédicale','Fst béni mellal','3ème année post bac','12.58','Béni mellal','Réussite'),(1884,8303,2018,'Biologie chimie géologie','Fst béni mellal','2ème année post bac','11.69','Béni mellal','Réussite'),(1885,8303,2017,'Biologie chimie géologie','Fst béni mellal','1ème année post bac','11.69','Béni mellal','Réussite'),(1886,8183,2019,'Sciences Mathématiques et Applications','Faculté des Sciences de Rabat','3ème année post bac','En cours','Rabat','En cours'),(1887,8311,2019,'GESTION INFORMATISEE DES ORGANISATIONS','faculté des sciences juridiques economiques et sociales','3ème année post bac','14.25','meknes','Réussite'),(1888,8311,2016,'gestion des entreprises','institut spécialisé de technologie appliquée','2ème année post bac','11.23','ERRACHIDIA','Réussite'),(1889,8311,2017,'gestion des entreprises','institut spécialisé de technologie appliquée','1ème année post bac','11.23','ERRACHIDIA','Réussite'),(1890,7849,2019,'Bilogie végétal appliquer','FST','3ème année post bac','Pas encore','errachidia','Réussite'),(1891,7974,2019,'Science de la vie','Faculté des sciences Agadir','3ème année post bac','11.52','Agadir','Réussite'),(1892,8315,2016,'Géographie','faculté des lettres et science Humaine meknes','3ème année post bac','10.63','Meknes','Réussite'),(1899,8322,2012,'sciences experimentales','université cheikh anta diop','1ème année post bac','10','dakar','Réussite'),(1900,8322,2013,'sciences experimentales','université cheikh anta diop','2ème année post bac','14','dakar','Réussite'),(1901,8322,2016,'licence professionnelle géometre topographe','université de thies','3ème année post bac','14','thies','Réussite'),(1902,7994,2015,'sciences de la Terre et de l\'Univers','Université IBN ZOHR FACULTE DES SCIENCES AGADIR','1ème année post bac','11.68','Agadir','Réussite'),(1903,7994,2018,'Sciences de la Terre et de l\'Univers','Université IBN ZOHR FACULTE DES SCIENCES AGADIR','2ème année post bac','10.91','Agadir','Réussite'),(1904,7994,2019,'Sciences De La Terre Et De L\'Univers , option Ressources en eau','Université IBN ZOHR FACULTE DES SCIENCES AGADIR','3ème année post bac','13.12','Agadir','Réussite'),(1905,8324,2019,'MANAGEMENT DE LA LOGISTIQUE ET DE LA QUALITE','FACULTE DES SCIENCES JURIDIQUES ECONOMIQUES ET SOCIALES','3ème année post bac','15.88','TANGER','Réussite'),(1906,8324,2016,'GESTION DES ENTREPRISES','CENTRE DE FORMATION MIXTE','1ème année post bac','16.87','TANGER','Réussite'),(1907,8324,2017,'GESTION DES ENTREPRISES','CENTRE DE FORMATION MIXTE','2ème année post bac','16.32','TANGER','Réussite'),(1908,8323,2018,'Sciences de la vie','Chouaib Doukkali','2ème année post bac','12,235','El Jadida','Réussite'),(1909,8323,2019,'Biologie végétale','Chouaib Doukkali','3ème année post bac','En cours','El Jadida','En cours'),(1910,8323,2017,'Sciences de la Vie et de la terre','Chouaib Doukkali','1ème année post bac','14,779','El Jadida','Réussite'),(1915,8325,2012,'LP en Géo-Information et Modélisation du territoire','Faculté des Sciences Meknès','3ème année post bac','12.55','Meknès','Réussite'),(1916,8325,2010,'DTS en Topographie','ITSGRT MEKNES','1ème année post bac','13.96','Meknès','Réussite'),(1917,8325,2011,'DTS en Topographie','ITSGRT MEKNES','2ème année post bac','13.53','Meknès','Réussite'),(1919,8326,2016,'Aménagement et Urbanisme','Institut National d\'Aménagement et d\'Urbanisme','1ème année post bac','12,24','Rabat','Réussite'),(1920,8326,2017,'Aménagement et Urbanisme','Institut National d\'Aménagement et d\'Urbanisme','2ème année post bac','11,89','Rabat','Réussite'),(1921,8326,2019,'Aménagement et Urbanisme','Institut National d\'Aménagement et d\'Urbanisme','3ème année post bac','12,87','Rabat','Réussite'),(1923,8327,2015,'MIP','FST','1ème année post bac','10.42','ERRACHIDIA','Réussite'),(1924,8327,2016,'MIP','FST','2ème année post bac','11.28','ERRACHIDIA','Réussite'),(1925,8327,2017,'science d\'ingenieur option;mécanique des fluides et transferts thermiques','FST','3ème année post bac','12.49','ERRACHIDIA','Réussite'),(1926,8328,2019,'Sciences de la vie','faculté des sciences Sidi Mohamed ben Abdallah','1ème année post bac','10.67','Fes','Réussite'),(1928,8329,2018,'Science Mathématiques et Informatique','La Faculté des Sciences Dhar El Mahraz Fés','2ème année post bac','10.02','Fés','Réussite'),(1929,8329,2019,'Science Mathématiques et Informatique','La Faculté des Sciences Dhar El Mahraz Fés','3ème année post bac','14.945','Fés','Réussite'),(1930,8329,2017,'Science Mathématiques et Informatique','La Faculté des Sciences Dhar El Mahraz Fés','1ème année post bac','10.955','Fés','Réussite'),(1932,8331,2017,'Sciences de la vie, la terre et l’univers','Faculté des sciences Chouaib Doukkali','1ème année post bac','13.023','El Jadida','Réussite'),(1933,8331,2018,'Sciences de la terre et l’univers','Faculté des sciences Chouaib Doukkali','2ème année post bac','12.445','El Jadida','Réussite'),(1934,8331,2019,'géosciences de surface et subsurface','Faculté des sciences Chouaib Doukkali','3ème année post bac','12.842','El Jadida','En cours'),(1935,8332,2019,'Génie de l\'eau et de l\'environnement','Faculté des sciences techniques','3ème année post bac','assez-bien','Mohammedia','Réussite'),(1936,8333,2017,'Génie rural / géstion et maitrise de l\'eau','institut des techniciens spécialisés en mécanique agricole et equipement rural de bouknadel','1ème année post bac','15.06','sale','Réussite'),(1937,8333,2018,'Génie rural / géstion et maitrise de l\'eau','institut des techniciens spécialisés en mécanique agricole et equipement rural de bouknadel','2ème année post bac','15.06','sale','Réussite'),(1938,8335,2018,'SOIN INFIRMIER','institut supérieur des professions infirmières et techniques de santé','1ème année post bac','12.21','casablanca','Réussite'),(1939,8335,2019,'SOIN INFIRMIER','institut supérieur des professions infirmières et techniques de santé','2ème année post bac','12.43','casablanca','Réussite'),(1940,8335,2017,'SOIN INFIRMIER','institut supérieur des professions infirmières et techniques de santé','3ème année post bac','13.24','casablanca','Réussite'),(1941,8336,2019,'chimie','faculté polydisciplinaire','3ème année post bac','12.07','khouribga','Réussite'),(1942,7510,2015,'economie d\'entreprise','faculté poly-desciplinaire de taroudant','1ème année post bac','10.84','taroudant','Réussite'),(1943,7510,2016,'economie d\'entreprise','faculté poly-desciplinnaire de taroudant','2ème année post bac','10.56','taroudant','Réussite'),(1944,7510,2017,'economie d\'entreprise','faculté poly-desciplinnaire de taroudant','3ème année post bac','11.74','taroudant','Réussite'),(1945,8337,2017,'Sciences mathématiques et applications','Faculté des sciences AGADIR','1ème année post bac','12.83','AGADIR','Réussite'),(1946,8337,2018,'Sciences mathématiques et applications','Faculté des sciences AGADIR','2ème année post bac','12.22','AGADIR','Réussite'),(1948,8337,2019,'Sciences mathématiques et applications','Faculté des sciences AGADIR','3ème année post bac','12.16','AGADIR','Réussite'),(1951,8318,1997,'Droit public','Université My Ismail Faculté des sciences juridiques, économiques et sociales','1ème année post bac','12.38','Meknès','Réussite'),(1952,8318,1998,'Droit public/Relations Internationales','Université My Ismail Faculté des sciences juridiques, économiques et sociales','2ème année post bac','11.52','Meknès','Réussite'),(1953,8318,2004,'Sciences économiques','Université Paris III','3ème année post bac','11.6','Paris','Réussite'),(1954,8339,2017,'MATH INFORMATIQUE','FACULTE SIDI MOHAMMED BEN ABDELLAH FES','1ème année post bac','13.23','FES','Réussite'),(1955,8339,2018,'MATH INFORMATIQUE','FACULTE SIDI MOHAMMED BEN ABDELLAH FES','2ème année post bac','14.47','FES','Réussite'),(1956,8339,2019,'MATH INFORMATIQUE','FACULTE SIDI MOHAMMED BEN ABDELLAH FES','3ème année post bac','14.61','FES','Réussite'),(1958,7639,2017,'Sciences Mathématiques Informatique Et Applications','FACULTÉ POLYDISCIPLINAIRE - OUARZAZATE IBN ZOHR','1ème année post bac','10.43','OUARZAZATE','Réussite'),(1961,7639,2019,'Sciences Mathématiques Informatique Et Applications','FACULTÉ POLYDISCIPLINAIRE - OUARZAZATE IBN ZOHR','3ème année post bac','12.46','OUARZAZATE','Réussite'),(1962,7639,2018,'Sciences Mathématiques Informatique Et Applications','FACULTÉ POLYDISCIPLINAIRE - OUARZAZATE IBN ZOHR','2ème année post bac','11.00','OUARZAZATE','Réussite'),(1963,8342,2015,'Sciences Mathématique','Elmaghrib El Arabi','2ème année post bac','passable','EL KELAA DES SRAGHNA','Réussite'),(1965,8343,2017,'BATIMENT','Lycée Hassan II - Marrakech','1ème année post bac','14.31','MARRAKECH','Réussite'),(1966,8343,2018,'BATIMENT','Lycée Hassan II - Marrakech','2ème année post bac','14.31','MARRAKECH','Réussite'),(1967,8343,2019,'GENIE CIVIL','UNIVERSITE INTERNATIONAL D\'AGADIR','3ème année post bac','14.73','AGADIR','Réussite'),(1970,8346,2019,'Gestion','institut national de l\'action sociale','3ème année post bac','15.18','Tanger','Réussite'),(1972,8346,2018,'Gestion','institut national de l\'action sociale','2ème année post bac','13.92','Tanger','Réussite'),(1973,8346,2017,'Gestion','institut national de l\'action sociale','1ème année post bac','12.40','Tanger','Réussite'),(1976,7821,2019,'SMPC','FACULTÉ DES SILENCES','1ème année post bac','13,96','El Jadida','Réussite'),(1977,7821,2018,'SMP','FACULTÉ DES SILENCES','2ème année post bac','13,25','El Jadida','Réussite'),(1978,7501,2019,'MH','test','1ème année post bac','12','CASABLANCA','En cours'),(1979,7501,2018,'MH','test','2ème année post bac','12','Rabat','Réussite'),(1980,7501,2017,'cdcd','dcdc','3ème année post bac','12','CASABLANCA','Réussite'),(1981,8349,2019,'Géosciences Appliquées','FSTE','3ème année post bac','12.15','Errachidia','Réussite'),(1982,8349,2018,'Biologi, Chimie et Géologie','FSTE','1ème année post bac','12.03','Errachidia','Réussite'),(1983,8349,2017,'Biologi, Chimie et Géologie','FSTE','2ème année post bac','12.94','Errachidia','Réussite'),(1984,7908,2017,'chimie','faculté des sciences semlalia Marrakech','3ème année post bac','10.897','MARRAKECH','Réussite'),(1985,8320,2014,'Topographie','Institut des techniciens spécialisés en topographie et genie rurale','1ème année post bac','14,47','Meknes','Réussite'),(1986,8320,2015,'Topographie','Institut des techniciens spécialisés en topographie et genie rurale','2ème année post bac','14.10','Meknes','Réussite'),(1987,8320,2016,'licence professionnelle en cartographie géologie et geomatique','ecole normal supérieur','3ème année post bac','12,58','Rabat','Réussite'),(1988,8364,2019,'MATH','ESTB','1ème année post bac','12','Casablanca','En cours'),(1989,8365,2019,'electricite','emi','1ème année post bac','14','rabat','En cours'),(1990,8365,2015,'electricite','emi','2ème année post bac','14.5','rabat','Réussite'),(1991,8365,2016,'electricite','emi','3ème année post bac','14','rabat','Réussite'),(1992,8366,2014,'Ndkddbdb','Bdjdj','3ème année post bac','Jdjdkd','Bxjkkd','En cours'),(1993,8368,2019,'test','sqdqs','Doctorat ou diplôme équivalent','sdfs','sqdqs',''),(1994,8369,2014,'Topo','FSGIT','Master ou diplôme équivalent','Tres bien','Rabat','');

--
-- Table structure for table `training_type`
--

CREATE TABLE `training_type` (
  `id` int(11) NOT NULL AUTO_INCREMENT,
  `name` varchar(255) COLLATE utf8_unicode_ci NOT NULL,
  PRIMARY KEY (`id`),
  UNIQUE KEY `UNIQ_8344106A5E237E06` (`name`)
) ENGINE=InnoDB AUTO_INCREMENT=7 DEFAULT CHARSET=utf8 COLLATE=utf8_unicode_ci;

--
-- Dumping data for table `training_type`
--

INSERT INTO `training_type` VALUES (6,'Master');

--
-- Table structure for table `user_diploma_type`
--

CREATE TABLE `user_diploma_type` (
  `user_id` int(11) NOT NULL,
  `diploma_type_id` int(11) NOT NULL,
  PRIMARY KEY (`user_id`,`diploma_type_id`),
  KEY `IDX_8011216DA76ED395` (`user_id`),
  KEY `IDX_8011216DD2BDC45D` (`diploma_type_id`),
  CONSTRAINT `FK_8011216DA76ED395` FOREIGN KEY (`user_id`) REFERENCES `users` (`id`),
  CONSTRAINT `FK_8011216DD2BDC45D` FOREIGN KEY (`diploma_type_id`) REFERENCES `diploma_type` (`id`)
) ENGINE=InnoDB DEFAULT CHARSET=utf8 COLLATE=utf8_unicode_ci;

--
-- Dumping data for table `user_diploma_type`
--

INSERT INTO `user_diploma_type` VALUES (8364,9),(8365,9),(8366,9),(8367,9),(8368,9),(8369,9);


